000
CXUS55 KVEF 170940
CF6IGM
PRELIMINARY LOCAL CLIMATOLOGICAL DATA (WS FORM: F-6)

                                          STATION:   KINGMAN AZ
                                          MONTH:     JUNE
                                          YEAR:      2019
                                          LATITUDE:   35 16 N
                                          LONGITUDE: 113 57 W

  TEMPERATURE IN F:       :PCPN:    SNOW:  WIND      :SUNSHINE: SKY     :PK WND
================================================================================
1   2   3   4   5  6A  6B    7    8   9   10  11  12  13   14  15   16   17  18
                                     12Z  AVG MX 2MIN
DY MAX MIN AVG DEP HDD CDD  WTR  SNW DPTH SPD SPD DIR MIN PSBL S-S WX    SPD DR
================================================================================

 1  87  56  72  -2   0   7 0.00    M    0 11.0 29 210   M    M   0        37 190
 2  85  54  70  -4   0   5 0.00    M    M 12.3 25 140   M    M   0        39 230
 3  88  55  72  -2   0   7 0.00  0.0    M  6.6 16 250   M    M   1        22 210
 4  95  54  75   1   0  10 0.00    M    M  7.8 24  90   M    M   0        31  90
 5  98  62  80   5   0  15 0.00  0.0    0  7.4 21 210   M    M   0        30 260
 6  95  66  81   6   0  16 0.00    M    M 14.2 29 220   M    M   0        35 210
 7  91  65  78   3   0  13 0.00    M    M 13.5 32 200   M    M   0        39 190
 8  91  63  77   1   0  12 0.00    M    M 10.7 21 260   M    M   0        27 230
 9  91  60  76   0   0  11 0.00    M    M 11.6 21 340   M    M   0        30  20
10  98  58  78   2   0  13 0.00    M    0  8.7 28 220   M    M   0        40 220
11 100  58  79   3   0  14 0.00    M    M  4.5 18  10   M    M   0 8      24 240
12 103  63  83   6   0  18 0.00    M    0  4.6 21 220   M    M   0        27 220
13 101  73  87  10   0  22 0.00    M    0 15.3 32 210   M    M   0        40 190
14  94  63  79   2   0  14 0.00    M    M 11.2 26 250   M    M   0        36 250
15  98  65  82   4   0  17 0.00    M    M 10.5 21 210   M    M   0        33 240
16  97  70  84   6   0  19 0.00    M    M 12.6 28 230   M    M   0        35 230
================================================================================
SM 1512  985         0 213  0.00     0.0 162.5          M        1
================================================================================
AV 94.5 61.6                              10.2 FASTST   M    M   0    MAX(MPH)
                                 MISC ---->  # 32 200               # 40  220
================================================================================
NOTES:
# LAST OF SEVERAL OCCURRENCES

COLUMN 17 PEAK WIND IN M.P.H.

PRELIMINARY LOCAL CLIMATOLOGICAL DATA (WS FORM: F-6) , PAGE 2

                                          STATION:  KINGMAN AZ
                                          MONTH:    JUNE
                                          YEAR:     2019
                                          LATITUDE:   35 16 N
                                          LONGITUDE: 113 57 W

[TEMPERATURE DATA]      [PRECIPITATION DATA]       SYMBOLS USED IN COLUMN 16

AVERAGE MONTHLY: 78.0   TOTAL FOR MONTH:   0.00    1 = FOG OR MIST
DPTR FM NORMAL:   2.3   DPTR FM NORMAL:   -0.01    2 = FOG REDUCING VISIBILITY
HIGHEST:   103 ON 12    GRTST 24HR  0.00 ON 16-16      TO 1/4 MILE OR LESS
LOWEST:     54 ON  4, 2                            3 = THUNDER
                        SNOW, ICE PELLETS, HAIL    4 = ICE PELLETS
                        TOTAL MONTH:   0.0 INCH    5 = HAIL
                        GRTST 24HR     0.0         6 = FREEZING RAIN OR DRIZZLE
                        GRTST DEPTH:   0           7 = DUSTSTORM OR SANDSTORM:
                                                       VSBY 1/2 MILE OR LESS
                                                   8 = SMOKE OR HAZE
[NO. OF DAYS WITH]      [WEATHER - DAYS WITH]      9 = BLOWING SNOW
                                                   X = TORNADO
MAX 32 OR BELOW:   0    0.01 INCH OR MORE:   0
MAX 90 OR ABOVE:  13    0.10 INCH OR MORE:   0
MIN 32 OR BELOW:   0    0.50 INCH OR MORE:   0
MIN  0 OR BELOW:   0    1.00 INCH OR MORE:   0

[HDD (BASE 65) ]
TOTAL THIS MO.     0    CLEAR  (SCALE 0-3)  16
DPTR FM NORMAL     0    PTCLDY (SCALE 4-7)   0
TOTAL FM JUL 1  3111    CLOUDY (SCALE 8-10)  0
DPTR FM NORMAL    11

[CDD (BASE 65) ]
TOTAL THIS MO.   213
DPTR FM NORMAL    38    [PRESSURE DATA]
TOTAL FM JAN 1   300    HIGHEST SLP M ON M
DPTR FM NORMAL   -73    LOWEST  SLP 29.60 ON 13

[REMARKS]
