000
CXUS51 KPHI 190800
CF6ILG
PRELIMINARY LOCAL CLIMATOLOGICAL DATA (WS FORM: F-6)

                                          STATION:   WILMINGTON DE
                                          MONTH:     JULY
                                          YEAR:      2018
                                          LATITUDE:   39 40 N
                                          LONGITUDE:  75 36 W

  TEMPERATURE IN F:       :PCPN:    SNOW:  WIND      :SUNSHINE: SKY     :PK WND
================================================================================
1   2   3   4   5  6A  6B    7    8   9   10  11  12  13   14  15   16   17  18
                                     12Z  AVG MX 2MIN
DY MAX MIN AVG DEP HDD CDD  WTR  SNW DPTH SPD SPD DIR MIN PSBL S-S WX    SPD DR
================================================================================

 1  94  72  83   7   0  18 0.00  0.0    0  7.0 16 160   M    M   0        18 160
 2  95  74  85   9   0  20 0.00  0.0    0  6.2 18 170   M    M   0 1      22 170
 3  95  75  85   9   0  20 0.46  0.0    0  6.8 21  10   M    M   1 138    27  10
 4  90  74  82   6   0  17 0.00  0.0    0  6.2 20 170   M    M   1 1      23 170
 5  90  77  84   8   0  19 0.25  0.0    0  8.4 23 170   M    M   4 18     27 160
 6  84  69  77   0   0  12 0.02  0.0    0  9.1 20 290   M    M   3 13     23  20
 7  80  63  72  -5   0   7 0.00  0.0    0  9.9 20  60   M    M   0        26  60
 8  85  57  71  -6   0   6 0.00  0.0    0  5.8 17 160   M    M   0        20 150
 9  87  57  72  -5   0   7 0.00  0.0    0  6.5 18 160   M    M   0        20 160
10  95  64  80   3   0  15 0.00  0.0    0  5.1 16 310   M    M   0        21 310
11  92  72  82   5   0  17 0.00  0.0    0  9.0 16 350   M    M   3        22  20
12  86  65  76  -1   0  11 0.00  0.0    0  7.2 20 160   M    M   3        23 160
13  86  65  76  -1   0  11 0.00  0.0    0  7.5 18 150   M    M   2        23 150
14  91  64  78   1   0  13 0.00  0.0    0  7.4 20 250   M    M   0        24 260
15  82  70  76  -1   0  11 0.24  0.0    0  5.7 22  20   M    M   2 13     26 360
16  95  70  83   6   0  18 0.00  0.0    0  7.2 21 170   M    M   1 1      24 170
17  94  71  83   6   0  18 0.38  0.0    0  8.1 30 320   M    M   3 13     40 310
18  88  68  78   1   0  13 0.00  0.0    0  8.8 16 350   M    M   3        21 350
================================================================================
SM 1609 1227         0 253  1.35     0.0 131.9          M       26
================================================================================
AV 89.4 68.2                               7.3 FASTST   M    M   1    MAX(MPH)
                                 MISC ---->  # 30 320               # 40  310
================================================================================
NOTES:
# LAST OF SEVERAL OCCURRENCES

COLUMN 17 PEAK WIND IN M.P.H.

PRELIMINARY LOCAL CLIMATOLOGICAL DATA (WS FORM: F-6) , PAGE 2

                                          STATION:  WILMINGTON DE
                                          MONTH:    JULY
                                          YEAR:     2018
                                          LATITUDE:   39 40 N
                                          LONGITUDE:  75 36 W

[TEMPERATURE DATA]      [PRECIPITATION DATA]       SYMBOLS USED IN COLUMN 16

AVERAGE MONTHLY: 78.8   TOTAL FOR MONTH:   1.35    1 = FOG OR MIST
DPTR FM NORMAL:   2.1   DPTR FM NORMAL:   -1.34    2 = FOG REDUCING VISIBILITY
HIGHEST:    95 ON 16,10 GRTST 24HR  0.46 ON  3- 3      TO 1/4 MILE OR LESS
LOWEST:     57 ON  9, 8                            3 = THUNDER
                        SNOW, ICE PELLETS, HAIL    4 = ICE PELLETS
                        TOTAL MONTH:   0.0 INCH    5 = HAIL
                        GRTST 24HR     0.0         6 = FREEZING RAIN OR DRIZZLE
                        GRTST DEPTH:   0           7 = DUSTSTORM OR SANDSTORM:
                                                       VSBY 1/2 MILE OR LESS
                                                   8 = SMOKE OR HAZE
[NO. OF DAYS WITH]      [WEATHER - DAYS WITH]      9 = BLOWING SNOW
                                                   X = TORNADO
MAX 32 OR BELOW:   0    0.01 INCH OR MORE:   5
MAX 90 OR ABOVE:  10    0.10 INCH OR MORE:   4
MIN 32 OR BELOW:   0    0.50 INCH OR MORE:   0
MIN  0 OR BELOW:   0    1.00 INCH OR MORE:   0

[HDD (BASE 65) ]
TOTAL THIS MO.     0    CLEAR  (SCALE 0-3)  16
DPTR FM NORMAL     0    PTCLDY (SCALE 4-7)   2
TOTAL FM JUL 1     0    CLOUDY (SCALE 8-10)  0
DPTR FM NORMAL     0

[CDD (BASE 65) ]
TOTAL THIS MO.   253
DPTR FM NORMAL    41    [PRESSURE DATA]
TOTAL FM JAN 1   611    HIGHEST SLP M ON M
DPTR FM NORMAL    89    LOWEST  SLP 29.76 ON 17

[REMARKS]
