000
CXUS52 KILM 241000
CF6ILM
PRELIMINARY LOCAL CLIMATOLOGICAL DATA (WS FORM: F-6)

                                          STATION:   WILMINGTON NORTH CAROLINA
                                          MONTH:     APRIL
                                          YEAR:      2019
                                          LATITUDE:   34 16 N
                                          LONGITUDE:  77 55 W

  TEMPERATURE IN F:       :PCPN:    SNOW:  WIND      :SUNSHINE: SKY     :PK WND
================================================================================
1   2   3   4   5  6A  6B    7    8   9   10  11  12  13   14  15   16   17  18
                                     12Z  AVG MX 2MIN
DY MAX MIN AVG DEP HDD CDD  WTR  SNW DPTH SPD SPD DIR MIN PSBL S-S WX    SPD DR
================================================================================

 1  55  40  48 -11  17   0 0.00  0.0    0 11.7 20  50   M    M   0        26 350
 2  49  40  45 -15  20   0 1.10  0.0    0 14.3 30 330   M    M   9 1      38 340
 3  68  36  52  -8  13   0 0.00  0.0    0  6.1 16 180   M    M   0 1      19 180
 4  72  45  59  -1   6   0 0.00  0.0    0  4.5 16 170   M    M   0        21 160
 5  64  54  59  -1   6   0 0.82  0.0    0  9.6 21 100   M    M   7 1      30 110
 6  70  56  63   2   2   0 0.05  0.0    0  6.1 16 330   M    M  10 1      18 320
 7  71  50  61   0   4   0 0.00  0.0    0  4.2 13 100   M    M   5 12     26 200
 8  84  59  72  11   0   7 0.00  0.0    0 10.7 24 210   M    M   4 1      32 200
 9  78  66  72  11   0   7 0.04  0.0    0  9.4 20 270   M    M   6 1      24 280
10  74  61  68   6   0   3 0.00  0.0    0  9.2 21  90   M    M   1        26  70
11  76  60  68   6   0   3 0.00  0.0    0 10.1 21 100   M    M   1        27 110
12  77  67  72  10   0   7 0.11  0.0    0 13.2 23 130   M    M   9 18     34 130
13  76  67  72  10   0   7 0.34  0.0    0  6.8 17 180   M    M   8 1      23 200
14  81  66  74  11   0   9 0.00  0.0    0 13.3 30 190   M    M   7 1      42 180
15  77  56  67   4   0   2 0.20  0.0    0 14.7 31 250   M    M   2 13     39 250
16  65  46  56  -7   9   0 0.00  0.0    0  6.7 14  40   M    M   0        19  40
17  83  47  65   2   0   0 0.00  0.0    0  7.1 17 190   M    M   0        21 210
18  80  59  70   6   0   5 0.00  0.0    0 10.4 21 180   M    M   3        30 210
19  81  66  74  10   0   9 1.14  0.0    0 16.7 32 180   M    M   9 138    46 160
20  69  56  63  -1   2   0 0.03  0.0    0 14.9 26 190   M    M   3 13     36 190
21  65  48  57  -7   8   0 0.00  0.0    0  7.6 15 300   M    M   4        22 250
22  77  50  64   0   1   0 0.00  0.0    0  6.5 13 200   M    M   1        19 290
23  80  54  67   2   0   2 0.00  0.0    0  6.9 20 180   M    M   0        23 200
================================================================================
SM 1672 1249        88  61  3.83     0.0 220.7          M       89
================================================================================
AV 72.7 54.3                               9.6 FASTST   M    M   4    MAX(MPH)
                                 MISC ---->  # 32 180               # 46  160
================================================================================
NOTES:
# LAST OF SEVERAL OCCURRENCES

COLUMN 17 PEAK WIND IN M.P.H.

PRELIMINARY LOCAL CLIMATOLOGICAL DATA (WS FORM: F-6) , PAGE 2

                                          STATION:  WILMINGTON NORTH CAROLINA
                                          MONTH:    APRIL
                                          YEAR:     2019
                                          LATITUDE:   34 16 N
                                          LONGITUDE:  77 55 W

[TEMPERATURE DATA]      [PRECIPITATION DATA]       SYMBOLS USED IN COLUMN 16

AVERAGE MONTHLY: 63.5   TOTAL FOR MONTH:   3.83    1 = FOG OR MIST
DPTR FM NORMAL:   1.4   DPTR FM NORMAL:    1.67    2 = FOG REDUCING VISIBILITY
HIGHEST:    84 ON  8    GRTST 24HR  1.14 ON 19-19      TO 1/4 MILE OR LESS
LOWEST:     36 ON  3                               3 = THUNDER
                        SNOW, ICE PELLETS, HAIL    4 = ICE PELLETS
                        TOTAL MONTH:   0.0 INCH    5 = HAIL
                        GRTST 24HR     0.0         6 = FREEZING RAIN OR DRIZZLE
                        GRTST DEPTH:   0           7 = DUSTSTORM OR SANDSTORM:
                                                       VSBY 1/2 MILE OR LESS
                                                   8 = SMOKE OR HAZE
[NO. OF DAYS WITH]      [WEATHER - DAYS WITH]      9 = BLOWING SNOW
                                                   X = TORNADO
MAX 32 OR BELOW:   0    0.01 INCH OR MORE:   9
MAX 90 OR ABOVE:   0    0.10 INCH OR MORE:   6
MIN 32 OR BELOW:   0    0.50 INCH OR MORE:   3
MIN  0 OR BELOW:   0    1.00 INCH OR MORE:   2

[HDD (BASE 65) ]
TOTAL THIS MO.    88    CLEAR  (SCALE 0-3)  12
DPTR FM NORMAL   -25    PTCLDY (SCALE 4-7)   7
TOTAL FM JUL 1  2103    CLOUDY (SCALE 8-10)  4
DPTR FM NORMAL  -262

[CDD (BASE 65) ]
TOTAL THIS MO.    61
DPTR FM NORMAL    17    [PRESSURE DATA]
TOTAL FM JAN 1    85    HIGHEST SLP M ON M
DPTR FM NORMAL    20    LOWEST  SLP 29.58 ON 15

[REMARKS]
