000
CXUS53 KILX 222300
CF6ILX
PRELIMINARY LOCAL CLIMATOLOGICAL DATA (WS FORM: F-6)

                                          STATION:   LINCOLN IL
                                          MONTH:     OCTOBER
                                          YEAR:      2018
                                          LATITUDE:   40  9 N
                                          LONGITUDE:  89 20 W

  TEMPERATURE IN F:       :PCPN:    SNOW:  WIND      :SUNSHINE: SKY     :PK WND
================================================================================
1   2   3   4   5  6A  6B    7    8   9   10  11  12  13   14  15   16   17  18
                                     12Z  AVG MX 2MIN
DY MAX MIN AVG DEP HDD CDD  WTR  SNW DPTH SPD SPD DIR MIN PSBL S-S WX    SPD DR
================================================================================

 1  83  55  69  10   0   4 0.00  0.0    0   M   M   M   M    M   M         M  M
 2  80  65  73  14   0   8    T  0.0    0   M   M   M   M    M   M         M  M
 3  89  64  77  19   0  12 0.00  0.0    0   M   M   M   M    M   M         M  M
 4  79  50  65   7   0   0 0.80  0.0    0   M   M   M   M    M   M         M  M
 5  78  51  65   7   0   0 0.82  0.0    0   M   M   M   M    M   M 13      M  M
 6  80  60  70  13   0   5 0.63  0.0    0   M   M   M   M    M   M 13      M  M
 7  80  58  69  12   0   4 2.12  0.0    0   M   M   M   M    M   M 13      M  M
 8  84  63  74  18   0   9 0.00  0.0    0   M   M   M   M    M   M         M  M
 9  85  66  76  20   0  11 0.00  0.0    0   M   M   M   M    M   M         M  M
10  75  51  63   7   2   0 0.22  0.0    0   M   M   M   M    M   M         M  M
11  53  38  46  -9  19   0 0.00  0.0    0   M   M   M   M    M   M         M  M
12  41  32  37 -18  28   0 0.19    T    0   M   M   M   M    M   M         M  M
13  51  32  42 -13  23   0 0.00  0.0    0   M   M   M   M    M   M 1       M  M
14  58  37  48  -6  17   0 0.08  0.0    0   M   M   M   M    M   M         M  M
15  49  30  40 -14  25   0 0.07  0.0    0   M   M   M   M    M   M         M  M
16  57  29  43 -11  22   0 0.00  0.0    0   M   M   M   M    M   M         M  M
17  56  32  44  -9  21   0 0.00  0.0    0   M   M   M   M    M   M         M  M
18  60  26  43 -10  22   0 0.00  0.0    0   M   M   M   M    M   M         M  M
19  56  36  46  -7  19   0    T  0.0    0   M   M   M   M    M   M         M  M
20  59  30  45  -7  20   0 0.00  0.0    0   M   M   M   M    M   M         M  M
21  53  21  37 -15  28   0 0.00  0.0    0   M   M   M   M    M   M         M  M
================================================================================
SM 1406  926       246  53  4.93    T        M          M        M
================================================================================
AV 67.0 44.1                                 M FASTST   M    M   4    MAX(MPH)
                                 MISC ---->     M   M                  M    M
================================================================================
NOTES:
# LAST OF SEVERAL OCCURRENCES

COLUMN 17 PEAK WIND IN M.P.H.

PRELIMINARY LOCAL CLIMATOLOGICAL DATA (WS FORM: F-6) , PAGE 2

                                          STATION:  LINCOLN IL
                                          MONTH:    OCTOBER
                                          YEAR:     2018
                                          LATITUDE:   40  9 N
                                          LONGITUDE:  89 20 W

[TEMPERATURE DATA]      [PRECIPITATION DATA]       SYMBOLS USED IN COLUMN 16

AVERAGE MONTHLY: 55.5   TOTAL FOR MONTH:   4.93    1 = FOG OR MIST
DPTR FM NORMAL:   0.1   DPTR FM NORMAL:    2.87    2 = FOG REDUCING VISIBILITY
HIGHEST:    89 ON  3    GRTST 24HR  2.12 ON  7- 7      TO 1/4 MILE OR LESS
LOWEST:     21 ON 21                               3 = THUNDER
                        SNOW, ICE PELLETS, HAIL    4 = ICE PELLETS
                        TOTAL MONTH:    T          5 = HAIL
                        GRTST 24HR    T  ON 12-12  6 = FREEZING RAIN OR DRIZZLE
                        GRTST DEPTH:   0           7 = DUSTSTORM OR SANDSTORM:
                                                       VSBY 1/2 MILE OR LESS
                                                   8 = SMOKE OR HAZE
[NO. OF DAYS WITH]      [WEATHER - DAYS WITH]      9 = BLOWING SNOW
                                                   X = TORNADO
MAX 32 OR BELOW:   0    0.01 INCH OR MORE:   8
MAX 90 OR ABOVE:   0    0.10 INCH OR MORE:   6
MIN 32 OR BELOW:   8    0.50 INCH OR MORE:   4
MIN  0 OR BELOW:   0    1.00 INCH OR MORE:   1

[HDD (BASE 65) ]
TOTAL THIS MO.   246    CLEAR  (SCALE 0-3)   0
DPTR FM NORMAL    34    PTCLDY (SCALE 4-7)   0
TOTAL FM JUL 1   297    CLOUDY (SCALE 8-10)  0
DPTR FM NORMAL   -10

[CDD (BASE 65) ]
TOTAL THIS MO.    53
DPTR FM NORMAL    42    [PRESSURE DATA]
TOTAL FM JAN 1  1228    HIGHEST SLP M ON M
DPTR FM NORMAL   214    LOWEST  SLP M ON M

[REMARKS]
