000
CXUS53 KILX 212300
CF6ILX
PRELIMINARY LOCAL CLIMATOLOGICAL DATA (WS FORM: F-6)

                                          STATION:   LINCOLN IL
                                          MONTH:     FEBRUARY
                                          YEAR:      2019
                                          LATITUDE:   40  9 N
                                          LONGITUDE:  89 20 W

  TEMPERATURE IN F:       :PCPN:    SNOW:  WIND      :SUNSHINE: SKY     :PK WND
================================================================================
1   2   3   4   5  6A  6B    7    8   9   10  11  12  13   14  15   16   17  18
                                     12Z  AVG MX 2MIN
DY MAX MIN AVG DEP HDD CDD  WTR  SNW DPTH SPD SPD DIR MIN PSBL S-S WX    SPD DR
================================================================================

 1  23  11  17 -10  48   0 0.00  0.0    5   M   M   M   M    M   M         M  M
 2  43  20  32   5  33   0 0.00  0.0    4   M   M   M   M    M   M 12      M  M
 3  50  36  43  16  22   0 0.00  0.0    3   M   M   M   M    M   M 1       M  M
 4  55  26  41  14  24   0    T  0.0    T   M   M   M   M    M   M 1       M  M
 5  33  22  28   0  37   0 0.11  0.0    0   M   M   M   M    M   M 123     M  M
 6  36  32  34   6  31   0 0.43  0.0    0   M   M   M   M    M   M 13      M  M
 7  38  13  26  -2  39   0 0.50    T    0   M   M   M   M    M   M         M  M
 8  18   8  13 -15  52   0 0.00  0.0    0   M   M   M   M    M   M         M  M
 9  26   7  17 -11  48   0 0.00  0.0    0   M   M   M   M    M   M         M  M
10  32  22  27  -2  38   0 0.14  1.7    M   M   M   M   M    M   M 16      M  M
11  34  30  32   3  33   0 0.65  0.0    1   M   M   M   M    M   M         M  M
12  34  21  28  -1  37   0 0.11  0.1    M   M   M   M   M    M   M 1       M  M
13  36  16  26  -4  39   0 0.00  0.0    0   M   M   M   M    M   M         M  M
14  52  24  38   8  27   0 0.00  0.0    0   M   M   M   M    M   M         M  M
15  24  12  18 -12  47   0 0.00  0.0    0   M   M   M   M    M   M         M  M
16  32  11  22  -9  43   0 0.00  0.0    0   M   M   M   M    M   M         M  M
17  30  25  28  -3  37   0 0.06  0.3    T   M   M   M   M    M   M 16      M  M
18  28  22  25  -6  40   0    T    T    T   M   M   M   M    M   M 1       M  M
19  33  18  26  -6  39   0    T    T    0   M   M   M   M    M   M         M  M
20  38  31  35   3  30   0 0.13    T    0   M   M   M   M    M   M 16      M  M
================================================================================
SM  695  407       744   0  2.13     2.1     M          M        M
================================================================================
AV 34.8 20.4                                 M FASTST   M    M   6    MAX(MPH)
                                 MISC ---->     M   M                  M    M
================================================================================
NOTES:
# LAST OF SEVERAL OCCURRENCES

COLUMN 17 PEAK WIND IN M.P.H.

PRELIMINARY LOCAL CLIMATOLOGICAL DATA (WS FORM: F-6) , PAGE 2

                                          STATION:  LINCOLN IL
                                          MONTH:    FEBRUARY
                                          YEAR:     2019
                                          LATITUDE:   40  9 N
                                          LONGITUDE:  89 20 W

[TEMPERATURE DATA]      [PRECIPITATION DATA]       SYMBOLS USED IN COLUMN 16

AVERAGE MONTHLY: 27.6   TOTAL FOR MONTH:   2.13    1 = FOG OR MIST
DPTR FM NORMAL:  -1.6   DPTR FM NORMAL:    0.89    2 = FOG REDUCING VISIBILITY
HIGHEST:    55 ON  4    GRTST 24HR  0.65 ON 11-11      TO 1/4 MILE OR LESS
LOWEST:      7 ON  9                               3 = THUNDER
                        SNOW, ICE PELLETS, HAIL    4 = ICE PELLETS
                        TOTAL MONTH:   2.1 INCHES  5 = HAIL
                        GRTST 24HR   1.7 ON 10-10  6 = FREEZING RAIN OR DRIZZLE
                        GRTST DEPTH:   5 ON  1     7 = DUSTSTORM OR SANDSTORM:
                                                       VSBY 1/2 MILE OR LESS
                                                   8 = SMOKE OR HAZE
[NO. OF DAYS WITH]      [WEATHER - DAYS WITH]      9 = BLOWING SNOW
                                                   X = TORNADO
MAX 32 OR BELOW:   8    0.01 INCH OR MORE:   8
MAX 90 OR ABOVE:   0    0.10 INCH OR MORE:   7
MIN 32 OR BELOW:  19    0.50 INCH OR MORE:   2
MIN  0 OR BELOW:   0    1.00 INCH OR MORE:   0

[HDD (BASE 65) ]
TOTAL THIS MO.   744    CLEAR  (SCALE 0-3)   0
DPTR FM NORMAL    27    PTCLDY (SCALE 4-7)   0
TOTAL FM JUL 1  4351    CLOUDY (SCALE 8-10)  0
DPTR FM NORMAL   180

[CDD (BASE 65) ]
TOTAL THIS MO.     0
DPTR FM NORMAL     0    [PRESSURE DATA]
TOTAL FM JAN 1     0    HIGHEST SLP M ON M
DPTR FM NORMAL     0    LOWEST  SLP M ON M

[REMARKS]
