003
CXUS55 KLBF 221200
CF6IML
PRELIMINARY LOCAL CLIMATOLOGICAL DATA (WS FORM: F-6)

                                          STATION:   IMPERIAL
                                          MONTH:     OCTOBER
                                          YEAR:      2018
                                          LATITUDE:   40 31 N
                                          LONGITUDE: 101 37 W

  TEMPERATURE IN F:       :PCPN:    SNOW:  WIND      :SUNSHINE: SKY     :PK WND
================================================================================
1   2   3   4   5  6A  6B    7    8   9   10  11  12  13   14  15   16   17  18
                                     12Z  AVG MX 2MIN
DY MAX MIN AVG DEP HDD CDD  WTR  SNW DPTH SPD SPD DIR MIN PSBL S-S WX    SPD DR
================================================================================

 1  62  45  54  -4  11   0 0.00    M    M  4.4 12 140   M    M   6 1      16 160
 2  76  48  62   5   3   0 0.00    M    M  6.9 14 160   M    M   5 1      19 160
 3  91  46  69  12   0   4 0.00    M    M 13.0 32 310   M    M   0        46  10
 4  46  33  40 -16  25   0 0.34    M    M  8.7 24  50   M    M   7        33  50
 5  72  32  52  -4  13   0 0.00    M    M  8.3 28  10   M    M   3 1      40  10
 6  59  34  47  -8  18   0 0.00    M    M  7.2 15 130   M    M   4        22 140
 7  47  41  44 -11  21   0 0.62    M    M  9.6 15 120   M    M  10 13     20  80
 8  43  38  41 -13  24   0 0.24    M    M 10.0 24  40   M    M  10 1      36  30
 9  40  33  37 -17  28   0 0.86    M    M 11.9 16 320   M    M  10 1      25 350
10  40  28  34 -19  31   0 0.01    M    M 10.8 18 330   M    M   8        27 340
11  44  23  34 -19  31   0    T    M    M  5.6 14 180   M    M   7 1      19 180
12  60  35  48  -4  17   0 0.02    M    M  9.6 23 330   M    M   3        35 320
13  66  32  49  -3  16   0 0.08    M    M 10.5 24  10   M    M   2 1      39  20
14  33  21  27 -25  38   0 0.05    M    M 12.3 28 360   M    M   8 1      43  10
15  50  17  34 -17  31   0 0.00    M    M  8.5 16 310   M    M   0        25 320
16  67  28  48  -3  17   0 0.00    M    M  9.4 18 350   M    M   0        26 350
17  67  29  48  -2  17   0 0.00    M    M  5.7 10 180   M    M   0        16 170
18  65  44  55   5  10   0    T    M    M 13.5 28 200   M    M   6        40 190
19  70  34  52   3  13   0 0.00    M    M 11.5 25 340   M    M   0        37 350
20  68  27  48  -1  17   0 0.00    M    M  5.8 13 160   M    M   0        17 150
21  81  32  57   8   8   0 0.00    M    M  3.9 12 150   M    M   0 8      15 150
================================================================================
SM 1247  700       389   4  2.22    M    187.1          M       89
================================================================================
AV 59.4 33.3                               8.9 FASTST   M    M   4    MAX(MPH)
                                 MISC ---->  # 32 310               # 46   10
================================================================================
NOTES:
# LAST OF SEVERAL OCCURRENCES

COLUMN 17 PEAK WIND IN M.P.H.

PRELIMINARY LOCAL CLIMATOLOGICAL DATA (WS FORM: F-6) , PAGE 2

                                          STATION:  IMPERIAL
                                          MONTH:    OCTOBER
                                          YEAR:     2018
                                          LATITUDE:   40 31 N
                                          LONGITUDE: 101 37 W

[TEMPERATURE DATA]      [PRECIPITATION DATA]       SYMBOLS USED IN COLUMN 16

AVERAGE MONTHLY: 46.4   TOTAL FOR MONTH:   2.22    1 = FOG OR MIST
DPTR FM NORMAL:  -6.6   DPTR FM NORMAL:    1.20    2 = FOG REDUCING VISIBILITY
HIGHEST:    91 ON  3    GRTST 24HR  0.86 ON  9- 9      TO 1/4 MILE OR LESS
LOWEST:     17 ON 15                               3 = THUNDER
                        SNOW, ICE PELLETS, HAIL    4 = ICE PELLETS
                        TOTAL MONTH:    M          5 = HAIL
                        GRTST 24HR    M  ON   M    6 = FREEZING RAIN OR DRIZZLE
                        GRTST DEPTH:  M  ON   M    7 = DUSTSTORM OR SANDSTORM:
                                                       VSBY 1/2 MILE OR LESS
                                                   8 = SMOKE OR HAZE
[NO. OF DAYS WITH]      [WEATHER - DAYS WITH]      9 = BLOWING SNOW
                                                   X = TORNADO
MAX 32 OR BELOW:   0    0.01 INCH OR MORE:   8
MAX 90 OR ABOVE:   1    0.10 INCH OR MORE:   4
MIN 32 OR BELOW:  10    0.50 INCH OR MORE:   2
MIN  0 OR BELOW:   0    1.00 INCH OR MORE:   0

[HDD (BASE 65) ]
TOTAL THIS MO.   389    CLEAR  (SCALE 0-3)   8
DPTR FM NORMAL   130    PTCLDY (SCALE 4-7)   9
TOTAL FM JUL 1   499    CLOUDY (SCALE 8-10)  4
DPTR FM NORMAL   124

[CDD (BASE 65) ]
TOTAL THIS MO.     4
DPTR FM NORMAL     1    [PRESSURE DATA]
TOTAL FM JAN 1  1043    HIGHEST SLP M ON M
DPTR FM NORMAL    83    LOWEST  SLP 29.59 ON  3

[REMARKS]
