000
CXUS53 KIND 180730
CF6IND
PRELIMINARY LOCAL CLIMATOLOGICAL DATA (WS FORM: F-6)

                                          STATION:   INDIANAPOLIS IN
                                          MONTH:     JULY
                                          YEAR:      2018
                                          LATITUDE:   39 43 N
                                          LONGITUDE:  86 17 W

  TEMPERATURE IN F:       :PCPN:    SNOW:  WIND      :SUNSHINE: SKY     :PK WND
================================================================================
1   2   3   4   5  6A  6B    7    8   9   10  11  12  13   14  15   16   17  18
                                     12Z  AVG MX 2MIN
DY MAX MIN AVG DEP HDD CDD  WTR  SNW DPTH SPD SPD DIR MIN PSBL S-S WX    SPD DR
================================================================================

 1  93  76  85  10   0  20    T  0.0    0 10.2 21 180   M    M   5 13     25 200
 2  90  74  82   7   0  17 0.05  0.0    0  4.3 14 280   M    M   8 3      19  10
 3  93  74  84   9   0  19 0.00  0.0    0  7.1 30 140   M    M   6 3      36 140
 4  94  75  85   9   0  20 0.00  0.0    0  5.0 13 210   M    M   7 8      17 210
 5  93  72  83   7   0  18 0.41  0.0    0  5.0 26 350   M    M   6 138    34 340
 6  84  69  77   1   0  12 0.00  0.0    0 11.5 21  30   M    M   5 1      26  10
 7  82  61  72  -4   0   7 0.00  0.0    0 10.9 17  70   M    M   0        25 110
 8  88  63  76   0   0  11 0.00  0.0    0  5.5 12 160   M    M   2        18 150
 9  91  71  81   5   0  16 0.00  0.0    0  5.7 14 260   M    M   2        19 280
10  93  72  83   7   0  18 0.00  0.0    0  8.1 21 350   M    M   5 3      27 320
11  88  69  79   3   0  14 0.00  0.0    0 10.1 16 100   M    M   5        21 100
12  86  67  77   1   0  12 0.00  0.0    0  6.9 14 100   M    M   3        20 130
13  91  66  79   3   0  14 0.00  0.0    0  4.8 12 210   M    M   1        14 210
14  94  70  82   6   0  17 0.00  0.0    0  4.0 16 160   M    M   6        21 130
15  91  74  83   7   0  18    T  0.0    0  6.4 18 220   M    M   8 18     22 200
16  90  72  81   5   0  16 0.01  0.0    0  7.9 20 250   M    M   7 18     23 240
17  89  72  81   5   0  16    T  0.0    0 10.6 21 330   M    M   5        25 340
================================================================================
SM 1530 1197         0 265  0.47     0.0 124.0          M       81
================================================================================
AV 90.0 70.4                               7.3 FASTST   M    M   5    MAX(MPH)
                                 MISC ---->  # 30 140               # 36  140
================================================================================
NOTES:
# LAST OF SEVERAL OCCURRENCES

COLUMN 17 PEAK WIND IN M.P.H.

PRELIMINARY LOCAL CLIMATOLOGICAL DATA (WS FORM: F-6) , PAGE 2

                                          STATION:  INDIANAPOLIS IN
                                          MONTH:    JULY
                                          YEAR:     2018
                                          LATITUDE:   39 43 N
                                          LONGITUDE:  86 17 W

[TEMPERATURE DATA]      [PRECIPITATION DATA]       SYMBOLS USED IN COLUMN 16

AVERAGE MONTHLY: 80.2   TOTAL FOR MONTH:   0.47    1 = FOG OR MIST
DPTR FM NORMAL:   4.4   DPTR FM NORMAL:   -2.22    2 = FOG REDUCING VISIBILITY
HIGHEST:    94 ON 14, 4 GRTST 24HR  0.41 ON  5- 5      TO 1/4 MILE OR LESS
LOWEST:     61 ON  7                               3 = THUNDER
                        SNOW, ICE PELLETS, HAIL    4 = ICE PELLETS
                        TOTAL MONTH:   0.0 INCH    5 = HAIL
                        GRTST 24HR     0.0         6 = FREEZING RAIN OR DRIZZLE
                        GRTST DEPTH:   0           7 = DUSTSTORM OR SANDSTORM:
                                                       VSBY 1/2 MILE OR LESS
                                                   8 = SMOKE OR HAZE
[NO. OF DAYS WITH]      [WEATHER - DAYS WITH]      9 = BLOWING SNOW
                                                   X = TORNADO
MAX 32 OR BELOW:   0    0.01 INCH OR MORE:   3
MAX 90 OR ABOVE:  11    0.10 INCH OR MORE:   1
MIN 32 OR BELOW:   0    0.50 INCH OR MORE:   0
MIN  0 OR BELOW:   0    1.00 INCH OR MORE:   0

[HDD (BASE 65) ]
TOTAL THIS MO.     0    CLEAR  (SCALE 0-3)   4
DPTR FM NORMAL     0    PTCLDY (SCALE 4-7)  13
TOTAL FM JUL 1     0    CLOUDY (SCALE 8-10)  0
DPTR FM NORMAL     0

[CDD (BASE 65) ]
TOTAL THIS MO.   265
DPTR FM NORMAL    81    [PRESSURE DATA]
TOTAL FM JAN 1   845    HIGHEST SLP M ON M
DPTR FM NORMAL   351    LOWEST  SLP 29.86 ON 16

[REMARKS]
