000
CXUS53 KIND 180730
CF6IND
PRELIMINARY LOCAL CLIMATOLOGICAL DATA (WS FORM: F-6)

                                          STATION:   INDIANAPOLIS IN
                                          MONTH:     OCTOBER
                                          YEAR:      2018
                                          LATITUDE:   39 43 N
                                          LONGITUDE:  86 17 W

  TEMPERATURE IN F:       :PCPN:    SNOW:  WIND      :SUNSHINE: SKY     :PK WND
================================================================================
1   2   3   4   5  6A  6B    7    8   9   10  11  12  13   14  15   16   17  18
                                     12Z  AVG MX 2MIN
DY MAX MIN AVG DEP HDD CDD  WTR  SNW DPTH SPD SPD DIR MIN PSBL S-S WX    SPD DR
================================================================================

 1  83  58  71  11   0   6    T  0.0    0  7.8 17 210   M    M   5        24 200
 2  85  68  77  17   0  12 0.05  0.0    0  9.3 21 250   M    M   8 13     31 260
 3  86  67  77  17   0  12 0.00  0.0    0 12.2 23 210   M    M   5 1      31 190
 4  76  60  68   9   0   3 0.24  0.0    0 11.8 21 350   M    M   8 13     29 220
 5  78  61  70  11   0   5 0.97  0.0    0  9.1 17 250   M    M   8 138    24 250
 6  86  70  78  20   0  13 0.06  0.0    0  8.9 22 200   M    M   7 13     29 220
 7  85  66  76  18   0  11    T  0.0    0  6.6 15 200   M    M   7 12     20 200
 8  85  69  77  19   0  12 0.00  0.0    0 10.1 18 210   M    M   4        27 200
 9  84  69  77  20   0  12 0.00  0.0    0  9.3 23 190   M    M   4        28 200
10  72  57  65   8   0   0 0.07  0.0    0 11.4 23 280   M    M   8 18     32 280
11  57  42  50  -6  15   0 0.00  0.0    0 13.6 22 290   M    M   5        29 290
12  50  37  44 -12  21   0 0.05    T    0  8.0 15 290   M    M   6 4      19 280
13  52  35  44 -12  21   0 0.00  0.0    0  5.7 16 320   M    M   7        22 310
14  55  45  50  -6  15   0    T  0.0    0  7.2 14 140   M    M   9 18     18 140
15  53  38  46  -9  19   0 0.04  0.0    0  9.9 21 320   M    M   9 1      27 320
16  55  33  44 -11  21   0 0.00  0.0    0  8.8 17 240   M    M   4        28 230
17  56  38  47  -8  18   0 0.00  0.0    0 12.0 23 310   M    M   1        31 310
================================================================================
SM 1198  913       130  86  1.48    T    161.7          M      105
================================================================================
AV 70.5 53.7                               9.5 FASTST   M    M   6    MAX(MPH)
                                 MISC ---->  # 23 210               # 32  280
================================================================================
NOTES:
# LAST OF SEVERAL OCCURRENCES

COLUMN 17 PEAK WIND IN M.P.H.

PRELIMINARY LOCAL CLIMATOLOGICAL DATA (WS FORM: F-6) , PAGE 2

                                          STATION:  INDIANAPOLIS IN
                                          MONTH:    OCTOBER
                                          YEAR:     2018
                                          LATITUDE:   39 43 N
                                          LONGITUDE:  86 17 W

[TEMPERATURE DATA]      [PRECIPITATION DATA]       SYMBOLS USED IN COLUMN 16

AVERAGE MONTHLY: 62.1   TOTAL FOR MONTH:   1.48    1 = FOG OR MIST
DPTR FM NORMAL:   4.7   DPTR FM NORMAL:   -0.27    2 = FOG REDUCING VISIBILITY
HIGHEST:    86 ON  6, 3 GRTST 24HR  0.97 ON  5- 5      TO 1/4 MILE OR LESS
LOWEST:     33 ON 16                               3 = THUNDER
                        SNOW, ICE PELLETS, HAIL    4 = ICE PELLETS
                        TOTAL MONTH:    T          5 = HAIL
                        GRTST 24HR    T  ON 12-12  6 = FREEZING RAIN OR DRIZZLE
                        GRTST DEPTH:   0           7 = DUSTSTORM OR SANDSTORM:
                                                       VSBY 1/2 MILE OR LESS
                                                   8 = SMOKE OR HAZE
[NO. OF DAYS WITH]      [WEATHER - DAYS WITH]      9 = BLOWING SNOW
                                                   X = TORNADO
MAX 32 OR BELOW:   0    0.01 INCH OR MORE:   7
MAX 90 OR ABOVE:   0    0.10 INCH OR MORE:   2
MIN 32 OR BELOW:   0    0.50 INCH OR MORE:   1
MIN  0 OR BELOW:   0    1.00 INCH OR MORE:   0

[HDD (BASE 65) ]
TOTAL THIS MO.   130    CLEAR  (SCALE 0-3)   1
DPTR FM NORMAL   -15    PTCLDY (SCALE 4-7)  12
TOTAL FM JUL 1   163    CLOUDY (SCALE 8-10)  4
DPTR FM NORMAL   -57

[CDD (BASE 65) ]
TOTAL THIS MO.    86
DPTR FM NORMAL    73    [PRESSURE DATA]
TOTAL FM JAN 1  1625    HIGHEST SLP M ON M
DPTR FM NORMAL   563    LOWEST  SLP 29.68 ON 10

[REMARKS]
