000
CXUS55 KDVN 171100
CF6IOW
PRELIMINARY LOCAL CLIMATOLOGICAL DATA (WS FORM: F-6)

                                          STATION:   IOWA CITY IA
                                          MONTH:     OCTOBER
                                          YEAR:      2018
                                          LATITUDE:   41 37 N
                                          LONGITUDE:  91 33 W

  TEMPERATURE IN F:       :PCPN:    SNOW:  WIND      :SUNSHINE: SKY     :PK WND
================================================================================
1   2   3   4   5  6A  6B    7    8   9   10  11  12  13   14  15   16   17  18
                                     12Z  AVG MX 2MIN
DY MAX MIN AVG DEP HDD CDD  WTR  SNW DPTH SPD SPD DIR MIN PSBL S-S WX    SPD DR
================================================================================

 1  76  52  64   6   1   0 0.14    M    M  8.3 23 320   M    M   9 1      33 300
 2  62  51  57   0   8   0    T    M    M  5.0 12 320   M    M   8 1      15 320
 3  89  62  76  19   0  11 0.38    M    M 13.7 38 270   M    M   3 13     57 270
 4  62  44  53  -3  12   0 0.00    M    M 10.7 24 320   M    M   1        36 330
 5  63  51  57   1   8   0 3.18    M    M  5.0 23 280   M    M  10 13     31 300
 6  61  52  57   1   8   0 0.71    M    M  8.2 16 320   M    M   8 13     22 340
 7  58  53  56   1   9   0 0.99    M    M  7.2 13  60   M    M   9 1      19  60
 8  78  58  68  13   0   3 0.46    M    M  8.0 18 190   M    M   6 13     27 190
 9  81  66  74  20   0   9 0.52    M    M  7.9 21 170   M    M   6 1      30 170
10  68  45  57   3   8   0 0.62    M    M 12.9 26 260   M    M  10 1      36 290
11  50  34  42 -12  23   0 0.00    M    M 13.0 25 290   M    M   7        36 290
12  45  34  40 -13  25   0    T    M    M  5.3 13 250   M    M   7        17 260
13  52  38  45  -8  20   0 0.00    M    M  7.9 21 190   M    M   7        28 200
14  52  36  44  -9  21   0 0.03    M    M  5.6 18 340   M    M   8 12     29 340
15  49  34  42 -10  23   0    T    M    M  8.9 18 270   M    M   3        27 310
16  62  32  47  -5  18   0 0.00    M    M  9.8 21 250   M    M   1        28 260
================================================================================
SM 1008  742       184  23  7.03    M    137.4          M      103
================================================================================
AV 63.0 46.4                               8.6 FASTST   M    M   6    MAX(MPH)
                                 MISC ---->  # 38 270               # 57  270
================================================================================
NOTES:
# LAST OF SEVERAL OCCURRENCES

COLUMN 17 PEAK WIND IN M.P.H.

PRELIMINARY LOCAL CLIMATOLOGICAL DATA (WS FORM: F-6) , PAGE 2

                                          STATION:  IOWA CITY IA
                                          MONTH:    OCTOBER
                                          YEAR:     2018
                                          LATITUDE:   41 37 N
                                          LONGITUDE:  91 33 W

[TEMPERATURE DATA]      [PRECIPITATION DATA]       SYMBOLS USED IN COLUMN 16

AVERAGE MONTHLY: 54.7   TOTAL FOR MONTH:   7.03    1 = FOG OR MIST
DPTR FM NORMAL:   0.0   DPTR FM NORMAL:    5.57    2 = FOG REDUCING VISIBILITY
HIGHEST:    89 ON  3    GRTST 24HR  3.18 ON  5- 5      TO 1/4 MILE OR LESS
LOWEST:     32 ON 16                               3 = THUNDER
                        SNOW, ICE PELLETS, HAIL    4 = ICE PELLETS
                        TOTAL MONTH:    M          5 = HAIL
                        GRTST 24HR    M  ON   M    6 = FREEZING RAIN OR DRIZZLE
                        GRTST DEPTH:  M  ON   M    7 = DUSTSTORM OR SANDSTORM:
                                                       VSBY 1/2 MILE OR LESS
                                                   8 = SMOKE OR HAZE
[NO. OF DAYS WITH]      [WEATHER - DAYS WITH]      9 = BLOWING SNOW
                                                   X = TORNADO
MAX 32 OR BELOW:   0    0.01 INCH OR MORE:   9
MAX 90 OR ABOVE:   0    0.10 INCH OR MORE:   8
MIN 32 OR BELOW:   1    0.50 INCH OR MORE:   5
MIN  0 OR BELOW:   0    1.00 INCH OR MORE:   1

[HDD (BASE 65) ]
TOTAL THIS MO.   184    CLEAR  (SCALE 0-3)   3
DPTR FM NORMAL    11    PTCLDY (SCALE 4-7)   9
TOTAL FM JUL 1   258    CLOUDY (SCALE 8-10)  4
DPTR FM NORMAL   -27

[CDD (BASE 65) ]
TOTAL THIS MO.    23
DPTR FM NORMAL    13    [PRESSURE DATA]
TOTAL FM JAN 1  1273    HIGHEST SLP M ON M
DPTR FM NORMAL   361    LOWEST  SLP 29.58 ON 10

[REMARKS]
