573
CXUS55 KPSR 201005
CF6IPL
PRELIMINARY LOCAL CLIMATOLOGICAL DATA (WS FORM: F-6)

                                          STATION:   IMPERIAL CA
                                          MONTH:     JULY
                                          YEAR:      2018
                                          LATITUDE:   32 50 N
                                          LONGITUDE: 115 35 W

  TEMPERATURE IN F:       :PCPN:    SNOW:  WIND      :SUNSHINE: SKY     :PK WND
================================================================================
1   2   3   4   5  6A  6B    7    8   9   10  11  12  13   14  15   16   17  18
                                     12Z  AVG MX 2MIN
DY MAX MIN AVG DEP HDD CDD  WTR  SNW DPTH SPD SPD DIR MIN PSBL S-S WX    SPD DR
================================================================================

 1 105  75  90   0   0  25 0.00  0.0    0  4.5 10 260   M    M   0        15 340
 2 108  74  91   1   0  26 0.00  0.0    0  6.0 14 300   M    M   0 8      18 300
 3 107  73  90  -1   0  25    T  0.0    0  8.0 18 260   M    M   0        26 260
 4 107  75  91   0   0  26    T  0.0    0  6.4 14 260   M    M   0        17 270
 5 113  76  95   4   0  30 0.00  0.0    0  4.9 13 320   M    M   2        17 310
 6 117  80  99   8   0  34 0.00  0.0    0  4.3 14 130   M    M   2        18 120
 7 113  84  99   8   0  34 0.00  0.0    0  9.4 17 120   M    M   2        22 120
 8 111  87  99   7   0  34 0.00  0.0    0  7.6 16 110   M    M   1        19 120
 9 102  83  93   1   0  28    T  0.0    0 10.2 36 120   M    M   2 38     44 120
10  99  83  91  -1   0  26 0.00  0.0    0  5.8 18 150   M    M   1 8      22 160
11 105  84  95   3   0  30 0.00  0.0    0  8.2 21 280   M    M   0        25 280
12 106  83  95   3   0  30    T  0.0    0  5.9  9 130   M    M   1 3       M  M
13 109  83  96   4   0  31 0.00  0.0    0  4.4 15 260   M    M   1        20 270
14 113  85  99   7   0  34 0.00  0.0    0  5.1 14 170   M    M   2        17 170
15 108  87  98   6   0  33 0.00  0.0    0  9.3 18 140   M    M   0        22 140
16 109  86  98   5   0  33 0.00  0.0    0  6.1 14 140   M    M   1        16 140
17 107  84  96   3   0  31 0.00  0.0    0 12.7 21 140   M    M   1        26 150
18 100  85  93   0   0  28    T  0.0    0 10.6 29 140   M    M   0        34 140
19 106  83  95   2   0  30 0.00  0.0    0  9.2 17 130   M    M   1        23 130
================================================================================
SM 2045 1550         0 568    T      0.0 138.6          M       17
================================================================================
AV107.6 81.6                               7.3 FASTST   M    M   1    MAX(MPH)
                                 MISC ---->  # 36 120               # 44  120
================================================================================
NOTES:
# LAST OF SEVERAL OCCURRENCES

COLUMN 17 PEAK WIND IN M.P.H.

PRELIMINARY LOCAL CLIMATOLOGICAL DATA (WS FORM: F-6) , PAGE 2

                                          STATION:  IMPERIAL CA
                                          MONTH:    JULY
                                          YEAR:     2018
                                          LATITUDE:   32 50 N
                                          LONGITUDE: 115 35 W

[TEMPERATURE DATA]      [PRECIPITATION DATA]       SYMBOLS USED IN COLUMN 16

AVERAGE MONTHLY: 94.6   TOTAL FOR MONTH:      T    1 = FOG OR MIST
DPTR FM NORMAL:   2.9   DPTR FM NORMAL:   -0.04    2 = FOG REDUCING VISIBILITY
HIGHEST:   117 ON  6    GRTST 24HR    T  ON 18-18      TO 1/4 MILE OR LESS
LOWEST:     73 ON  3                               3 = THUNDER
                        SNOW, ICE PELLETS, HAIL    4 = ICE PELLETS
                        TOTAL MONTH:   0.0 INCH    5 = HAIL
                        GRTST 24HR     0.0         6 = FREEZING RAIN OR DRIZZLE
                        GRTST DEPTH:   0           7 = DUSTSTORM OR SANDSTORM:
                                                       VSBY 1/2 MILE OR LESS
                                                   8 = SMOKE OR HAZE
[NO. OF DAYS WITH]      [WEATHER - DAYS WITH]      9 = BLOWING SNOW
                                                   X = TORNADO
MAX 32 OR BELOW:   0    0.01 INCH OR MORE:   0
MAX 90 OR ABOVE:  19    0.10 INCH OR MORE:   0
MIN 32 OR BELOW:   0    0.50 INCH OR MORE:   0
MIN  0 OR BELOW:   0    1.00 INCH OR MORE:   0

[HDD (BASE 65) ]
TOTAL THIS MO.     0    CLEAR  (SCALE 0-3)  19
DPTR FM NORMAL     0    PTCLDY (SCALE 4-7)   0
TOTAL FM JUL 1     0    CLOUDY (SCALE 8-10)  0
DPTR FM NORMAL     0

[CDD (BASE 65) ]
TOTAL THIS MO.   568
DPTR FM NORMAL    60    [PRESSURE DATA]
TOTAL FM JAN 1  2118    HIGHEST SLP M ON M
DPTR FM NORMAL   306    LOWEST  SLP 29.65 ON  8

[REMARKS]
