000
CXUS55 KCTP 220700
CF6IPT
PRELIMINARY LOCAL CLIMATOLOGICAL DATA (WS FORM: F-6)

                                          STATION:   WILLIAMSPORT PA
                                          MONTH:     SEPTEMBER
                                          YEAR:      2018
                                          LATITUDE:   41 15 N
                                          LONGITUDE:  76 55 W

  TEMPERATURE IN F:       :PCPN:    SNOW:  WIND      :SUNSHINE: SKY     :PK WND
================================================================================
1   2   3   4   5  6A  6B    7    8   9   10  11  12  13   14  15   16   17  18
                                     12Z  AVG MX 2MIN
DY MAX MIN AVG DEP HDD CDD  WTR  SNW DPTH SPD SPD DIR MIN PSBL S-S WX    SPD DR
================================================================================

 1  73  67  70   2   0   5    T  0.0    0  5.2 14  80   M    M  10 8      22  90
 2  86  72  79  11   0  14 0.00  0.0    0  4.5 17 150   M    M   6        24 140
 3  91  69  80  12   0  15 0.02  0.0    0  2.7 18 310   M    M   4 123    24 310
 4  91  69  80  12   0  15 0.00  0.0    0  2.9  7 210   M    M   5 1      11 230
 5  91  70  81  14   0  16 0.00  0.0    0  2.9 14 180   M    M   3 128    19 170
 6  93  71  82  15   0  17 0.06  0.0    0  3.3 20 350   M    M   6 123    30 300
 7  81  69  75   8   0  10 0.01  0.0    0  3.0 10  20   M    M   9        12  30
 8  70  58  64  -2   1   0 0.26  0.0    0  2.4  8  60   M    M   9 1      11  10
 9  58  53  56 -10   9   0 1.35  0.0    0  4.8 13 120   M    M  10 1      16 110
10  63  50  57  -9   8   0 3.15  0.0    0  7.4 16 100   M    M  10 1      21 110
11  78  60  69   4   0   4 0.09  0.0    0  3.0 10  60   M    M   9 1      12 280
12  72  63  68   3   0   3 0.24  0.0    0  0.8  6 260   M    M  10 1       7 250
13  84  68  76  12   0  11 0.08  0.0    0  1.5 16  80   M    M   9 12     19  90
14  80  68  74  10   0   9    T  0.0    0  4.4 10  80   M    M  10        14 100
15  81  65  73   9   0   8    T  0.0    0  2.2 12  70   M    M   7 1      13  70
16  83  65  74  11   0   9 0.00  0.0    0  1.2  9 170   M    M   5 1      13 150
17  75  63  69   6   0   4 0.78  0.0    0  5.6 17  90   M    M   9 1      22  90
18  87  67  77  15   0  12 1.10  0.0    0  5.5 14 360   M    M   4 1      18 330
19   M   M   M   M   M   M    M    M    M   M   M   M   M    M   M 1       M  M
20  78  55  67   5   0   2 0.00  0.0    0  4.4 20 160   M    M   3        27 160
21  75  67  71  10   0   6 0.47  0.0    0 11.0 23 170   M    M   9 18     33 160
================================================================================
SM 1590 1289        18 160  7.61     0.0  78.7          M      147
================================================================================
AV 79.5 64.5                               3.9 FASTST   M    M   7    MAX(MPH)
                                 MISC ---->  # 23 170               # 33  160
================================================================================
NOTES:
# LAST OF SEVERAL OCCURRENCES

COLUMN 17 PEAK WIND IN M.P.H.

PRELIMINARY LOCAL CLIMATOLOGICAL DATA (WS FORM: F-6) , PAGE 2

                                          STATION:  WILLIAMSPORT PA
                                          MONTH:    SEPTEMBER
                                          YEAR:     2018
                                          LATITUDE:   41 15 N
                                          LONGITUDE:  76 55 W

[TEMPERATURE DATA]      [PRECIPITATION DATA]       SYMBOLS USED IN COLUMN 16

AVERAGE MONTHLY: 72.0   TOTAL FOR MONTH:   7.61    1 = FOG OR MIST
DPTR FM NORMAL:   6.9   DPTR FM NORMAL:    4.68    2 = FOG REDUCING VISIBILITY
HIGHEST:    93 ON  6    GRTST 24HR  3.15 ON 10-10      TO 1/4 MILE OR LESS
LOWEST:     50 ON 10                               3 = THUNDER
                        SNOW, ICE PELLETS, HAIL    4 = ICE PELLETS
                        TOTAL MONTH:   0.0 INCH    5 = HAIL
                        GRTST 24HR     0.0         6 = FREEZING RAIN OR DRIZZLE
                        GRTST DEPTH:   0           7 = DUSTSTORM OR SANDSTORM:
                                                       VSBY 1/2 MILE OR LESS
                                                   8 = SMOKE OR HAZE
[NO. OF DAYS WITH]      [WEATHER - DAYS WITH]      9 = BLOWING SNOW
                                                   X = TORNADO
MAX 32 OR BELOW:   0    0.01 INCH OR MORE:  12
MAX 90 OR ABOVE:   4    0.10 INCH OR MORE:   7
MIN 32 OR BELOW:   0    0.50 INCH OR MORE:   4
MIN  0 OR BELOW:   0    1.00 INCH OR MORE:   3

[HDD (BASE 65) ]
TOTAL THIS MO.    18    CLEAR  (SCALE 0-3)   1
DPTR FM NORMAL   -37    PTCLDY (SCALE 4-7)   8
TOTAL FM JUL 1    18    CLOUDY (SCALE 8-10) 11
DPTR FM NORMAL   -51

[CDD (BASE 65) ]
TOTAL THIS MO.   160
DPTR FM NORMAL   105    [PRESSURE DATA]
TOTAL FM JAN 1  1025    HIGHEST SLP M ON M
DPTR FM NORMAL   336    LOWEST  SLP 29.76 ON 18

[REMARKS]
