000
CXUS55 KEAX 170736
CF6IRK
PRELIMINARY LOCAL CLIMATOLOGICAL DATA (WS FORM: F-6)

                                          STATION:   KIRKSVILLE MO
                                          MONTH:     NOVEMBER
                                          YEAR:      2018
                                          LATITUDE:   40  5 N
                                          LONGITUDE:  92 33 W

  TEMPERATURE IN F:       :PCPN:    SNOW:  WIND      :SUNSHINE: SKY     :PK WND
================================================================================
1   2   3   4   5  6A  6B    7    8   9   10  11  12  13   14  15   16   17  18
                                     12Z  AVG MX 2MIN
DY MAX MIN AVG DEP HDD CDD  WTR  SNW DPTH SPD SPD DIR MIN PSBL S-S WX    SPD DR
================================================================================

 1  54  35  45  -2  20   0 0.00    M    M  4.6 12  10   M    M   0        18  30
 2  50  36  43  -4  22   0 0.05    M    M  6.0 14 200   M    M   7 1      19 180
 3  55  35  45  -1  20   0 0.20    M    M 10.9 22 120   M    M   7 12     30 100
 4  52  42  47   1  18   0 0.74    M    M  9.7 20 130   M    M   9 18     25 140
 5  49  38  44  -2  21   0 0.16    M    M 11.0 22 140   M    M   8 1      29 140
 6  51  32  42  -3  23   0    T    M    M 12.0 26 280   M    M   3        38 250
 7  46  25  36  -9  29   0 0.00    M    M  6.7 15 320   M    M   0        21 310
 8  34  22  28 -16  37   0 0.17    M    M  5.0 13  50   M    M   8 1      17  40
 9  34  17  26 -18  39   0 0.03    M    M 10.4 24 320   M    M   8 18     34 320
10  31  12  22 -21  43   0 0.00    M    M  8.1 18 150   M    M   1        22 150
11  46  29  38  -5  27   0 0.00    M    M  4.8 15 360   M    M   3        20  10
12  34  20  27 -15  38   0 0.04    M    M 13.9 20 360   M    M  10 18     28  10
13  31   9  20 -22  45   0 0.00    M    M  4.4 15  10   M    M   1        21 360
14  37  14  26 -15  39   0 0.00    M    M  2.3  9 140   M    M   0        14 110
15  43  15  29 -12  36   0 0.00    M    M  5.8 15 270   M    M   0        24 270
16  50  32  41   1  24   0 0.00    M    M  8.0 18 300   M    M   3        28 290
================================================================================
SM  697  413       481   0  1.39    M    123.6          M       68
================================================================================
AV 43.6 25.8                               7.7 FASTST   M    M   4    MAX(MPH)
                                 MISC ---->  # 26 280               # 38  250
================================================================================
NOTES:
# LAST OF SEVERAL OCCURRENCES

COLUMN 17 PEAK WIND IN M.P.H.

PRELIMINARY LOCAL CLIMATOLOGICAL DATA (WS FORM: F-6) , PAGE 2

                                          STATION:  KIRKSVILLE MO
                                          MONTH:    NOVEMBER
                                          YEAR:     2018
                                          LATITUDE:   40  5 N
                                          LONGITUDE:  92 33 W

[TEMPERATURE DATA]      [PRECIPITATION DATA]       SYMBOLS USED IN COLUMN 16

AVERAGE MONTHLY: 34.7   TOTAL FOR MONTH:   1.39    1 = FOG OR MIST
DPTR FM NORMAL:  -9.2   DPTR FM NORMAL:   -0.28    2 = FOG REDUCING VISIBILITY
HIGHEST:    55 ON  3    GRTST 24HR  0.74 ON  4- 4      TO 1/4 MILE OR LESS
LOWEST:      9 ON 13                               3 = THUNDER
                        SNOW, ICE PELLETS, HAIL    4 = ICE PELLETS
                        TOTAL MONTH:    M          5 = HAIL
                        GRTST 24HR    M  ON   M    6 = FREEZING RAIN OR DRIZZLE
                        GRTST DEPTH:  M  ON   M    7 = DUSTSTORM OR SANDSTORM:
                                                       VSBY 1/2 MILE OR LESS
                                                   8 = SMOKE OR HAZE
[NO. OF DAYS WITH]      [WEATHER - DAYS WITH]      9 = BLOWING SNOW
                                                   X = TORNADO
MAX 32 OR BELOW:   2    0.01 INCH OR MORE:   7
MAX 90 OR ABOVE:   0    0.10 INCH OR MORE:   4
MIN 32 OR BELOW:  11    0.50 INCH OR MORE:   1
MIN  0 OR BELOW:   0    1.00 INCH OR MORE:   0

[HDD (BASE 65) ]
TOTAL THIS MO.   481    CLEAR  (SCALE 0-3)   8
DPTR FM NORMAL   143    PTCLDY (SCALE 4-7)   6
TOTAL FM JUL 1   919    CLOUDY (SCALE 8-10)  2
DPTR FM NORMAL    92

[CDD (BASE 65) ]
TOTAL THIS MO.     0
DPTR FM NORMAL     0    [PRESSURE DATA]
TOTAL FM JAN 1  1483    HIGHEST SLP  0.00 ON M
DPTR FM NORMAL   544    LOWEST  SLP  0.00 ON M

[REMARKS]
