208
CXUS52 TJSJ 160427
CF6IST
PRELIMINARY LOCAL CLIMATOLOGICAL DATA (WS FORM: F-6)

                                          STATION:   CYRIL E. KING AP/ST THOMAS
                                          MONTH:     NOVEMBER
                                          YEAR:      2018
                                          LATITUDE:   18 19 N
                                          LONGITUDE:  64 58 W

  TEMPERATURE IN F:       :PCPN:    SNOW:  WIND      :SUNSHINE: SKY     :PK WND
================================================================================
1   2   3   4   5  6A  6B    7    8   9   10  11  12  13   14  15   16   17  18
                                     12Z  AVG MX 2MIN
DY MAX MIN AVG DEP HDD CDD  WTR  SNW DPTH SPD SPD DIR MIN PSBL S-S WX    SPD DR
================================================================================

 1  88  78  83   1   0  18 0.00  0.0    0  7.7 15 130   M    M   1        19 130
 2  88  77  83   1   0  18 0.49  0.0    0 12.7 24  50   M    M   3 1      31  50
 3  87  75  81  -1   0  16 0.30  0.0    0 13.2 25  80   M    M   2 1      33  80
 4  84  78  81  -1   0  16 0.05  0.0    0 10.6 22  70   M    M   5 1      31  70
 5  86  75  81  -1   0  16 0.44  0.0    M 10.1 22 110   M    M   3 1      28 110
 6  86  76  81  -1   0  16 0.07  0.0    0  6.9 16  70   M    M   1 8      21  80
 7  86  78  82   0   0  17    T  0.0    0  8.1 21  70   M    M   2 1      26  70
 8  85  74  80  -2   0  15 2.54  0.0    0  9.1 30  30   M    M   5 18     37  20
 9  86  78  82   0   0  17    T  0.0    0  8.6 16 120   M    M   1 1      20 120
10  87  78  83   2   0  18 0.10  0.0    0  8.2 17  80   M    M   3 1      21  90
11  88  76  82   1   0  17 0.36  0.0    0  8.3 20  60   M    M   2 1      24  70
12  87  78  83   2   0  18 0.02  0.0    0 10.3 22  70   M    M   2        29  70
13  88  75  82   1   0  17 1.01  0.0    0 12.3 25 130   M    M   4 18     33 120
14  87  79  83   2   0  18    T  0.0    0 14.6 25 110   M    M   3        33 100
15  87  78  83   2   0  18    T  0.0    0 11.5 22 120   M    M   2        29 110
================================================================================
SM 1300 1153         0 255  5.38     0.0 152.2          M       39
================================================================================
AV 86.7 76.9                              10.1 FASTST   M    M   3    MAX(MPH)
                                 MISC ---->  # 30  30               # 37   20
================================================================================
NOTES:
# LAST OF SEVERAL OCCURRENCES

COLUMN 17 PEAK WIND IN M.P.H.

PRELIMINARY LOCAL CLIMATOLOGICAL DATA (WS FORM: F-6) , PAGE 2

                                          STATION:  CYRIL E. KING AP/ST THOMAS
                                          MONTH:    NOVEMBER
                                          YEAR:     2018
                                          LATITUDE:   18 19 N
                                          LONGITUDE:  64 58 W

[TEMPERATURE DATA]      [PRECIPITATION DATA]       SYMBOLS USED IN COLUMN 16

AVERAGE MONTHLY: 81.8   TOTAL FOR MONTH:   5.38    1 = FOG OR MIST
DPTR FM NORMAL:   0.2   DPTR FM NORMAL:    2.44    2 = FOG REDUCING VISIBILITY
HIGHEST:    88 ON 13,11 GRTST 24HR  2.54 ON  8- 8      TO 1/4 MILE OR LESS
LOWEST:     74 ON  8                               3 = THUNDER
                        SNOW, ICE PELLETS, HAIL    4 = ICE PELLETS
                        TOTAL MONTH:   0.0 INCH    5 = HAIL
                        GRTST 24HR     0.0         6 = FREEZING RAIN OR DRIZZLE
                        GRTST DEPTH:   0           7 = DUSTSTORM OR SANDSTORM:
                                                       VSBY 1/2 MILE OR LESS
                                                   8 = SMOKE OR HAZE
[NO. OF DAYS WITH]      [WEATHER - DAYS WITH]      9 = BLOWING SNOW
                                                   X = TORNADO
MAX 32 OR BELOW:   0    0.01 INCH OR MORE:  10
MAX 90 OR ABOVE:   0    0.10 INCH OR MORE:   7
MIN 32 OR BELOW:   0    0.50 INCH OR MORE:   2
MIN  0 OR BELOW:   0    1.00 INCH OR MORE:   2

[HDD (BASE 65) ]
TOTAL THIS MO.     0    CLEAR  (SCALE 0-3)  12
DPTR FM NORMAL     0    PTCLDY (SCALE 4-7)   3
TOTAL FM JUL 1     0    CLOUDY (SCALE 8-10)  0
DPTR FM NORMAL     0

[CDD (BASE 65) ]
TOTAL THIS MO.   255
DPTR FM NORMAL     7    [PRESSURE DATA]
TOTAL FM JAN 1  4835    HIGHEST SLP M ON M
DPTR FM NORMAL  -524    LOWEST  SLP 29.83 ON  8

[REMARKS]
