000
CXUS53 KGRB 171015
CF6ISW
PRELIMINARY LOCAL CLIMATOLOGICAL DATA (WS FORM: F-6)

                                          STATION:   WISCONSIN RAPIDS ASOS
                                          MONTH:     DECEMBER
                                          YEAR:      2017
                                          LATITUDE:   44 22 N
                                          LONGITUDE:  89 50 W

  TEMPERATURE IN F:       :PCPN:    SNOW:  WIND      :SUNSHINE: SKY     :PK WND
================================================================================
1   2   3   4   5  6A  6B    7    8   9   10  11  12  13   14  15   16   17  18
                                     12Z  AVG MX 2MIN
DY MAX MIN AVG DEP HDD CDD  WTR  SNW DPTH SPD SPD DIR MIN PSBL S-S WX    SPD DR
================================================================================

 1  51  20  36  11  29   0    T  0.0    0  4.7 14 220   M    M   2        21 210
 2  50  23  37  12  28   0    T    M    0  4.6 15 200   M    M   0        25 200
 3  51  21  36  12  29   0 0.00  0.0    0  4.2 12 200   M    M   2        15 130
 4  60  40  50  26  15   0 0.44    M    0 12.8 30 240   M    M  10 13     42 240
 5  40  19  30   7  35   0    T    M    0 18.5 29 240   M    M   8 1      45 270
 6  22  15  19  -4  46   0    T    M    0 13.8 22 290   M    M   8 1      29 290
 7  21  11  16  -6  49   0    M    M    M 11.3 22 310   M    M   5 1      27 310
 8  28  15  22   0  43   0    M    M    M  6.4 13 280   M    M  10 1      19 280
 9  26  12  19  -3  46   0    M    M    M  9.4 20 350   M    M   6 1      26 350
10  25  15  20  -1  45   0    M    M    M  5.8 14 340   M    M   9        20 340
11  30  15  23   2  42   0 0.06    M    M  9.7 26 360   M    M   9 1      35 360
12  18   9  14  -7  51   0    T    M    M  9.0 20 340   M    M   7        24 330
13  22   9  16  -4  49   0    M    M    M  9.9 18 120   M    M   9 1      24 120
14  23  -3  10 -10  55   0    M    M    M  3.8 13 290   M    M   6        17 270
15  23  19  21   1  44   0 0.02    M    0  7.1 15 320   M    M  10 1      21 310
16  24  17  21   2  44   0 0.02    M    0  8.9 16 100   M    M  10 1      20 110
================================================================================
SM  514  257       650   0  0.54     0.0 139.9          M      111
================================================================================
AV 32.1 16.1                               8.7 FASTST   M    M   7    MAX(MPH)
                                 MISC ---->  # 30 240               # 45  270
================================================================================
NOTES:
# LAST OF SEVERAL OCCURRENCES

COLUMN 17 PEAK WIND IN M.P.H.

PRELIMINARY LOCAL CLIMATOLOGICAL DATA (WS FORM: F-6) , PAGE 2

                                          STATION:  WISCONSIN RAPIDS ASOS
                                          MONTH:    DECEMBER
                                          YEAR:     2017
                                          LATITUDE:   44 22 N
                                          LONGITUDE:  89 50 W

[TEMPERATURE DATA]      [PRECIPITATION DATA]       SYMBOLS USED IN COLUMN 16

AVERAGE MONTHLY: 24.1   TOTAL FOR MONTH:   0.54    1 = FOG OR MIST
DPTR FM NORMAL:   2.1   DPTR FM NORMAL:   -0.09    2 = FOG REDUCING VISIBILITY
HIGHEST:    60 ON  4    GRTST 24HR  0.44 ON  4- 4      TO 1/4 MILE OR LESS
LOWEST:     -3 ON 14                               3 = THUNDER
                        SNOW, ICE PELLETS, HAIL    4 = ICE PELLETS
                        TOTAL MONTH:   0.0 INCH    5 = HAIL
                        GRTST 24HR     0.0         6 = FREEZING RAIN OR DRIZZLE
                        GRTST DEPTH:   0           7 = DUSTSTORM OR SANDSTORM:
                                                       VSBY 1/2 MILE OR LESS
                                                   8 = SMOKE OR HAZE
[NO. OF DAYS WITH]      [WEATHER - DAYS WITH]      9 = BLOWING SNOW
                                                   X = TORNADO
MAX 32 OR BELOW:  11    0.01 INCH OR MORE:   4
MAX 90 OR ABOVE:   0    0.10 INCH OR MORE:   1
MIN 32 OR BELOW:  15    0.50 INCH OR MORE:   0
MIN  0 OR BELOW:   1    1.00 INCH OR MORE:   0

[HDD (BASE 65) ]
TOTAL THIS MO.   650    CLEAR  (SCALE 0-3)   3
DPTR FM NORMAL   -38    PTCLDY (SCALE 4-7)   6
TOTAL FM JUL 1  2202    CLOUDY (SCALE 8-10)  7
DPTR FM NORMAL  -264

[CDD (BASE 65) ]
TOTAL THIS MO.     0
DPTR FM NORMAL     0    [PRESSURE DATA]
TOTAL FM JAN 1   495    HIGHEST SLP M ON M
DPTR FM NORMAL    33    LOWEST  SLP 29.23 ON  4

[REMARKS]
