000
CXUS52 TJSJ 210444
CF6ISX
PRELIMINARY LOCAL CLIMATOLOGICAL DATA (WS FORM: F-6)

                                          STATION:   HENRY E. ROHLSEN AP/ST CROIX
                                          MONTH:     AUGUST
                                          YEAR:      2018
                                          LATITUDE:   17 42 N
                                          LONGITUDE:  64 48 W

  TEMPERATURE IN F:       :PCPN:    SNOW:  WIND      :SUNSHINE: SKY     :PK WND
================================================================================
1   2   3   4   5  6A  6B    7    8   9   10  11  12  13   14  15   16   17  18
                                     12Z  AVG MX 2MIN
DY MAX MIN AVG DEP HDD CDD  WTR  SNW DPTH SPD SPD DIR MIN PSBL S-S WX    SPD DR
================================================================================

 1  90  78  84   0   0  19 0.14  0.0    0 13.3 24 100   M    M   3 1      29  80
 2  90  77  84   0   0  19 0.00  0.0    0 13.2 23 100   M    M   3        28 100
 3  90  79  85   1   0  20 0.02  0.0    0 12.9 20  60   M    M   3        24  90
 4  90  77  84   0   0  19 0.07  0.0    0 11.7 22 100   M    M   4 1      27 100
 5  90  79  85   1   0  20 0.05  0.0    0 11.4 20  70   M    M   4 1      24 100
 6  90  77  84   0   0  19 0.01  0.0    0 13.0 21 110   M    M   3 1      27 120
 7  90  79  85   1   0  20 0.00  0.0    0 11.2 18 110   M    M   2        23 110
 8  90  78  84   0   0  19 0.00  0.0    0  9.7 18 110   M    M   2        23  70
 9  89  76  83  -1   0  18 0.00  0.0    0  8.6 15 110   M    M   2        21 100
10  91  76  84   0   0  19 0.00  0.0    0 11.9 22 100   M    M   2        28 100
11  92  79  86   2   0  21 0.01  0.0    0 12.9 23 110   M    M   4        28 100
12  92  80  86   2   0  21 0.01  0.0    0 17.2 28  90   M    M   4        33  90
13  91  78  85   1   0  20 0.06  0.0    0 11.4 21 100   M    M   3 1      25 100
14  91  80  86   2   0  21    T  0.0    0 12.9 21 110   M    M   3        27 100
15  92  79  86   2   0  21    T  0.0    0 11.7 22 100   M    M   3        26 100
16  92  78  85   1   0  20 0.32  0.0    0 12.0 24  90   M    M   3 1      31  80
17  91  78  85   1   0  20 0.01  0.0    0 11.4 23 110   M    M   4 1      29 110
18  91  77  84   0   0  19 0.00  0.0    0 10.7 20  90   M    M   4        24  90
19  91  79  85   1   0  20 0.00  0.0    0 13.7 23 100   M    M   4        27 110
20  91  79  85   1   0  20 0.04  0.0    0 13.1 20  90   M    M   4 1      25  90
================================================================================
SM 1814 1563         0 395  0.74     0.0 243.9          M       64
================================================================================
AV 90.7 78.2                              12.2 FASTST   M    M   3    MAX(MPH)
                                 MISC ---->  # 28  90               # 33   90
================================================================================
NOTES:
# LAST OF SEVERAL OCCURRENCES

COLUMN 17 PEAK WIND IN M.P.H.

PRELIMINARY LOCAL CLIMATOLOGICAL DATA (WS FORM: F-6) , PAGE 2

                                          STATION:  HENRY E. ROHLSEN AP/ST CROIX
                                          MONTH:    AUGUST
                                          YEAR:     2018
                                          LATITUDE:   17 42 N
                                          LONGITUDE:  64 48 W

[TEMPERATURE DATA]      [PRECIPITATION DATA]       SYMBOLS USED IN COLUMN 16

AVERAGE MONTHLY: 84.4   TOTAL FOR MONTH:   0.74    1 = FOG OR MIST
DPTR FM NORMAL:   0.4   DPTR FM NORMAL:   -1.18    2 = FOG REDUCING VISIBILITY
HIGHEST:    92 ON 16,15 GRTST 24HR  0.32 ON 16-16      TO 1/4 MILE OR LESS
LOWEST:     76 ON 10, 9                            3 = THUNDER
                        SNOW, ICE PELLETS, HAIL    4 = ICE PELLETS
                        TOTAL MONTH:   0.0 INCH    5 = HAIL
                        GRTST 24HR     0.0         6 = FREEZING RAIN OR DRIZZLE
                        GRTST DEPTH:   0           7 = DUSTSTORM OR SANDSTORM:
                                                       VSBY 1/2 MILE OR LESS
                                                   8 = SMOKE OR HAZE
[NO. OF DAYS WITH]      [WEATHER - DAYS WITH]      9 = BLOWING SNOW
                                                   X = TORNADO
MAX 32 OR BELOW:   0    0.01 INCH OR MORE:  11
MAX 90 OR ABOVE:  19    0.10 INCH OR MORE:   2
MIN 32 OR BELOW:   0    0.50 INCH OR MORE:   0
MIN  0 OR BELOW:   0    1.00 INCH OR MORE:   0

[HDD (BASE 65) ]
TOTAL THIS MO.     0    CLEAR  (SCALE 0-3)  10
DPTR FM NORMAL     0    PTCLDY (SCALE 4-7)  10
TOTAL FM JUL 1     0    CLOUDY (SCALE 8-10)  0
DPTR FM NORMAL     0

[CDD (BASE 65) ]
TOTAL THIS MO.   395
DPTR FM NORMAL    15    [PRESSURE DATA]
TOTAL FM JAN 1  3641    HIGHEST SLP M ON M
DPTR FM NORMAL    -9    LOWEST  SLP 29.94 ON 14

[REMARKS]
