000
CXHW53 PHFO 191250
CF6ITO
PRELIMINARY LOCAL CLIMATOLOGICAL DATA (WS FORM: F-6)

                                          STATION:   HILO HI
                                          MONTH:     OCTOBER
                                          YEAR:      2018
                                          LATITUDE:   19 43 N
                                          LONGITUDE: 155  4 W

  TEMPERATURE IN F:       :PCPN:    SNOW:  WIND      :SUNSHINE: SKY     :PK WND
================================================================================
1   2   3   4   5  6A  6B    7    8   9   10  11  12  13   14  15   16   17  18
                                     12Z  AVG MX 2MIN
DY MAX MIN AVG DEP HDD CDD  WTR  SNW DPTH SPD SPD DIR MIN PSBL S-S WX    SPD DR
================================================================================

 1  87  68  78   2   0  13 0.00  0.0    M  6.9 15  80   M    M   M        19  80
 2  88  69  79   3   0  14 0.03  0.0    M  6.8 15 110   M    M   M        19  90
 3  87  70  79   3   0  14 0.31  0.0    M  6.5 14  40   M    M   M 18     18  30
 4  83  73  78   2   0  13 0.12  0.0    M  4.0 12 250   M    M   M 1      13 250
 5  85  70  78   2   0  13 0.12  0.0    M  6.4 18 100   M    M   M 18     22 100
 6  84  72  78   2   0  13 1.00  0.0    M  5.2 12 270   M    M   M 1      13  20
 7  79  71  75  -1   0  10 2.90  0.0    M  6.3 15 120   M    M   M 18     19 130
 8  84  71  78   2   0  13 1.12  0.0    M  6.9 17  70   M    M   M 18     20  70
 9  84  69  77   1   0  12 0.30  0.0    M  6.1 13  40   M    M   M 1      16  40
10  84  67  76   0   0  11 1.54  0.0    M  6.7 14  60   M    M   M 1      17  40
11  83  69  76   0   0  11 0.35  0.0    M  4.4 13 360   M    M   M 18     15  10
12  85  71  78   2   0  13 0.58  0.0    M  5.2 14  90   M    M   M 13     19 120
13  83  71  77   1   0  12 0.43  0.0    M  4.8 12 340   M    M   M 1      14  50
14  84  70  77   1   0  12    T  0.0    M  6.9 15 360   M    M   M 18     19  20
15  84  72  78   2   0  13 0.20  0.0    M  6.7 14  40   M    M   M 1      17  30
16  82  72  77   1   0  12 0.80  0.0    M  6.2 13 360   M    M   M 18     16 350
17  81  72  77   1   0  12 1.43  0.0    M  5.2 13 330   M    M   M 1      17 350
18  78  73  76   0   0  11 0.41  0.0    M  4.5  9  10   M    M   M 1      12 240
================================================================================
SM 1505 1270         0 222 11.64     0.0 105.7          M        M
================================================================================
AV 83.6 70.6                               5.9 FASTST   M    M   0    MAX(MPH)
                                 MISC ---->  # 18 100               # 22  100
================================================================================
NOTES:
# LAST OF SEVERAL OCCURRENCES

COLUMN 17 PEAK WIND IN M.P.H.

PRELIMINARY LOCAL CLIMATOLOGICAL DATA (WS FORM: F-6) , PAGE 2

                                          STATION:  HILO HI
                                          MONTH:    OCTOBER
                                          YEAR:     2018
                                          LATITUDE:   19 43 N
                                          LONGITUDE: 155  4 W

[TEMPERATURE DATA]      [PRECIPITATION DATA]       SYMBOLS USED IN COLUMN 16

AVERAGE MONTHLY: 77.1   TOTAL FOR MONTH:  11.64    1 = FOG OR MIST
DPTR FM NORMAL:   1.1   DPTR FM NORMAL:    6.38    2 = FOG REDUCING VISIBILITY
HIGHEST:    88 ON  2    GRTST 24HR  2.90 ON  7- 7      TO 1/4 MILE OR LESS
LOWEST:     67 ON 10                               3 = THUNDER
                        SNOW, ICE PELLETS, HAIL    4 = ICE PELLETS
                        TOTAL MONTH:   0.0 INCH    5 = HAIL
                        GRTST 24HR     0.0         6 = FREEZING RAIN OR DRIZZLE
                        GRTST DEPTH:  M  ON   M    7 = DUSTSTORM OR SANDSTORM:
                                                       VSBY 1/2 MILE OR LESS
                                                   8 = SMOKE OR HAZE
[NO. OF DAYS WITH]      [WEATHER - DAYS WITH]      9 = BLOWING SNOW
                                                   X = TORNADO
MAX 32 OR BELOW:   0    0.01 INCH OR MORE:  16
MAX 90 OR ABOVE:   0    0.10 INCH OR MORE:  15
MIN 32 OR BELOW:   0    0.50 INCH OR MORE:   7
MIN  0 OR BELOW:   0    1.00 INCH OR MORE:   5

[HDD (BASE 65) ]
TOTAL THIS MO.     0    CLEAR  (SCALE 0-3)   0
DPTR FM NORMAL     0    PTCLDY (SCALE 4-7)   0
TOTAL FM JUL 1     0    CLOUDY (SCALE 8-10)  0
DPTR FM NORMAL     0

[CDD (BASE 65) ]
TOTAL THIS MO.   222
DPTR FM NORMAL    24    [PRESSURE DATA]
TOTAL FM JAN 1  3180    HIGHEST SLP M ON M
DPTR FM NORMAL   574    LOWEST  SLP 29.85 ON M

[REMARKS]
