000
CXHW53 PHFO 181250
CF6ITO
PRELIMINARY LOCAL CLIMATOLOGICAL DATA (WS FORM: F-6)

                                          STATION:   HILO HI
                                          MONTH:     JULY
                                          YEAR:      2018
                                          LATITUDE:   19 43 N
                                          LONGITUDE: 155  4 W

  TEMPERATURE IN F:       :PCPN:    SNOW:  WIND      :SUNSHINE: SKY     :PK WND
================================================================================
1   2   3   4   5  6A  6B    7    8   9   10  11  12  13   14  15   16   17  18
                                     12Z  AVG MX 2MIN
DY MAX MIN AVG DEP HDD CDD  WTR  SNW DPTH SPD SPD DIR MIN PSBL S-S WX    SPD DR
================================================================================

 1  83  68  76   0   0  11 0.12  0.0    M  5.7  9 160   M    M   M 18     12  70
 2  85  71  78   2   0  13 0.16  0.0    M  5.8 16  70   M    M   M 18     19  80
 3  84  70  77   1   0  12 0.07  0.0    M  6.5 15  70   M    M   M 1      19  60
 4  85  71  78   2   0  13 0.09  0.0    M  5.8 17  70   M    M   M 1      20  40
 5  85  73  79   3   0  14 0.41  0.0    M  6.3 15  50   M    M   M 18     18  50
 6  83  74  79   3   0  14 0.39  0.0    M  8.4 18  60   M    M   M 18     22  70
 7  84  69  77   1   0  12 0.51  0.0    M  5.8 17 110   M    M   M 18     22  70
 8  85  70  78   2   0  13    T  0.0    M  6.0 16  80   M    M   M        20  80
 9  82  72  77   1   0  12 0.06  0.0    M  6.0 14  80   M    M   M 1      19  80
10  84  71  78   2   0  13    T  0.0    M  5.7 14  70   M    M   M        19  80
11  84  71  78   2   0  13 0.01  0.0    M  7.6 16  40   M    M   M        21  30
12  85  73  79   3   0  14 0.23  0.0    M  6.3 15  90   M    M   M 18     18  90
13  86  71  79   3   0  14 0.25  0.0    M  5.6 15  50   M    M   M 18     18  50
14  85  74  80   4   0  15 0.53  0.0    M  5.7 17 130   M    M   M 18     20 130
15  86  73  80   4   0  15 0.01  0.0    M  3.9 15 130   M    M   M        20 120
16  86  73  80   4   0  15 0.13  0.0    M  6.7 17  80   M    M   M 1      20  80
17  86  73  80   4   0  15 0.29  0.0    M  5.8 16 110   M    M   M 1      19 120
================================================================================
SM 1438 1217         0 228  3.26     0.0 103.6          M        M
================================================================================
AV 84.6 71.6                               6.1 FASTST   M    M   0    MAX(MPH)
                                 MISC ---->  # 18  60               # 22   70
================================================================================
NOTES:
# LAST OF SEVERAL OCCURRENCES

COLUMN 17 PEAK WIND IN M.P.H.

PRELIMINARY LOCAL CLIMATOLOGICAL DATA (WS FORM: F-6) , PAGE 2

                                          STATION:  HILO HI
                                          MONTH:    JULY
                                          YEAR:     2018
                                          LATITUDE:   19 43 N
                                          LONGITUDE: 155  4 W

[TEMPERATURE DATA]      [PRECIPITATION DATA]       SYMBOLS USED IN COLUMN 16

AVERAGE MONTHLY: 78.1   TOTAL FOR MONTH:   3.26    1 = FOG OR MIST
DPTR FM NORMAL:   2.1   DPTR FM NORMAL:   -2.37    2 = FOG REDUCING VISIBILITY
HIGHEST:    86 ON 17,16 GRTST 24HR  0.53 ON 14-14      TO 1/4 MILE OR LESS
LOWEST:     68 ON  1                               3 = THUNDER
                        SNOW, ICE PELLETS, HAIL    4 = ICE PELLETS
                        TOTAL MONTH:   0.0 INCH    5 = HAIL
                        GRTST 24HR     0.0         6 = FREEZING RAIN OR DRIZZLE
                        GRTST DEPTH:  M  ON   M    7 = DUSTSTORM OR SANDSTORM:
                                                       VSBY 1/2 MILE OR LESS
                                                   8 = SMOKE OR HAZE
[NO. OF DAYS WITH]      [WEATHER - DAYS WITH]      9 = BLOWING SNOW
                                                   X = TORNADO
MAX 32 OR BELOW:   0    0.01 INCH OR MORE:  15
MAX 90 OR ABOVE:   0    0.10 INCH OR MORE:  10
MIN 32 OR BELOW:   0    0.50 INCH OR MORE:   2
MIN  0 OR BELOW:   0    1.00 INCH OR MORE:   0

[HDD (BASE 65) ]
TOTAL THIS MO.     0    CLEAR  (SCALE 0-3)   0
DPTR FM NORMAL     0    PTCLDY (SCALE 4-7)   0
TOTAL FM JUL 1     0    CLOUDY (SCALE 8-10)  0
DPTR FM NORMAL     0

[CDD (BASE 65) ]
TOTAL THIS MO.   228
DPTR FM NORMAL    41    [PRESSURE DATA]
TOTAL FM JAN 1  1965    HIGHEST SLP M ON M
DPTR FM NORMAL   404    LOWEST  SLP 29.92 ON  4

[REMARKS]
