000
CXUS55 KEAX 180736
CF6IXD
PRELIMINARY LOCAL CLIMATOLOGICAL DATA (WS FORM: F-6)

                                          STATION:   New Century Air Center KS
                                          MONTH:     OCTOBER
                                          YEAR:      2018
                                          LATITUDE:   38 49 N
                                          LONGITUDE:  94 54 W

  TEMPERATURE IN F:       :PCPN:    SNOW:  WIND      :SUNSHINE: SKY     :PK WND
================================================================================
1   2   3   4   5  6A  6B    7    8   9   10  11  12  13   14  15   16   17  18
                                     12Z  AVG MX 2MIN
DY MAX MIN AVG DEP HDD CDD  WTR  SNW DPTH SPD SPD DIR MIN PSBL S-S WX    SPD DR
================================================================================

 1  80  61  71   9   0   6 0.00    M    M 10.3 20 200   M    M   5 1      27 190
 2  86  57  72  11   0   7 0.00    M    M  9.6 22 200   M    M   3 12     31 190
 3  90  65  78  17   0  13 0.05    M    M 17.5 33 200   M    M   1        47 190
 4  65  52  59  -1   6   0 0.16    M    M 11.1 21  10   M    M   8        27  20
 5  84  53  69   9   0   4 0.11    M    M  6.4 18 170   M    M   7 13     26 170
 6  74  52  63   3   2   0 2.01    M    M 10.7 23 340   M    M  10 13     29 340
 7  68  53  61   1   4   0 3.47    M    M  5.7 23 270   M    M  10 13     42 290
 8  81  65  73  14   0   8 1.84    M    M  7.3 20 160   M    M   6 13     27 160
 9  74  62  68   9   0   3 2.38    M    M  9.2 21 210   M    M   8 13     28 200
10  62  46  54  -4  11   0 0.02    M    M 11.6 23 270   M    M   9 1      29 280
11  54  37  46 -12  19   0 0.00    M    M  8.0 20 320   M    M   5        25 330
12  49  44  47 -11  18   0 0.52    M    M  3.8 10 120   M    M  10 1      13 110
13  56  44  50  -7  15   0 0.00    M    M  6.9 15 130   M    M   7 12     20 120
14  51  33  42 -15  23   0 0.42    M    M 12.1 28 340   M    M  10 1      37 310
15  45  31  38 -19  27   0    T    M    M  8.4 20 340   M    M   4 1      26 350
16  61  27  44 -12  21   0 0.00    M    M  6.9 15 220   M    M   0        21 300
17  66  41  54  -2  11   0 0.00    M    M  5.2 14 360   M    M   0        23 330
================================================================================
SM 1146  823       157  41 10.98    M    150.7          M      103
================================================================================
AV 67.4 48.4                               8.9 FASTST   M    M   6    MAX(MPH)
                                 MISC ---->  # 33 200               # 47  190
================================================================================
NOTES:
# LAST OF SEVERAL OCCURRENCES

COLUMN 17 PEAK WIND IN M.P.H.

PRELIMINARY LOCAL CLIMATOLOGICAL DATA (WS FORM: F-6) , PAGE 2

                                          STATION:  New Century Air Center KS
                                          MONTH:    OCTOBER
                                          YEAR:     2018
                                          LATITUDE:   38 49 N
                                          LONGITUDE:  94 54 W

[TEMPERATURE DATA]      [PRECIPITATION DATA]       SYMBOLS USED IN COLUMN 16

AVERAGE MONTHLY: 57.9   TOTAL FOR MONTH:  10.98    1 = FOG OR MIST
DPTR FM NORMAL:  -0.9   DPTR FM NORMAL:    8.89    2 = FOG REDUCING VISIBILITY
HIGHEST:    90 ON  3    GRTST 24HR  3.47 ON  7- 7      TO 1/4 MILE OR LESS
LOWEST:     27 ON 16                               3 = THUNDER
                        SNOW, ICE PELLETS, HAIL    4 = ICE PELLETS
                        TOTAL MONTH:    M          5 = HAIL
                        GRTST 24HR    M  ON   M    6 = FREEZING RAIN OR DRIZZLE
                        GRTST DEPTH:  M  ON   M    7 = DUSTSTORM OR SANDSTORM:
                                                       VSBY 1/2 MILE OR LESS
                                                   8 = SMOKE OR HAZE
[NO. OF DAYS WITH]      [WEATHER - DAYS WITH]      9 = BLOWING SNOW
                                                   X = TORNADO
MAX 32 OR BELOW:   0    0.01 INCH OR MORE:  10
MAX 90 OR ABOVE:   1    0.10 INCH OR MORE:   8
MIN 32 OR BELOW:   2    0.50 INCH OR MORE:   5
MIN  0 OR BELOW:   0    1.00 INCH OR MORE:   4

[HDD (BASE 65) ]
TOTAL THIS MO.   157    CLEAR  (SCALE 0-3)   4
DPTR FM NORMAL    31    PTCLDY (SCALE 4-7)   8
TOTAL FM JUL 1   196    CLOUDY (SCALE 8-10)  5
DPTR FM NORMAL    10

[CDD (BASE 65) ]
TOTAL THIS MO.    41
DPTR FM NORMAL    19    [PRESSURE DATA]
TOTAL FM JAN 1  1911    HIGHEST SLP  0.00 ON M
DPTR FM NORMAL   561    LOWEST  SLP  0.00 ON M

[REMARKS]
