574
CXUS55 KEAX 190736
CF6IXD
PRELIMINARY LOCAL CLIMATOLOGICAL DATA (WS FORM: F-6)

                                          STATION:   New Century Air Center KS
                                          MONTH:     JULY
                                          YEAR:      2018
                                          LATITUDE:   38 49 N
                                          LONGITUDE:  94 54 W

  TEMPERATURE IN F:       :PCPN:    SNOW:  WIND      :SUNSHINE: SKY     :PK WND
================================================================================
1   2   3   4   5  6A  6B    7    8   9   10  11  12  13   14  15   16   17  18
                                     12Z  AVG MX 2MIN
DY MAX MIN AVG DEP HDD CDD  WTR  SNW DPTH SPD SPD DIR MIN PSBL S-S WX    SPD DR
================================================================================

 1  86  69  78   1   0  13 0.34    M    M  9.1 18 280   M    M   5 1      27 300
 2  90  63  77   0   0  12 0.00    M    M  5.6 15 120   M    M   0        21 120
 3  98  74  86   9   0  21 0.00    M    M  9.9 16 150   M    M   1        23 160
 4  95  74  85   8   0  20 0.00    M    M  8.3 20 160   M    M   1        28 120
 5  97  73  85   8   0  20 0.00    M    M  7.0 18  10   M    M   1 138    24 330
 6  96  74  85   8   0  20 0.00    M    M  8.3 16  50   M    M   2        20  70
 7  90  69  80   2   0  15 0.00    M    M  8.1 14 140   M    M   0 8      18 120
 8  92  64  78   0   0  13 0.00    M    M  7.7 14 150   M    M   0        20 130
 9  96  68  82   4   0  17 0.00    M    M  4.4 10 160   M    M   1 8      17 160
10  99  71  85   7   0  20 0.00    M    M  3.7 13 140   M    M   1 8      18 100
11  99  72  86   8   0  21 0.00    M    M  5.0 15 130   M    M   0        21 140
12 101  77  89  11   0  24 0.00    M    M  7.6 16 150   M    M   1        23 190
13  99  75  87   9   0  22 0.00    M    M  8.3 20 200   M    M   0        27 160
14  91  72  82   4   0  17 0.64    M    M  5.3 17 180   M    M   3 138    20 280
15  95  69  82   4   0  17 0.00    M    M  3.3 10 140   M    M   2 1      14 130
16  96  74  85   7   0  20 0.01    M    M  5.5 18 290   M    M   2        23 300
17  85  72  79   0   0  14 0.46    M    M  6.8 22 360   M    M   4 13     30 350
18  88  71  80   1   0  15 0.28    M    M  7.3 13 100   M    M   5 1      19 110
================================================================================
SM 1693 1281         0 321  1.73    M    121.2          M       29
================================================================================
AV 94.1 71.2                               6.7 FASTST   M    M   2    MAX(MPH)
                                 MISC ---->  # 22 360               # 30  350
================================================================================
NOTES:
# LAST OF SEVERAL OCCURRENCES

COLUMN 17 PEAK WIND IN M.P.H.

PRELIMINARY LOCAL CLIMATOLOGICAL DATA (WS FORM: F-6) , PAGE 2

                                          STATION:  New Century Air Center KS
                                          MONTH:    JULY
                                          YEAR:     2018
                                          LATITUDE:   38 49 N
                                          LONGITUDE:  94 54 W

[TEMPERATURE DATA]      [PRECIPITATION DATA]       SYMBOLS USED IN COLUMN 16

AVERAGE MONTHLY: 82.6   TOTAL FOR MONTH:   1.73    1 = FOG OR MIST
DPTR FM NORMAL:   4.8   DPTR FM NORMAL:   -0.98    2 = FOG REDUCING VISIBILITY
HIGHEST:   101 ON 12    GRTST 24HR  0.64 ON 14-14      TO 1/4 MILE OR LESS
LOWEST:     63 ON  2                               3 = THUNDER
                        SNOW, ICE PELLETS, HAIL    4 = ICE PELLETS
                        TOTAL MONTH:    M          5 = HAIL
                        GRTST 24HR    M  ON   M    6 = FREEZING RAIN OR DRIZZLE
                        GRTST DEPTH:  M  ON   M    7 = DUSTSTORM OR SANDSTORM:
                                                       VSBY 1/2 MILE OR LESS
                                                   8 = SMOKE OR HAZE
[NO. OF DAYS WITH]      [WEATHER - DAYS WITH]      9 = BLOWING SNOW
                                                   X = TORNADO
MAX 32 OR BELOW:   0    0.01 INCH OR MORE:   5
MAX 90 OR ABOVE:  15    0.10 INCH OR MORE:   4
MIN 32 OR BELOW:   0    0.50 INCH OR MORE:   1
MIN  0 OR BELOW:   0    1.00 INCH OR MORE:   0

[HDD (BASE 65) ]
TOTAL THIS MO.     0    CLEAR  (SCALE 0-3)  15
DPTR FM NORMAL     0    PTCLDY (SCALE 4-7)   3
TOTAL FM JUL 1     0    CLOUDY (SCALE 8-10)  0
DPTR FM NORMAL     0

[CDD (BASE 65) ]
TOTAL THIS MO.   321
DPTR FM NORMAL    92    [PRESSURE DATA]
TOTAL FM JAN 1  1054    HIGHEST SLP  0.00 ON M
DPTR FM NORMAL   447    LOWEST  SLP  0.00 ON M

[REMARKS]
