000
CXUS55 KRIW 240945
CF6JAC
PRELIMINARY LOCAL CLIMATOLOGICAL DATA (WS FORM: F-6)

                                          STATION:   JACKSON  WY
                                          MONTH:     JUNE
                                          YEAR:      2018
                                          LATITUDE:   43 35 N
                                          LONGITUDE: 110 44 W

  TEMPERATURE IN F:       :PCPN:    SNOW:  WIND      :SUNSHINE: SKY     :PK WND
================================================================================
1   2   3   4   5  6A  6B    7    8   9   10  11  12  13   14  15   16   17  18
                                     12Z  AVG MX 2MIN
DY MAX MIN AVG DEP HDD CDD  WTR  SNW DPTH SPD SPD DIR MIN PSBL S-S WX    SPD DR
================================================================================

 1  54  43  49  -2  16   0 0.03    M    M 10.7 17 260   M    M  10 1      24 240
 2  66  29  48  -3  17   0 0.00    M    M  3.8  8  10   M    M   1         M  M
 3  76  34  55   4  10   0 0.00  0.0    M  4.7  9 210   M    M   0         M  M
 4  79  37  58   6   7   0 0.00  0.0    M  7.4 22 230   M    M   0        30 220
 5  77  42  60   8   5   0 0.00  0.0    M  8.0 17 270   M    M   0        24 270
 6  80  37  59   7   6   0 0.00  0.0    M  5.0 10  20   M    M   0 3       M  M
 7  79  39  59   7   6   0 0.00  0.0    M  6.7 15 220   M    M   0 3      27 220
 8  76  41  59   6   6   0 0.00    M    M  5.5 12 280   M    M   1         M  M
 9  81  39  60   7   5   0 0.00    M    M  6.3 22 210   M    M   0        35 200
10  59  38  49  -4  16   0 0.00    M    M 12.4 25 260   M    M   2        38 280
11  62  35  49  -4  16   0    T    M    M 14.8 28 230   M    M   6        37 250
12  69  27  48  -6  17   0 0.00    M    M  5.9 12 230   M    M   0        20 240
13  81  54  68  14   0   3 0.00    M    M  6.5 17 210   M    M   1        32 230
14  77  43  60   6   5   0 0.00    M    M  9.1 20 250   M    M   1        32 250
15  62  43  53  -1  12   0    T    M    M  6.8 17  20   M    M   6        22  20
16  64  45  55   0  10   0 0.17    M    M  9.1 16  20   M    M   6 3      17 190
17  62  47  55   0  10   0 1.12    M    M 11.6 18  10   M    M   9 13     24 360
18  54  42  48  -7  17   0 0.63    M    M  5.8 13  20   M    M   7 13     37 220
19  61  36  49  -7  16   0 0.04    M    M  5.2 15 260   M    M   9 12     16 250
20  67  44  56   0   9   0    T    M    M  3.2  7 260   M    M   7         M  M
21  76  39  58   2   7   0    T    M    M  9.8 20 260   M    M   1        33 240
22  69  45  57   1   8   0    T    M    0  6.6 10  20   M    M   6        17 240
23  68  38  53  -4  12   0 0.07    M    M  7.2 23 320   M    M   3 13     36 320
================================================================================
SM 1599  917       233   3  2.06     0.0 172.1          M       76
================================================================================
AV 69.5 39.9                               7.5 FASTST   M    M   3    MAX(MPH)
                                 MISC ---->  # 28 230               # 38  280
================================================================================
NOTES:
# LAST OF SEVERAL OCCURRENCES

COLUMN 17 PEAK WIND IN M.P.H.

PRELIMINARY LOCAL CLIMATOLOGICAL DATA (WS FORM: F-6) , PAGE 2

                                          STATION:  JACKSON  WY
                                          MONTH:    JUNE
                                          YEAR:     2018
                                          LATITUDE:   43 35 N
                                          LONGITUDE: 110 44 W

[TEMPERATURE DATA]      [PRECIPITATION DATA]       SYMBOLS USED IN COLUMN 16

AVERAGE MONTHLY: 54.7   TOTAL FOR MONTH:   2.06    1 = FOG OR MIST
DPTR FM NORMAL:   1.0   DPTR FM NORMAL:    0.73    2 = FOG REDUCING VISIBILITY
HIGHEST:    81 ON 13, 9 GRTST 24HR  1.12 ON 17-17      TO 1/4 MILE OR LESS
LOWEST:     27 ON 12                               3 = THUNDER
                        SNOW, ICE PELLETS, HAIL    4 = ICE PELLETS
                        TOTAL MONTH:   0.0 INCH    5 = HAIL
                        GRTST 24HR     0.0         6 = FREEZING RAIN OR DRIZZLE
                        GRTST DEPTH:   0           7 = DUSTSTORM OR SANDSTORM:
                                                       VSBY 1/2 MILE OR LESS
                                                   8 = SMOKE OR HAZE
[NO. OF DAYS WITH]      [WEATHER - DAYS WITH]      9 = BLOWING SNOW
                                                   X = TORNADO
MAX 32 OR BELOW:   0    0.01 INCH OR MORE:   6
MAX 90 OR ABOVE:   0    0.10 INCH OR MORE:   3
MIN 32 OR BELOW:   2    0.50 INCH OR MORE:   2
MIN  0 OR BELOW:   0    1.00 INCH OR MORE:   1

[HDD (BASE 65) ]
TOTAL THIS MO.   233    CLEAR  (SCALE 0-3)  13
DPTR FM NORMAL   -28    PTCLDY (SCALE 4-7)   7
TOTAL FM JUL 1  9019    CLOUDY (SCALE 8-10)  3
DPTR FM NORMAL  -936

[CDD (BASE 65) ]
TOTAL THIS MO.     3
DPTR FM NORMAL     3    [PRESSURE DATA]
TOTAL FM JAN 1     3    HIGHEST SLP M ON M
DPTR FM NORMAL     3    LOWEST  SLP M ON M

[REMARKS]
