000
CXUS53 KLSX 161600
CF6JEF
PRELIMINARY LOCAL CLIMATOLOGICAL DATA (WS FORM: F-6)

                                          STATION:   JEFFERSON CITY
                                          MONTH:     OCTOBER
                                          YEAR:      2018
                                          LATITUDE:   38 35 N
                                          LONGITUDE:  92 10 W

  TEMPERATURE IN F:       :PCPN:    SNOW:  WIND      :SUNSHINE: SKY     :PK WND
================================================================================
1   2   3   4   5  6A  6B    7    8   9   10  11  12  13   14  15   16   17  18
                                     12Z  AVG MX 2MIN
DY MAX MIN AVG DEP HDD CDD  WTR  SNW DPTH SPD SPD DIR MIN PSBL S-S WX    SPD DR
================================================================================

 1  85  61  73  11   0   8 0.00  0.0    0  5.6 15 180   M    M   4 1      22 160
 2  89  67  78  16   0  13 0.00  0.0    0  4.7 13 180   M    M   3        21 240
 3  90  71  81  19   0  16 0.00  0.0    0  9.4 24 200   M    M   1        40 220
 4  79  55  67   6   0   2 0.26  0.0    0  4.8 16 360   M    M   9 13     25  20
 5  88  59  74  13   0   9 0.00  0.0    0  5.2 17 190   M    M   5 12     23 190
 6  84  63  74  13   0   9 0.79  0.0    0  5.7 20 350   M    M   4 13     32 360
 7  82  63  73  13   0   8 2.87  0.0    0  4.5 20 350   M    M   8 13     30 340
 8  86  66  76  16   0  11 0.00  0.0    0  8.2 18 160   M    M   2        26 160
 9  84  66  75  15   0  10 1.55  0.0    0  9.4 21 140   M    M   5 13     30 150
10  71  51  61   1   4   0 0.10  0.0    0 11.3 22 250   M    M  10 1      32 250
11  57  41  49 -10  16   0 0.00  0.0    0  8.2 17 290   M    M   4        26 290
12  47  39  43 -16  22   0 0.25  0.0    0  1.2  6  10   M    M   9 1       8  10
13  50  43  47 -11  18   0 0.04  0.0    0  6.2 10 140   M    M   9        15 130
14  56  44  50  -8  15   0 0.29  0.0    0  5.6 15 320   M    M  10 1      28 300
15  50  33  42 -16  23   0 0.01    M    0  6.2 17 310   M    M   5 1      27 300
================================================================================
SM 1098  822        98  86  6.16     0.0  96.2          M       88
================================================================================
AV 73.2 54.8                               6.4 FASTST   M    M   6    MAX(MPH)
                                 MISC ---->  # 24 200               # 40  220
================================================================================
NOTES:
# LAST OF SEVERAL OCCURRENCES

COLUMN 17 PEAK WIND IN M.P.H.

PRELIMINARY LOCAL CLIMATOLOGICAL DATA (WS FORM: F-6) , PAGE 2

                                          STATION:  JEFFERSON CITY
                                          MONTH:    OCTOBER
                                          YEAR:     2018
                                          LATITUDE:   38 35 N
                                          LONGITUDE:  92 10 W

[TEMPERATURE DATA]      [PRECIPITATION DATA]       SYMBOLS USED IN COLUMN 16

AVERAGE MONTHLY: 64.0   TOTAL FOR MONTH:   6.16    1 = FOG OR MIST
DPTR FM NORMAL:   3.9   DPTR FM NORMAL:    4.38    2 = FOG REDUCING VISIBILITY
HIGHEST:    90 ON  3    GRTST 24HR  2.87 ON  7- 7      TO 1/4 MILE OR LESS
LOWEST:     33 ON 15                               3 = THUNDER
                        SNOW, ICE PELLETS, HAIL    4 = ICE PELLETS
                        TOTAL MONTH:   0.0 INCH    5 = HAIL
                        GRTST 24HR     0.0         6 = FREEZING RAIN OR DRIZZLE
                        GRTST DEPTH:   0           7 = DUSTSTORM OR SANDSTORM:
                                                       VSBY 1/2 MILE OR LESS
                                                   8 = SMOKE OR HAZE
[NO. OF DAYS WITH]      [WEATHER - DAYS WITH]      9 = BLOWING SNOW
                                                   X = TORNADO
MAX 32 OR BELOW:   0    0.01 INCH OR MORE:   9
MAX 90 OR ABOVE:   1    0.10 INCH OR MORE:   7
MIN 32 OR BELOW:   0    0.50 INCH OR MORE:   3
MIN  0 OR BELOW:   0    1.00 INCH OR MORE:   2

[HDD (BASE 65) ]
TOTAL THIS MO.    98    CLEAR  (SCALE 0-3)   3
DPTR FM NORMAL     3    PTCLDY (SCALE 4-7)   7
TOTAL FM JUL 1   113    CLOUDY (SCALE 8-10)  5
DPTR FM NORMAL   -32

[CDD (BASE 65) ]
TOTAL THIS MO.    86
DPTR FM NORMAL    63    [PRESSURE DATA]
TOTAL FM JAN 1  1880    HIGHEST SLP M ON M
DPTR FM NORMAL   533    LOWEST  SLP 29.67 ON 10

[REMARKS]
