000
CXUS55 KBOI 201002
CF6JER
PRELIMINARY LOCAL CLIMATOLOGICAL DATA (WS FORM: F-6)

                                          STATION:   JEROME ID
                                          MONTH:     NOVEMBER
                                          YEAR:      2018
                                          LATITUDE:   42 43 N
                                          LONGITUDE: 114 27 W

  TEMPERATURE IN F:       :PCPN:    SNOW:  WIND      :SUNSHINE: SKY     :PK WND
================================================================================
1   2   3   4   5  6A  6B    7    8   9   10  11  12  13   14  15   16   17  18
                                     12Z  AVG MX 2MIN
DY MAX MIN AVG DEP HDD CDD  WTR  SNW DPTH SPD SPD DIR MIN PSBL S-S WX    SPD DR
================================================================================

 1  59  42  51   8  14   0    T    M    M 13.8 32 250   M    M   6        40 250
 2  61  41  51   9  14   0 0.00    M    M 13.6 31 260   M    M   2        41 260
 3  52  34  43   1  22   0 0.00    M    M 15.2 26 240   M    M   1        34 230
 4  57  39  48   6  17   0    T    M    M  9.5 31 270   M    M   6        39 280
 5  50  31  41   0  24   0 0.00    M    M 14.4 31 240   M    M   0        35 230
 6  49  27  38  -3  27   0 0.00    M    M 11.0 25 250   M    M   1        31 250
 7  45  22  34  -6  31   0 0.00    M    M  7.3 21 250   M    M   0        24 250
 8  42  24  33  -7  32   0 0.00    M    M  8.8 17 250   M    M   0        24 250
 9  46  18  32  -8  33   0 0.00    M    M  5.8 13  50   M    M   0        15  50
10  46  27  37  -2  28   0 0.00    M    M 13.1 28 250   M    M   3        63 230
11  40  20  30  -9  35   0 0.00    M    M  9.3 21 230   M    M   1 1      25 230
12  41  18  30  -8  35   0 0.00    M    M  7.1 16  70   M    M   0        20  60
13  49  22  36  -2  29   0 0.00    M    M 11.4 18  40   M    M   0        22  50
14  54  28  41   4  24   0 0.00    M    M  9.9 21  50   M    M   0        26  50
15  51  26  39   2  26   0 0.00    M    M  2.6 10  90   M    M   0        12  90
16  51  25  38   2  27   0    T    M    M  7.3 20 240   M    M   0        23 240
17  45  25  35  -1  30   0    T    M    M  8.7 16  60   M    M   4 1      20  80
18  44  21  33  -2  32   0 0.00    M    M  7.1 15  70   M    M   0        18  70
19  48  22  35   0  30   0 0.00    M    M 11.7 17  50   M    M   0        23  40
================================================================================
SM  930  512       510   0    T     M    187.6          M       24
================================================================================
AV 49.0 27.0                               9.9 FASTST   M    M   1    MAX(MPH)
                                 MISC ---->  # 32 250               # 63  230
================================================================================
NOTES:
# LAST OF SEVERAL OCCURRENCES

COLUMN 17 PEAK WIND IN M.P.H.

PRELIMINARY LOCAL CLIMATOLOGICAL DATA (WS FORM: F-6) , PAGE 2

                                          STATION:  JEROME ID
                                          MONTH:    NOVEMBER
                                          YEAR:     2018
                                          LATITUDE:   42 43 N
                                          LONGITUDE: 114 27 W

[TEMPERATURE DATA]      [PRECIPITATION DATA]       SYMBOLS USED IN COLUMN 16

AVERAGE MONTHLY: 38.0   TOTAL FOR MONTH:      T    1 = FOG OR MIST
DPTR FM NORMAL:  -1.1   DPTR FM NORMAL:   -0.65    2 = FOG REDUCING VISIBILITY
HIGHEST:    61 ON  2    GRTST 24HR    T  ON 17-17      TO 1/4 MILE OR LESS
LOWEST:     18 ON 12, 9                            3 = THUNDER
                        SNOW, ICE PELLETS, HAIL    4 = ICE PELLETS
                        TOTAL MONTH:    M          5 = HAIL
                        GRTST 24HR    M  ON   M    6 = FREEZING RAIN OR DRIZZLE
                        GRTST DEPTH:  M  ON   M    7 = DUSTSTORM OR SANDSTORM:
                                                       VSBY 1/2 MILE OR LESS
                                                   8 = SMOKE OR HAZE
[NO. OF DAYS WITH]      [WEATHER - DAYS WITH]      9 = BLOWING SNOW
                                                   X = TORNADO
MAX 32 OR BELOW:   0    0.01 INCH OR MORE:   0
MAX 90 OR ABOVE:   0    0.10 INCH OR MORE:   0
MIN 32 OR BELOW:  15    0.50 INCH OR MORE:   0
MIN  0 OR BELOW:   0    1.00 INCH OR MORE:   0

[HDD (BASE 65) ]
TOTAL THIS MO.   510    CLEAR  (SCALE 0-3)  16
DPTR FM NORMAL    17    PTCLDY (SCALE 4-7)   3
TOTAL FM JUL 1  1068    CLOUDY (SCALE 8-10)  0
DPTR FM NORMAL  -124

[CDD (BASE 65) ]
TOTAL THIS MO.     0
DPTR FM NORMAL     0    [PRESSURE DATA]
TOTAL FM JAN 1   758    HIGHEST SLP M ON M
DPTR FM NORMAL   248    LOWEST  SLP 29.86 ON  4

[REMARKS]
