000
CXUS51 KOKX 170703
CF6JFK
PRELIMINARY LOCAL CLIMATOLOGICAL DATA (WS FORM: F-6)

                                          STATION:   KENNEDY NY
                                          MONTH:     OCTOBER
                                          YEAR:      2018
                                          LATITUDE:   40 39 N
                                          LONGITUDE:  73 47 W

  TEMPERATURE IN F:       :PCPN:    SNOW:  WIND      :SUNSHINE: SKY     :PK WND
================================================================================
1   2   3   4   5  6A  6B    7    8   9   10  11  12  13   14  15   16   17  18
                                     12Z  AVG MX 2MIN
DY MAX MIN AVG DEP HDD CDD  WTR  SNW DPTH SPD SPD DIR MIN PSBL S-S WX    SPD DR
================================================================================

 1  75  63  69   7   0   4 0.00  0.0    0 10.7 17 180   M    M   8        21 190
 2  77  65  71   9   0   6 0.33  0.0    0 12.7 32 270   M    M   8 13     40 270
 3  78  63  71   9   0   6 0.00  0.0    0  8.7 17 310   M    M   5 3      23 320
 4  75  59  67   6   0   2 0.04  0.0    0  7.3 18 190   M    M   6 1      22 190
 5  71  61  66   5   0   1 0.00  0.0    0 10.6 22  10   M    M   7        27 360
 6  69  63  66   6   0   1    T  0.0    0  9.6 16 200   M    M  10        19 190
 7  80  69  75  15   0  10    T  0.0    0  7.5 15 200   M    M   8        18 210
 8  71  64  68   8   0   3    T  0.0    0 10.4 17 100   M    M   9 1      23  90
 9  74  67  71  12   0   6 0.00  0.0    0  6.7 13 200   M    M   9        17 200
10  77  66  72  13   0   7 0.00  0.0    0  8.1 16 180   M    M   8 12     20 180
11  76  67  72  13   0   7 1.03  0.0    0 11.0 32 190   M    M  10 13     38 190
12  70  51  61   3   4   0 0.77  0.0    0 18.3 32 360   M    M   6 1      44  10
13  58  48  53  -5  12   0 0.05  0.0    0  8.6 17 300   M    M   7        23 300
14  59  46  53  -5  12   0 0.00  0.0    0  6.6 15 240   M    M   6        21 230
15  68  52  60   3   5   0 0.07  0.0    0 12.6 30 300   M    M  10 1      38 290
16  62  47  55  -2  10   0 0.01  0.0    0 16.0 28 330   M    M   8 1      36 330
================================================================================
SM 1140  951        43  53  2.30     0.0 165.4          M      125
================================================================================
AV 71.3 59.4                              10.3 FASTST   M    M   8    MAX(MPH)
                                 MISC ---->  # 32 270               # 44   10
================================================================================
NOTES:
# LAST OF SEVERAL OCCURRENCES

COLUMN 17 PEAK WIND IN M.P.H.

PRELIMINARY LOCAL CLIMATOLOGICAL DATA (WS FORM: F-6) , PAGE 2

                                          STATION:  KENNEDY NY
                                          MONTH:    OCTOBER
                                          YEAR:     2018
                                          LATITUDE:   40 39 N
                                          LONGITUDE:  73 47 W

[TEMPERATURE DATA]      [PRECIPITATION DATA]       SYMBOLS USED IN COLUMN 16

AVERAGE MONTHLY: 65.3   TOTAL FOR MONTH:   2.30    1 = FOG OR MIST
DPTR FM NORMAL:   5.8   DPTR FM NORMAL:    0.35    2 = FOG REDUCING VISIBILITY
HIGHEST:    80 ON  7    GRTST 24HR  1.03 ON 11-11      TO 1/4 MILE OR LESS
LOWEST:     46 ON 14                               3 = THUNDER
                        SNOW, ICE PELLETS, HAIL    4 = ICE PELLETS
                        TOTAL MONTH:   0.0 INCH    5 = HAIL
                        GRTST 24HR     0.0         6 = FREEZING RAIN OR DRIZZLE
                        GRTST DEPTH:   0           7 = DUSTSTORM OR SANDSTORM:
                                                       VSBY 1/2 MILE OR LESS
                                                   8 = SMOKE OR HAZE
[NO. OF DAYS WITH]      [WEATHER - DAYS WITH]      9 = BLOWING SNOW
                                                   X = TORNADO
MAX 32 OR BELOW:   0    0.01 INCH OR MORE:   7
MAX 90 OR ABOVE:   0    0.10 INCH OR MORE:   3
MIN 32 OR BELOW:   0    0.50 INCH OR MORE:   2
MIN  0 OR BELOW:   0    1.00 INCH OR MORE:   1

[HDD (BASE 65) ]
TOTAL THIS MO.    43    CLEAR  (SCALE 0-3)   0
DPTR FM NORMAL   -56    PTCLDY (SCALE 4-7)  11
TOTAL FM JUL 1    57    CLOUDY (SCALE 8-10)  5
DPTR FM NORMAL   -81

[CDD (BASE 65) ]
TOTAL THIS MO.    53
DPTR FM NORMAL    41    [PRESSURE DATA]
TOTAL FM JAN 1  1220    HIGHEST SLP M ON M
DPTR FM NORMAL   217    LOWEST  SLP 29.47 ON 12

[REMARKS]
