000
CXUS55 KJKL 191000
CF6JKL
PRELIMINARY LOCAL CLIMATOLOGICAL DATA (WS FORM: F-6)

                                          STATION:   JACKSON KY
                                          MONTH:     AUGUST
                                          YEAR:      2018
                                          LATITUDE:   37 35 N
                                          LONGITUDE:  83 19 W

  TEMPERATURE IN F:       :PCPN:    SNOW:  WIND      :SUNSHINE: SKY     :PK WND
================================================================================
1   2   3   4   5  6A  6B    7    8   9   10  11  12  13   14  15   16   17  18
                                     12Z  AVG MX 2MIN
DY MAX MIN AVG DEP HDD CDD  WTR  SNW DPTH SPD SPD DIR MIN PSBL S-S WX    SPD DR
================================================================================

 1  74  68  71  -4   0   6 0.08  0.0    0  0.6  9 150   M    M   6 1      14 140
 2  78  66  72  -3   0   7 0.00  0.0    0  0.9  6 300   M    M   7 12      9 150
 3  86  68  77   2   0  12 0.00  0.0    0  1.0  7 300   M    M   5 12     11 310
 4  88  65  77   2   0  12 0.00  0.0    0  1.4  6 300   M    M   0 1       9 300
 5  90  68  79   4   0  14 0.00  0.0    0  1.0  6 140   M    M   1 1      10 160
 6  85  71  78   3   0  13 0.11  0.0    0  0.9  7 170   M    M   1 138    12 170
 7  87  69  78   3   0  13 1.41  0.0    0  1.6  9 320   M    M   2 13     24 360
 8  84  68  76   1   0  11 0.37  0.0    0  1.0 13 310   M    M   6 1238   20 310
 9  85  68  77   2   0  12 0.00  0.0    0  0.4  7 310   M    M   6 13     11 310
10  78  69  74  -1   0   9 0.02  0.0    0  0.4  6 320   M    M   6 12      9 320
11  85  66  76   1   0  11 0.00  0.0    0  0.1  7 300   M    M   6 12     11 290
12  82  65  74  -1   0   9    T  0.0    0  1.0  7 350   M    M   5 123    14 320
13  83  62  73  -2   0   8 0.00  0.0    0  0.8  7 310   M    M   3 12     12 250
14  85  64  75   0   0  10 0.00  0.0    0  1.8  8 320   M    M   1 1      12 310
15  85  65  75   0   0  10 0.06  0.0    0  1.4  8 260   M    M   2 1      14 260
16  85  68  77   2   0  12    T  0.0    0  1.1  7 190   M    M   1 3      19 190
17  83  69  76   1   0  11 0.04  0.0    0  1.7  7 170   M    M   5 13     16 210
18  78  70  74  -1   0   9 1.26  0.0    0  0.3  6 170   M    M   8 123    10 150
================================================================================
SM 1501 1209         0 189  3.35     0.0  17.4          M       71
================================================================================
AV 83.4 67.2                               1.0 FASTST   M    M   4    MAX(MPH)
                                 MISC ---->  # 13 310               # 24  360
================================================================================
NOTES:
# LAST OF SEVERAL OCCURRENCES

COLUMN 17 PEAK WIND IN M.P.H.

PRELIMINARY LOCAL CLIMATOLOGICAL DATA (WS FORM: F-6) , PAGE 2

                                          STATION:  JACKSON KY
                                          MONTH:    AUGUST
                                          YEAR:     2018
                                          LATITUDE:   37 35 N
                                          LONGITUDE:  83 19 W

[TEMPERATURE DATA]      [PRECIPITATION DATA]       SYMBOLS USED IN COLUMN 16

AVERAGE MONTHLY: 75.3   TOTAL FOR MONTH:   3.35    1 = FOG OR MIST
DPTR FM NORMAL:   0.3   DPTR FM NORMAL:    1.00    2 = FOG REDUCING VISIBILITY
HIGHEST:    90 ON  5    GRTST 24HR  1.41 ON  7- 7      TO 1/4 MILE OR LESS
LOWEST:     62 ON 13                               3 = THUNDER
                        SNOW, ICE PELLETS, HAIL    4 = ICE PELLETS
                        TOTAL MONTH:   0.0 INCH    5 = HAIL
                        GRTST 24HR     0.0         6 = FREEZING RAIN OR DRIZZLE
                        GRTST DEPTH:   0           7 = DUSTSTORM OR SANDSTORM:
                                                       VSBY 1/2 MILE OR LESS
                                                   8 = SMOKE OR HAZE
[NO. OF DAYS WITH]      [WEATHER - DAYS WITH]      9 = BLOWING SNOW
                                                   X = TORNADO
MAX 32 OR BELOW:   0    0.01 INCH OR MORE:   8
MAX 90 OR ABOVE:   1    0.10 INCH OR MORE:   4
MIN 32 OR BELOW:   0    0.50 INCH OR MORE:   2
MIN  0 OR BELOW:   0    1.00 INCH OR MORE:   2

[HDD (BASE 65) ]
TOTAL THIS MO.     0    CLEAR  (SCALE 0-3)   8
DPTR FM NORMAL     0    PTCLDY (SCALE 4-7)  10
TOTAL FM JUL 1     0    CLOUDY (SCALE 8-10)  0
DPTR FM NORMAL     0

[CDD (BASE 65) ]
TOTAL THIS MO.   189
DPTR FM NORMAL     9    [PRESSURE DATA]
TOTAL FM JAN 1  1120    HIGHEST SLP M ON M
DPTR FM NORMAL   260    LOWEST  SLP 29.89 ON 18

[REMARKS]
