000
CXUS53 KBIS 200803
CF6JMS
PRELIMINARY LOCAL CLIMATOLOGICAL DATA (WS FORM: F-6)

                                          STATION:   JAMESTOWN ND
                                          MONTH:     NOVEMBER
                                          YEAR:      2018
                                          LATITUDE:   46 55 N
                                          LONGITUDE:  98 40 W

  TEMPERATURE IN F:       :PCPN:    SNOW:  WIND      :SUNSHINE: SKY     :PK WND
================================================================================
1   2   3   4   5  6A  6B    7    8   9   10  11  12  13   14  15   16   17  18
                                     12Z  AVG MX 2MIN
DY MAX MIN AVG DEP HDD CDD  WTR  SNW DPTH SPD SPD DIR MIN PSBL S-S WX    SPD DR
================================================================================

 1  44  22  33  -3  32   0 0.07    M    M  4.4 13 140   M    M   9 126    17 140
 2  40  35  38   2  27   0    T    M    M  7.1 10  90   M    M  10 1      16 110
 3  42  32  37   2  28   0 0.01    M    M  6.5 12  70   M    M   9 1      18  80
 4  39  30  35   1  30   0 0.00    M    M  6.3 14 140   M    M   9 1      16 140
 5  40  31  36   2  29   0 0.09    M    M  7.8 21 300   M    M  10 1      30 290
 6  31  20  26  -7  39   0    T    M    M 20.6 28 320   M    M  10 1      37 330
 7  20  14  17 -16  48   0    T    M    M 14.3 25 310   M    M  10 1      32 310
 8  19   7  13 -19  52   0    T    M    M  8.0 15 310   M    M   9 18     19 320
 9  15  -2   7 -25  58   0    T    M    M 11.1 24 330   M    M   5 1      31 320
10  25   2  14 -17  51   0 0.07    M    M 13.6 25 300   M    M   8 1      32 310
11  22  13  18 -12  47   0    T    M    M 17.7 28 320   M    M  10 1      36 310
12  16   0   8 -22  57   0    T    M    M  9.5 24 310   M    M   8 1      30 310
13  28  -2  13 -16  52   0 0.00    M    M  4.2 10 180   M    M   4        13 180
14  46  16  31   3  34   0 0.00    M    M 10.6 16 210   M    M   0        23 170
15  41  26  34   6  31   0 0.01    M    M 13.7 24 330   M    M   6 12     31 330
16  28   8  18  -9  47   0    T    M    M 10.6 22  10   M    M  10 1      28  10
17  13  -1   6 -21  59   0 0.00    M    M 10.6 16 260   M    M   3 1      21 260
18  27  12  20  -6  45   0    T    M    M  9.9 16  30   M    M   5 1      22 230
19  16  -4   6 -20  59   0    T    M    M  8.7 17  20   M    M   2 1      21  20
================================================================================
SM  552  259       825   0  0.25    M    195.2          M      137
================================================================================
AV 29.1 13.6                              10.3 FASTST   M    M   7    MAX(MPH)
                                 MISC ---->  # 28 320               # 37  330
================================================================================
NOTES:
# LAST OF SEVERAL OCCURRENCES

COLUMN 17 PEAK WIND IN M.P.H.

PRELIMINARY LOCAL CLIMATOLOGICAL DATA (WS FORM: F-6) , PAGE 2

                                          STATION:  JAMESTOWN ND
                                          MONTH:    NOVEMBER
                                          YEAR:     2018
                                          LATITUDE:   46 55 N
                                          LONGITUDE:  98 40 W

[TEMPERATURE DATA]      [PRECIPITATION DATA]       SYMBOLS USED IN COLUMN 16

AVERAGE MONTHLY: 21.3   TOTAL FOR MONTH:   0.25    1 = FOG OR MIST
DPTR FM NORMAL:  -9.6   DPTR FM NORMAL:   -0.20    2 = FOG REDUCING VISIBILITY
HIGHEST:    46 ON 14    GRTST 24HR  0.09 ON  5- 5      TO 1/4 MILE OR LESS
LOWEST:     -4 ON 19                               3 = THUNDER
                        SNOW, ICE PELLETS, HAIL    4 = ICE PELLETS
                        TOTAL MONTH:    M          5 = HAIL
                        GRTST 24HR    M  ON   M    6 = FREEZING RAIN OR DRIZZLE
                        GRTST DEPTH:  M  ON   M    7 = DUSTSTORM OR SANDSTORM:
                                                       VSBY 1/2 MILE OR LESS
                                                   8 = SMOKE OR HAZE
[NO. OF DAYS WITH]      [WEATHER - DAYS WITH]      9 = BLOWING SNOW
                                                   X = TORNADO
MAX 32 OR BELOW:  12    0.01 INCH OR MORE:   5
MAX 90 OR ABOVE:   0    0.10 INCH OR MORE:   0
MIN 32 OR BELOW:  18    0.50 INCH OR MORE:   0
MIN  0 OR BELOW:   5    1.00 INCH OR MORE:   0

[HDD (BASE 65) ]
TOTAL THIS MO.   825    CLEAR  (SCALE 0-3)   2
DPTR FM NORMAL   179    PTCLDY (SCALE 4-7)   7
TOTAL FM JUL 1  1936    CLOUDY (SCALE 8-10) 10
DPTR FM NORMAL   323

[CDD (BASE 65) ]
TOTAL THIS MO.     0
DPTR FM NORMAL     0    [PRESSURE DATA]
TOTAL FM JAN 1   545    HIGHEST SLP M ON M
DPTR FM NORMAL    99    LOWEST  SLP 29.61 ON  5

[REMARKS]
