000
CXHW53 PHFO 181250
CF6KOA
PRELIMINARY LOCAL CLIMATOLOGICAL DATA (WS FORM: F-6)

                                          STATION:   KONA HI
                                          MONTH:     FEBRUARY
                                          YEAR:      2019
                                          LATITUDE:   19 38 N
                                          LONGITUDE: 156  0 W

  TEMPERATURE IN F:       :PCPN:    SNOW:  WIND      :SUNSHINE: SKY     :PK WND
================================================================================
1   2   3   4   5  6A  6B    7    8   9   10  11  12  13   14  15   16   17  18
                                     12Z  AVG MX 2MIN
DY MAX MIN AVG DEP HDD CDD  WTR  SNW DPTH SPD SPD DIR MIN PSBL S-S WX    SPD DR
================================================================================

 1  81  69  75   1   0  10 0.00  0.0    M  8.0 16  50   M    M   M        19  50
 2  78  69  74   0   0   9    T  0.0    M  7.0 14 120   M    M   M        16 130
 3  81  68  75   1   0  10 0.00  0.0    M  8.1 17 330   M    M   M        21 320
 4  83  67  75   1   0  10 0.00  0.0    M  6.2 15 330   M    M   M        18 310
 5  80  70  75   1   0  10 0.00  0.0    M  6.1 12 290   M    M   M        14 290
 6  81  68  75   1   0  10    T  0.0    M  8.0 25 230   M    M   M        31 230
 7  81  70  76   2   0  11 0.00  0.0    M  8.1 20 190   M    M   M        23 180
 8   M   M   M   M   M   M    M    M    M   M   M   M   M    M   M         M  M
 9  79  67  73  -1   0   8 0.00  0.0    M 15.9 29 310   M    M   M        33 310
10  77  59  68  -6   0   3 0.05  0.0    M 14.9 31 230   M    M   M 18     43 160
11  76  64  70  -4   0   5 0.15  0.0    M  9.6 30 300   M    M   M        35 300
12  79  62  71  -3   0   6 0.00  0.0    M 11.8 28 350   M    M   M        33 340
13  80  61  71  -3   0   6 0.00  0.0    M 15.2 33 350   M    M   M        40 350
14  81  61  71  -3   0   6 0.00  0.0    M 13.8 30 350   M    M   M        35 350
15  81  64  73  -1   0   8 0.00  0.0    M 15.3 31  20   M    M   M        36  20
16  80  64  72  -2   0   7 0.00  0.0    M  7.3 15 230   M    M   M        18 240
17  79  66  73  -2   0   8 0.00  0.0    M  7.3 13 230   M    M   M        15 240
================================================================================
SM 1277 1049         0 127  0.20     0.0 162.6          M        M
================================================================================
AV 79.8 65.6                              10.2 FASTST   M    M   0    MAX(MPH)
                                 MISC ---->  # 33 350               # 43  160
================================================================================
NOTES:
# LAST OF SEVERAL OCCURRENCES

COLUMN 17 PEAK WIND IN M.P.H.

PRELIMINARY LOCAL CLIMATOLOGICAL DATA (WS FORM: F-6) , PAGE 2

                                          STATION:  KONA HI
                                          MONTH:    FEBRUARY
                                          YEAR:     2019
                                          LATITUDE:   19 38 N
                                          LONGITUDE: 156  0 W

[TEMPERATURE DATA]      [PRECIPITATION DATA]       SYMBOLS USED IN COLUMN 16

AVERAGE MONTHLY: 72.7   TOTAL FOR MONTH:   0.20    1 = FOG OR MIST
DPTR FM NORMAL:  -1.4   DPTR FM NORMAL:   -0.81    2 = FOG REDUCING VISIBILITY
HIGHEST:    83 ON  4    GRTST 24HR  0.15 ON 11-11      TO 1/4 MILE OR LESS
LOWEST:     59 ON 10                               3 = THUNDER
                        SNOW, ICE PELLETS, HAIL    4 = ICE PELLETS
                        TOTAL MONTH:   0.0 INCH    5 = HAIL
                        GRTST 24HR     0.0         6 = FREEZING RAIN OR DRIZZLE
                        GRTST DEPTH:  M  ON   M    7 = DUSTSTORM OR SANDSTORM:
                                                       VSBY 1/2 MILE OR LESS
                                                   8 = SMOKE OR HAZE
[NO. OF DAYS WITH]      [WEATHER - DAYS WITH]      9 = BLOWING SNOW
                                                   X = TORNADO
MAX 32 OR BELOW:   0    0.01 INCH OR MORE:   2
MAX 90 OR ABOVE:   0    0.10 INCH OR MORE:   1
MIN 32 OR BELOW:   0    0.50 INCH OR MORE:   0
MIN  0 OR BELOW:   0    1.00 INCH OR MORE:   0

[HDD (BASE 65) ]
TOTAL THIS MO.     0    CLEAR  (SCALE 0-3)   0
DPTR FM NORMAL     0    PTCLDY (SCALE 4-7)   0
TOTAL FM JUL 1     0    CLOUDY (SCALE 8-10)  0
DPTR FM NORMAL     0

[CDD (BASE 65) ]
TOTAL THIS MO.   127
DPTR FM NORMAL   -30    [PRESSURE DATA]
TOTAL FM JAN 1   435    HIGHEST SLP M ON M
DPTR FM NORMAL   -29    LOWEST  SLP 29.65 ON 10

[REMARKS]
