000
CXUS55 KPUB 171059
CF6LAA
PRELIMINARY LOCAL CLIMATOLOGICAL DATA (WS FORM: F-6)

                                          STATION:   LAMAR CO
                                          MONTH:     OCTOBER
                                          YEAR:      2018
                                          LATITUDE:   38  4 N
                                          LONGITUDE: 102 41 W

  TEMPERATURE IN F:       :PCPN:    SNOW:  WIND      :SUNSHINE: SKY     :PK WND
================================================================================
1   2   3   4   5  6A  6B    7    8   9   10  11  12  13   14  15   16   17  18
                                     12Z  AVG MX 2MIN
DY MAX MIN AVG DEP HDD CDD  WTR  SNW DPTH SPD SPD DIR MIN PSBL S-S WX    SPD DR
================================================================================

 1  74  48  61   1   4   0 0.00  0.0    0  6.0 15  90   M    M   5 1      20 100
 2  93  45  69  10   0   4 0.00  0.0    0  8.4 31 210   M    M   0 3      44 210
 3  98  55  77  18   0  12    T  0.0    0 12.0 32  60   M    M   1        44  60
 4  66  45  56  -2   9   0 0.00  0.0    0 12.4 23 160   M    M   6        33 150
 5  89  44  67   9   0   2 0.00  0.0    0 10.0 33  20   M    M   4 12     48  50
 6  61  34  48  -9  17   0 0.00  0.0    0  9.3 21 130   M    M   6        27 130
 7  57  47  52  -5  13   0 0.48  0.0    0 12.3 21 110   M    M  10 138    28 120
 8  52  43  48  -8  17   0 0.28  0.0    0 11.0 25  70   M    M  10 13     34  80
 9  43  35  39 -17  26   0 0.85    M    0 10.7 23  10   M    M   9 1      32 360
10  46  33  40 -15  25   0 0.00  0.0    0  6.6 14  30   M    M   9        19  30
11  51  37  44 -11  21   0 0.00  0.0    0 11.6 22 130   M    M   8 1      29 130
12  63  41  52  -2  13   0 0.00  0.0    0  8.4 16 190   M    M   4 18     24 180
13  70  38  54   0  11   0    T    M    0  6.6 15  20   M    M   1 1      20  30
14  53  24  39 -15  26   0 0.09    M    0 14.9 39  10   M    M   9 1      58  10
15  50  18  34 -19  31   0 0.00  0.0    M  6.7 14 300   M    M   0        20 290
16  66  25  46  -7  19   0 0.00  0.0    0  6.7 17  30   M    M   0 8      24 360
================================================================================
SM 1032  612       232  18  1.70     0.0 153.6          M       82
================================================================================
AV 64.5 38.3                               9.6 FASTST   M    M   5    MAX(MPH)
                                 MISC ---->  # 39  10               # 58   10
================================================================================
NOTES:
# LAST OF SEVERAL OCCURRENCES

COLUMN 17 PEAK WIND IN M.P.H.

PRELIMINARY LOCAL CLIMATOLOGICAL DATA (WS FORM: F-6) , PAGE 2

                                          STATION:  LAMAR CO
                                          MONTH:    OCTOBER
                                          YEAR:     2018
                                          LATITUDE:   38  4 N
                                          LONGITUDE: 102 41 W

[TEMPERATURE DATA]      [PRECIPITATION DATA]       SYMBOLS USED IN COLUMN 16

AVERAGE MONTHLY: 51.4   TOTAL FOR MONTH:   1.70    1 = FOG OR MIST
DPTR FM NORMAL:  -4.8   DPTR FM NORMAL:    1.28    2 = FOG REDUCING VISIBILITY
HIGHEST:    98 ON  3    GRTST 24HR  0.85 ON  9- 9      TO 1/4 MILE OR LESS
LOWEST:     18 ON 15                               3 = THUNDER
                        SNOW, ICE PELLETS, HAIL    4 = ICE PELLETS
                        TOTAL MONTH:   0.0 INCH    5 = HAIL
                        GRTST 24HR     0.0         6 = FREEZING RAIN OR DRIZZLE
                        GRTST DEPTH:   0           7 = DUSTSTORM OR SANDSTORM:
                                                       VSBY 1/2 MILE OR LESS
                                                   8 = SMOKE OR HAZE
[NO. OF DAYS WITH]      [WEATHER - DAYS WITH]      9 = BLOWING SNOW
                                                   X = TORNADO
MAX 32 OR BELOW:   0    0.01 INCH OR MORE:   4
MAX 90 OR ABOVE:   2    0.10 INCH OR MORE:   3
MIN 32 OR BELOW:   3    0.50 INCH OR MORE:   1
MIN  0 OR BELOW:   0    1.00 INCH OR MORE:   0

[HDD (BASE 65) ]
TOTAL THIS MO.   232    CLEAR  (SCALE 0-3)   5
DPTR FM NORMAL    82    PTCLDY (SCALE 4-7)   5
TOTAL FM JUL 1   269    CLOUDY (SCALE 8-10)  6
DPTR FM NORMAL    36

[CDD (BASE 65) ]
TOTAL THIS MO.    18
DPTR FM NORMAL    10    [PRESSURE DATA]
TOTAL FM JAN 1  1608    HIGHEST SLP M ON M
DPTR FM NORMAL   488    LOWEST  SLP 29.56 ON  7

[REMARKS]
