000
CXUS53 KGRR 201017
CF6LAN
PRELIMINARY LOCAL CLIMATOLOGICAL DATA (WS FORM: F-6)

                                          STATION:   LANSING
                                          MONTH:     NOVEMBER
                                          YEAR:      2018
                                          LATITUDE:   42 46 N
                                          LONGITUDE:  84 36 W

  TEMPERATURE IN F:       :PCPN:    SNOW:  WIND      :SUNSHINE: SKY     :PK WND
================================================================================
1   2   3   4   5  6A  6B    7    8   9   10  11  12  13   14  15   16   17  18
                                     12Z  AVG MX 2MIN
DY MAX MIN AVG DEP HDD CDD  WTR  SNW DPTH SPD SPD DIR MIN PSBL S-S WX    SPD DR
================================================================================

 1  47  39  43  -2  22   0 0.13  0.0    0  7.5 20  30   M    M   9        24  40
 2  48  35  42  -3  23   0 0.11  0.0    0  5.7 13 330   M    M   9        16 330
 3  47  32  40  -4  25   0 0.00  0.0    0  6.0 16 280   M    M   8        20 320
 4  51  36  44   0  21   0 0.01  0.0    0 12.0 23 130   M    M   8        31 130
 5  51  43  47   3  18   0 0.05  0.0    0 10.3 21 160   M    M   8 1      25 150
 6  53  43  48   5  17   0 0.42  0.0    0 17.0 29 250   M    M  10 1      38 240
 7  43  35  39  -4  26   0 0.01  0.0    0 14.8 26 270   M    M  10 1      33 270
 8  40  32  36  -7  29   0    T  0.0    0  4.8 12 280   M    M   9        14 270
 9  36  25  31 -11  34   0 0.11  0.7    T  9.2 26 280   M    M   9        34 280
10  35  21  28 -14  37   0 0.04  0.8    1 13.1 24 270   M    M   9        32 280
11  38  26  32  -9  33   0 0.00  0.0    T  9.2 18 200   M    M  10        22 210
12  39  29  34  -7  31   0 0.08  0.8    0  5.5  9 340   M    M  10 1      12 330
13  32  22  27 -14  38   0 0.04  0.3    1 10.3 20 290   M    M  10 1      24 280
14  32  20  26 -14  39   0 0.00  0.0    T  4.3 12 350   M    M   3        14 350
15  33  25  29 -11  36   0 0.20  2.0    0  5.8 10 240   M    M   7 1      13 240
16  37  29  33  -7  32   0 0.04  0.2    2 11.2 18 220   M    M  10 16     24 210
17  35  28  32  -7  33   0 0.02    T    T  3.9 15 290   M    M   9 1      19 280
18  37  26  32  -7  33   0 0.00  0.0    0  3.5 14 270   M    M   6        17 270
19  37  24  31  -7  34   0 0.01    T    0  7.4 15 210   M    M   4 1      19 230
================================================================================
SM  771  570       561   0  1.27     4.8 161.5          M      158
================================================================================
AV 40.6 30.0                               8.5 FASTST   M    M   8    MAX(MPH)
                                 MISC ---->  # 29 250               # 38  240
================================================================================
NOTES:
# LAST OF SEVERAL OCCURRENCES

COLUMN 17 PEAK WIND IN M.P.H.

PRELIMINARY LOCAL CLIMATOLOGICAL DATA (WS FORM: F-6) , PAGE 2

                                          STATION:  LANSING
                                          MONTH:    NOVEMBER
                                          YEAR:     2018
                                          LATITUDE:   42 46 N
                                          LONGITUDE:  84 36 W

[TEMPERATURE DATA]      [PRECIPITATION DATA]       SYMBOLS USED IN COLUMN 16

AVERAGE MONTHLY: 35.3   TOTAL FOR MONTH:   1.27    1 = FOG OR MIST
DPTR FM NORMAL:  -6.5   DPTR FM NORMAL:   -0.55    2 = FOG REDUCING VISIBILITY
HIGHEST:    53 ON  6    GRTST 24HR  0.42 ON  6- 6      TO 1/4 MILE OR LESS
LOWEST:     20 ON 14                               3 = THUNDER
                        SNOW, ICE PELLETS, HAIL    4 = ICE PELLETS
                        TOTAL MONTH:   4.8 INCHES  5 = HAIL
                        GRTST 24HR   2.0 ON 15-15  6 = FREEZING RAIN OR DRIZZLE
                        GRTST DEPTH:   2 ON 16     7 = DUSTSTORM OR SANDSTORM:
                                                       VSBY 1/2 MILE OR LESS
                                                   8 = SMOKE OR HAZE
[NO. OF DAYS WITH]      [WEATHER - DAYS WITH]      9 = BLOWING SNOW
                                                   X = TORNADO
MAX 32 OR BELOW:   2    0.01 INCH OR MORE:  14
MAX 90 OR ABOVE:   0    0.10 INCH OR MORE:   5
MIN 32 OR BELOW:  13    0.50 INCH OR MORE:   0
MIN  0 OR BELOW:   0    1.00 INCH OR MORE:   0

[HDD (BASE 65) ]
TOTAL THIS MO.   561    CLEAR  (SCALE 0-3)   0
DPTR FM NORMAL   119    PTCLDY (SCALE 4-7)   6
TOTAL FM JUL 1  1167    CLOUDY (SCALE 8-10) 13
DPTR FM NORMAL    75

[CDD (BASE 65) ]
TOTAL THIS MO.     0
DPTR FM NORMAL     0    [PRESSURE DATA]
TOTAL FM JAN 1   922    HIGHEST SLP M ON M
DPTR FM NORMAL   297    LOWEST  SLP 29.41 ON  6

[REMARKS]
