000
CXUS55 KCYS 181000
CF6LAR
PRELIMINARY LOCAL CLIMATOLOGICAL DATA (WS FORM: F-6)

                                          STATION:   LARAMIE WYOMING AIRPORT
                                          MONTH:     DECEMBER
                                          YEAR:      2017
                                          LATITUDE:   41 18 N
                                          LONGITUDE: 105 40 W

  TEMPERATURE IN F:       :PCPN:    SNOW:  WIND      :SUNSHINE: SKY     :PK WND
================================================================================
1   2   3   4   5  6A  6B    7    8   9   10  11  12  13   14  15   16   17  18
                                     12Z  AVG MX 2MIN
DY MAX MIN AVG DEP HDD CDD  WTR  SNW DPTH SPD SPD DIR MIN PSBL S-S WX    SPD DR
================================================================================

 1  48  29  39  16  26   0 0.00    M    M 13.5 31 300   M    M   3        39 260
 2  52  25  39  17  26   0 0.00    M    M  9.8 35 240   M    M   1        41 240
 3  56  24  40  18  25   0 0.03    M    M 19.4 40 230   M    M   3 1      49 230
 4  29   7  18  -4  47   0 0.03    M    M 16.4 30 270   M    M   5 19     35 280
 5  30   8  19  -3  46   0 0.00    M    M 10.2 26 260   M    M   0        31 260
 6  22   5  14  -8  51   0    T    M    M 19.9 33 310   M    M   5 1      39 320
 7  29   1  15  -6  50   0    T    M    M 14.9 26 310   M    M   6        33 310
 8  41  15  28   7  37   0 0.00    M    M 13.5 32 320   M    M   3        43 310
 9  47  11  29   8  36   0 0.00    M    M  7.7 22 320   M    M   0        26 310
10  48  10  29   8  36   0 0.00    M    M  6.7 18 240   M    M   0        22 240
11  47  13  30   9  35   0 0.00    M    M 10.9 30 320   M    M   0        37 330
12  56  14  35  14  30   0 0.00    M    M  9.4 24 260   M    M   0        29 270
13  44  19  32  11  33   0 0.07    M    M 11.3 21 270   M    M   5 1      23 280
14  25   5  15  -6  50   0    T    M    M 13.6 28 310   M    M   6 1      34 310
15  40  16  28   7  37   0 0.00    M    M 17.6 33 240   M    M   0        40 240
16  36  21  29   9  36   0 0.00    M    M 10.4 25 210   M    M   2        30 210
17  33   8  21   1  44   0 0.00    M    M 14.8 31 230   M    M   4 12     37 220
================================================================================
SM  683  231       645   0  0.13    M    220.0          M       43
================================================================================
AV 40.2 13.6                              12.9 FASTST   M    M   3    MAX(MPH)
                                 MISC ---->  # 40 230               # 49  230
================================================================================
NOTES:
# LAST OF SEVERAL OCCURRENCES

COLUMN 17 PEAK WIND IN M.P.H.

PRELIMINARY LOCAL CLIMATOLOGICAL DATA (WS FORM: F-6) , PAGE 2

                                          STATION:  LARAMIE WYOMING AIRPORT
                                          MONTH:    DECEMBER
                                          YEAR:     2017
                                          LATITUDE:   41 18 N
                                          LONGITUDE: 105 40 W

[TEMPERATURE DATA]      [PRECIPITATION DATA]       SYMBOLS USED IN COLUMN 16

AVERAGE MONTHLY: 26.9   TOTAL FOR MONTH:   0.13    1 = FOG OR MIST
DPTR FM NORMAL:   5.6   DPTR FM NORMAL:   -0.06    2 = FOG REDUCING VISIBILITY
HIGHEST:    56 ON 12, 3 GRTST 24HR  0.07 ON 13-13      TO 1/4 MILE OR LESS
LOWEST:      1 ON  7                               3 = THUNDER
                        SNOW, ICE PELLETS, HAIL    4 = ICE PELLETS
                        TOTAL MONTH:    M          5 = HAIL
                        GRTST 24HR    M  ON   M    6 = FREEZING RAIN OR DRIZZLE
                        GRTST DEPTH:  M  ON   M    7 = DUSTSTORM OR SANDSTORM:
                                                       VSBY 1/2 MILE OR LESS
                                                   8 = SMOKE OR HAZE
[NO. OF DAYS WITH]      [WEATHER - DAYS WITH]      9 = BLOWING SNOW
                                                   X = TORNADO
MAX 32 OR BELOW:   5    0.01 INCH OR MORE:   3
MAX 90 OR ABOVE:   0    0.10 INCH OR MORE:   0
MIN 32 OR BELOW:  17    0.50 INCH OR MORE:   0
MIN  0 OR BELOW:   0    1.00 INCH OR MORE:   0

[HDD (BASE 65) ]
TOTAL THIS MO.   645    CLEAR  (SCALE 0-3)  11
DPTR FM NORMAL   -95    PTCLDY (SCALE 4-7)   6
TOTAL FM JUL 1  2679    CLOUDY (SCALE 8-10)  0
DPTR FM NORMAL  -373

[CDD (BASE 65) ]
TOTAL THIS MO.     0
DPTR FM NORMAL     0    [PRESSURE DATA]
TOTAL FM JAN 1   101    HIGHEST SLP M ON M
DPTR FM NORMAL    34    LOWEST  SLP 29.43 ON  3

[REMARKS]
