000
CXUS55 KCYS 181000
CF6LAR
PRELIMINARY LOCAL CLIMATOLOGICAL DATA (WS FORM: F-6)

                                          STATION:   LARAMIE WYOMING AIRPORT
                                          MONTH:     JULY
                                          YEAR:      2018
                                          LATITUDE:   41 18 N
                                          LONGITUDE: 105 40 W

  TEMPERATURE IN F:       :PCPN:    SNOW:  WIND      :SUNSHINE: SKY     :PK WND
================================================================================
1   2   3   4   5  6A  6B    7    8   9   10  11  12  13   14  15   16   17  18
                                     12Z  AVG MX 2MIN
DY MAX MIN AVG DEP HDD CDD  WTR  SNW DPTH SPD SPD DIR MIN PSBL S-S WX    SPD DR
================================================================================

 1  79  34  57  -5   8   0 0.00    M    M 12.1 29 260   M    M   0        36 260
 2  86  45  66   4   0   1 0.00    M    M 11.4 25 270   M    M   1        32 270
 3  88  44  66   4   0   1 0.02    M    0 11.1 47 230   M    M   1 3      55 230
 4  86  44  65   2   0   0 0.04    M    0 10.2 28 110   M    M   2 3      33 120
 5  76  54  65   2   0   0 0.00    M    M 19.8 36 150   M    M   0        44 150
 6  89  50  70   7   0   5 0.00  0.0    0 11.6 28 170   M    M   1        31 180
 7  90  50  70   7   0   5 0.00  0.0    0 11.9 30 270   M    M   2        39 260
 8  91  50  71   7   0   6 0.00  0.0    0 10.9 22 100   M    M   0        30 110
 9  89  54  72   8   0   7 0.00  0.0    0 13.1 25 140   M    M   0        32 160
10  93  53  73   9   0   8    T    M    M  9.4 26 230   M    M   1 3      32 220
11  89  51  70   6   0   5 0.00    M    M 11.0 26 300   M    M   3 3      33 330
12  75  50  63  -1   2   0    T    M    M  7.3 24 310   M    M   5 3      31 310
13  85  46  66   2   0   1 0.00  0.0    0  9.5 23 140   M    M   2 3      28 140
14  90  52  71   7   0   6 0.00    M    M 10.5 24 150   M    M   1        30 150
15  67  52  60  -4   5   0 0.05  0.0    0 11.6 25 140   M    M   4 13     30 150
16  83  50  67   3   0   2    T  0.0    0  8.3 24 160   M    M   3 123    35 270
17  81  46  64  -1   1   0 0.27    M    0 11.0 37 190   M    M   2 138    44 210
================================================================================
SM 1437  825        16  47  0.38     0.0 190.7          M       28
================================================================================
AV 84.5 48.5                              11.2 FASTST   M    M   2    MAX(MPH)
                                 MISC ---->  # 47 230               # 55  230
================================================================================
NOTES:
# LAST OF SEVERAL OCCURRENCES

COLUMN 17 PEAK WIND IN M.P.H.

PRELIMINARY LOCAL CLIMATOLOGICAL DATA (WS FORM: F-6) , PAGE 2

                                          STATION:  LARAMIE WYOMING AIRPORT
                                          MONTH:    JULY
                                          YEAR:     2018
                                          LATITUDE:   41 18 N
                                          LONGITUDE: 105 40 W

[TEMPERATURE DATA]      [PRECIPITATION DATA]       SYMBOLS USED IN COLUMN 16

AVERAGE MONTHLY: 66.5   TOTAL FOR MONTH:   0.38    1 = FOG OR MIST
DPTR FM NORMAL:   3.1   DPTR FM NORMAL:   -0.35    2 = FOG REDUCING VISIBILITY
HIGHEST:    93 ON 10    GRTST 24HR  0.27 ON 17-17      TO 1/4 MILE OR LESS
LOWEST:     34 ON  1                               3 = THUNDER
                        SNOW, ICE PELLETS, HAIL    4 = ICE PELLETS
                        TOTAL MONTH:   0.0 INCH    5 = HAIL
                        GRTST 24HR     0.0         6 = FREEZING RAIN OR DRIZZLE
                        GRTST DEPTH:   0           7 = DUSTSTORM OR SANDSTORM:
                                                       VSBY 1/2 MILE OR LESS
                                                   8 = SMOKE OR HAZE
[NO. OF DAYS WITH]      [WEATHER - DAYS WITH]      9 = BLOWING SNOW
                                                   X = TORNADO
MAX 32 OR BELOW:   0    0.01 INCH OR MORE:   4
MAX 90 OR ABOVE:   4    0.10 INCH OR MORE:   1
MIN 32 OR BELOW:   0    0.50 INCH OR MORE:   0
MIN  0 OR BELOW:   0    1.00 INCH OR MORE:   0

[HDD (BASE 65) ]
TOTAL THIS MO.    16    CLEAR  (SCALE 0-3)  15
DPTR FM NORMAL   -28    PTCLDY (SCALE 4-7)   2
TOTAL FM JUL 1    16    CLOUDY (SCALE 8-10)  0
DPTR FM NORMAL   -28

[CDD (BASE 65) ]
TOTAL THIS MO.    47
DPTR FM NORMAL    30    [PRESSURE DATA]
TOTAL FM JAN 1    64    HIGHEST SLP M ON M
DPTR FM NORMAL    40    LOWEST  SLP 29.71 ON  3

[REMARKS]
