000
CXUS55 KVEF 180940
CF6LAS
PRELIMINARY LOCAL CLIMATOLOGICAL DATA (WS FORM: F-6)

                                          STATION:   LAS VEGAS NV
                                          MONTH:     DECEMBER
                                          YEAR:      2017
                                          LATITUDE:   36  4 N
                                          LONGITUDE: 115 10 W

  TEMPERATURE IN F:       :PCPN:    SNOW:  WIND      :SUNSHINE: SKY     :PK WND
================================================================================
1   2   3   4   5  6A  6B    7    8   9   10  11  12  13   14  15   16   17  18
                                     12Z  AVG MX 2MIN
DY MAX MIN AVG DEP HDD CDD  WTR  SNW DPTH SPD SPD DIR MIN PSBL S-S WX    SPD DR
================================================================================

 1  68  46  57   7   8   0 0.00  0.0    0  3.9  8 210   M    M   3         9 210
 2  68  47  58   8   7   0 0.00  0.0    0  3.1 12 190   M    M   5        15 190
 3  75  52  64  15   1   0 0.00  0.0    0 18.0 39 330   M    M   5        53 340
 4  53  46  50   1  15   0 0.00  0.0    0 16.4 26 360   M    M   2        34 360
 5  57  42  50   1  15   0 0.00  0.0    0 13.8 26 340   M    M   0        33 340
 6  63  41  52   3  13   0 0.00  0.0    0  8.2 21  30   M    M   0        24  30
 7  63  42  53   5  12   0 0.00  0.0    0  5.8 17 360   M    M   0        20  30
 8  65  40  53   5  12   0 0.00  0.0    0  3.6  9 280   M    M   0        11 190
 9  66  42  54   6  11   0 0.00  0.0    0  3.1  9 230   M    M   1        10 230
10  65  40  53   5  12   0 0.00  0.0    0  2.7  8 270   M    M   5         9 200
11  66  40  53   5  12   0 0.00  0.0    0  4.2  9 210   M    M   4        11  30
12  69  39  54   6  11   0 0.00  0.0    0  2.8  9 230   M    M   1        11 230
13  71  42  57  10   8   0 0.00  0.0    0  2.8  8 200   M    M   2        11 210
14  68  45  57  10   8   0 0.00  0.0    0 11.2 24  20   M    M   1        29 360
15  61  41  51   4  14   0 0.00  0.0    0  3.5  8 210   M    M   3        10 210
16  61  45  53   6  12   0 0.00  0.0    0  6.1 25 340   M    M   8        33 350
17  57  47  52   5  13   0 0.00  0.0    0 15.7 28 340   M    M   3        36 330
================================================================================
SM 1096  737       184   0  0.00     0.0 124.9          M       43
================================================================================
AV 64.5 43.4                               7.3 FASTST   M    M   3    MAX(MPH)
                                 MISC ---->  # 39 330               # 53  340
================================================================================
NOTES:
# LAST OF SEVERAL OCCURRENCES

COLUMN 17 PEAK WIND IN M.P.H.

PRELIMINARY LOCAL CLIMATOLOGICAL DATA (WS FORM: F-6) , PAGE 2

                                          STATION:  LAS VEGAS NV
                                          MONTH:    DECEMBER
                                          YEAR:     2017
                                          LATITUDE:   36  4 N
                                          LONGITUDE: 115 10 W

[TEMPERATURE DATA]      [PRECIPITATION DATA]       SYMBOLS USED IN COLUMN 16

AVERAGE MONTHLY: 53.9   TOTAL FOR MONTH:   0.00    1 = FOG OR MIST
DPTR FM NORMAL:   5.7   DPTR FM NORMAL:   -0.24    2 = FOG REDUCING VISIBILITY
HIGHEST:    75 ON  3    GRTST 24HR  0.00 ON 17-17      TO 1/4 MILE OR LESS
LOWEST:     39 ON 12                               3 = THUNDER
                        SNOW, ICE PELLETS, HAIL    4 = ICE PELLETS
                        TOTAL MONTH:   0.0 INCH    5 = HAIL
                        GRTST 24HR     0.0         6 = FREEZING RAIN OR DRIZZLE
                        GRTST DEPTH:   0           7 = DUSTSTORM OR SANDSTORM:
                                                       VSBY 1/2 MILE OR LESS
                                                   8 = SMOKE OR HAZE
[NO. OF DAYS WITH]      [WEATHER - DAYS WITH]      9 = BLOWING SNOW
                                                   X = TORNADO
MAX 32 OR BELOW:   0    0.01 INCH OR MORE:   0
MAX 90 OR ABOVE:   0    0.10 INCH OR MORE:   0
MIN 32 OR BELOW:   0    0.50 INCH OR MORE:   0
MIN  0 OR BELOW:   0    1.00 INCH OR MORE:   0

[HDD (BASE 65) ]
TOTAL THIS MO.   184    CLEAR  (SCALE 0-3)  11
DPTR FM NORMAL  -103    PTCLDY (SCALE 4-7)   6
TOTAL FM JUL 1   269    CLOUDY (SCALE 8-10)  0
DPTR FM NORMAL  -327

[CDD (BASE 65) ]
TOTAL THIS MO.     0
DPTR FM NORMAL     0    [PRESSURE DATA]
TOTAL FM JAN 1  4044    HIGHEST SLP M ON M
DPTR FM NORMAL   476    LOWEST  SLP 29.69 ON  3

[REMARKS]
