384
CXUS54 KOUN 201442
CF6LAW
PRELIMINARY LOCAL CLIMATOLOGICAL DATA (WS FORM: F-6)

                                          STATION:   LAWTON
                                          MONTH:     MAY
                                          YEAR:      2018
                                          LATITUDE:   34 34 N
                                          LONGITUDE:  98 25 W

  TEMPERATURE IN F:       :PCPN:    SNOW:  WIND      :SUNSHINE: SKY     :PK WND
================================================================================
1   2   3   4   5  6A  6B    7    8   9   10  11  12  13   14  15   16   17  18
                                     12Z  AVG MX 2MIN
DY MAX MIN AVG DEP HDD CDD  WTR  SNW DPTH SPD SPD DIR MIN PSBL S-S WX    SPD DR
================================================================================

 1  81  67  74   8   0   9 0.00  0.0    0 18.1 25 170   M    M   7        32 160
 2  87  64  76   9   0  11 1.25  0.0    0 14.6 31 190   M    M   5 13     48 240
 3  85  63  74   7   0   9 0.65  0.0    0  8.5 28 160   M    M   1 13     36 220
 4  78  55  67   0   0   2 0.00  0.0    0  8.8 25  10   M    M   1        32 350
 5  83  50  67  -1   0   2 0.00  0.0    0  3.5 14  20   M    M   0        21 340
 6  89  51  70   2   0   5 0.00  0.0    0  5.6 15 180   M    M   0 1      21 180
 7  91  56  74   6   0   9 0.00  0.0    0  7.6 21 160   M    M   0        27 160
 8  91  57  74   6   0   9 0.00  0.0    0 12.3 24 170   M    M   0        32 170
 9  91  63  77   8   0  12 0.00  0.0    0  9.1 20 170   M    M   0        26 170
10  86  61  74   5   0   9 0.00  0.0    0 14.2 30 160   M    M   0        39 160
11  88  65  77   7   0  12 0.00  0.0    0 16.9 31 170   M    M   0        40 170
12  89  67  78   8   0  13 0.00  0.0    0 14.9 23 160   M    M   0        33 170
13  88  70  79   9   0  14 0.00  0.0    0 11.6 23 160   M    M   0        28 140
14  92  67  80   9   0  15 0.33  0.0    0 11.9 28 310   M    M   2 13     43 310
15  83  66  75   4   0  10 0.01  0.0    0  8.0 25  30   M    M   4 3      33  20
16  88  63  76   5   0  11 0.04  0.0    0  5.9 31 110   M    M   0 3      37 110
17  91  61  76   4   0  11 0.01  0.0    0  7.9 21 170   M    M   1 138    27 220
18  93  68  81   9   0  16    T  0.0    0 10.3 22 130   M    M   0 3      27 160
19  92  64  78   6   0  13 0.33  0.0    0 11.0 21 320   M    M   0 13     30 170
================================================================================
SM 1666 1178         0 192  2.62     0.0 200.7          M       21
================================================================================
AV 87.7 62.0                              10.6 FASTST   M    M   1    MAX(MPH)
                                 MISC ---->  # 31 190               # 48  240
================================================================================
NOTES:
# LAST OF SEVERAL OCCURRENCES

COLUMN 17 PEAK WIND IN M.P.H.

PRELIMINARY LOCAL CLIMATOLOGICAL DATA (WS FORM: F-6) , PAGE 2

                                          STATION:  LAWTON
                                          MONTH:    MAY
                                          YEAR:     2018
                                          LATITUDE:   34 34 N
                                          LONGITUDE:  98 25 W

[TEMPERATURE DATA]      [PRECIPITATION DATA]       SYMBOLS USED IN COLUMN 16

AVERAGE MONTHLY: 74.8   TOTAL FOR MONTH:   2.62    1 = FOG OR MIST
DPTR FM NORMAL:   5.6   DPTR FM NORMAL:   -0.26    2 = FOG REDUCING VISIBILITY
HIGHEST:    93 ON 18    GRTST 24HR  1.25 ON  2- 2      TO 1/4 MILE OR LESS
LOWEST:     50 ON  5                               3 = THUNDER
                        SNOW, ICE PELLETS, HAIL    4 = ICE PELLETS
                        TOTAL MONTH:   0.0 INCH    5 = HAIL
                        GRTST 24HR     0.0         6 = FREEZING RAIN OR DRIZZLE
                        GRTST DEPTH:   0           7 = DUSTSTORM OR SANDSTORM:
                                                       VSBY 1/2 MILE OR LESS
                                                   8 = SMOKE OR HAZE
[NO. OF DAYS WITH]      [WEATHER - DAYS WITH]      9 = BLOWING SNOW
                                                   X = TORNADO
MAX 32 OR BELOW:   0    0.01 INCH OR MORE:   7
MAX 90 OR ABOVE:   7    0.10 INCH OR MORE:   4
MIN 32 OR BELOW:   0    0.50 INCH OR MORE:   2
MIN  0 OR BELOW:   0    1.00 INCH OR MORE:   1

[HDD (BASE 65) ]
TOTAL THIS MO.     0    CLEAR  (SCALE 0-3)  16
DPTR FM NORMAL   -22    PTCLDY (SCALE 4-7)   3
TOTAL FM JUL 1  3152    CLOUDY (SCALE 8-10)  0
DPTR FM NORMAL     3

[CDD (BASE 65) ]
TOTAL THIS MO.   192
DPTR FM NORMAL    91    [PRESSURE DATA]
TOTAL FM JAN 1   248    HIGHEST SLP M ON M
DPTR FM NORMAL    71    LOWEST  SLP 29.60 ON 18

[REMARKS]
