000
CXUS54 KLUB 220755
CF6LBB
PRELIMINARY LOCAL CLIMATOLOGICAL DATA (WS FORM: F-6)

                                          STATION:   LUBBOCK
                                          MONTH:     OCTOBER
                                          YEAR:      2018
                                          LATITUDE:   33 39 N
                                          LONGITUDE: 101 49 W

  TEMPERATURE IN F:       :PCPN:    SNOW:  WIND      :SUNSHINE: SKY     :PK WND
================================================================================
1   2   3   4   5  6A  6B    7    8   9   10  11  12  13   14  15   16   17  18
                                     12Z  AVG MX 2MIN
DY MAX MIN AVG DEP HDD CDD  WTR  SNW DPTH SPD SPD DIR MIN PSBL S-S WX    SPD DR
================================================================================

 1  81  64  73   7   0   8 0.00  0.0    0 13.0 21 160   M    M   5        26 160
 2  84  65  75   9   0  10 0.00  0.0    0 13.9 22 180   M    M   5 1      27 180
 3  91  68  80  14   0  15 0.00  0.0    0 16.2 23 200   M    M   2        28 200
 4  86  67  77  12   0  12    T  0.0    0 10.4 25 170   M    M   5 3      31 180
 5  88  62  75  10   0  10 0.76  0.0    0 14.6 45 300   M    M   5 13     56 290
 6  68  57  63  -2   2   0    T  0.0    0 11.7 20  90   M    M   9 1      24  40
 7  78  57  68   4   0   3 0.03  0.0    0 16.4 33 180   M    M   8 12     40 180
 8  70  60  65   1   0   0 0.42  0.0    0 14.5 31 180   M    M   9 13     41 190
 9  70  46  58  -6   7   0 0.92  0.0    0 11.8 24 340   M    M   7 1      28 340
10  67  40  54 -10  11   0 0.00  0.0    0  7.2 15 210   M    M   1        20 220
11  58  48  53 -10  12   0    T  0.0    0 13.2 24 110   M    M   7        29 110
12  71  55  63   0   2   0 0.03  0.0    0  8.0 14 100   M    M   9 12     18  90
13  67  51  59  -4   6   0 0.34  0.0    0 10.7 21 100   M    M   8 12     25  90
14  63  34  49 -13  16   0 0.00  0.0    0 16.9 29  20   M    M   8 12     39  10
15  44  32  38 -24  27   0 0.42  0.0    0 16.2 25  10   M    M   9 1      33  30
16  47  36  42 -20  23   0 0.08    M    0  9.7 18  10   M    M  10 1      22 360
17  58  46  52  -9  13   0    T  0.0    0 11.4 22  90   M    M   9        26  70
18  48  45  47 -14  18   0 0.79  0.0    0 10.2 24 110   M    M  10 1      30 110
19  72  48  60  -1   5   0 0.04  0.0    0  4.7 12 310   M    M   7 18     15 280
20  67  48  58  -2   7   0 0.00  0.0    0  9.5 17  40   M    M   4 1      21  40
21  67  41  54  -6  11   0 0.00  0.0    0  7.5 18 210   M    M   5 8      23 210
================================================================================
SM 1445 1070       160  58  3.83     0.0 247.7          M      142
================================================================================
AV 68.8 51.0                              11.8 FASTST   M    M   7    MAX(MPH)
                                 MISC ---->  # 45 300               # 56  290
================================================================================
NOTES:
# LAST OF SEVERAL OCCURRENCES

COLUMN 17 PEAK WIND IN M.P.H.

PRELIMINARY LOCAL CLIMATOLOGICAL DATA (WS FORM: F-6) , PAGE 2

                                          STATION:  LUBBOCK
                                          MONTH:    OCTOBER
                                          YEAR:     2018
                                          LATITUDE:   33 39 N
                                          LONGITUDE: 101 49 W

[TEMPERATURE DATA]      [PRECIPITATION DATA]       SYMBOLS USED IN COLUMN 16

AVERAGE MONTHLY: 59.9   TOTAL FOR MONTH:   3.83    1 = FOG OR MIST
DPTR FM NORMAL:  -3.3   DPTR FM NORMAL:    2.41    2 = FOG REDUCING VISIBILITY
HIGHEST:    91 ON  3    GRTST 24HR  0.92 ON  9- 9      TO 1/4 MILE OR LESS
LOWEST:     32 ON 15                               3 = THUNDER
                        SNOW, ICE PELLETS, HAIL    4 = ICE PELLETS
                        TOTAL MONTH:   0.0 INCH    5 = HAIL
                        GRTST 24HR     0.0         6 = FREEZING RAIN OR DRIZZLE
                        GRTST DEPTH:   0           7 = DUSTSTORM OR SANDSTORM:
                                                       VSBY 1/2 MILE OR LESS
                                                   8 = SMOKE OR HAZE
[NO. OF DAYS WITH]      [WEATHER - DAYS WITH]      9 = BLOWING SNOW
                                                   X = TORNADO
MAX 32 OR BELOW:   0    0.01 INCH OR MORE:  10
MAX 90 OR ABOVE:   1    0.10 INCH OR MORE:   6
MIN 32 OR BELOW:   1    0.50 INCH OR MORE:   3
MIN  0 OR BELOW:   0    1.00 INCH OR MORE:   0

[HDD (BASE 65) ]
TOTAL THIS MO.   160    CLEAR  (SCALE 0-3)   2
DPTR FM NORMAL    76    PTCLDY (SCALE 4-7)  11
TOTAL FM JUL 1   171    CLOUDY (SCALE 8-10)  8
DPTR FM NORMAL    64

[CDD (BASE 65) ]
TOTAL THIS MO.    58
DPTR FM NORMAL    12    [PRESSURE DATA]
TOTAL FM JAN 1  2422    HIGHEST SLP M ON M
DPTR FM NORMAL   627    LOWEST  SLP 29.60 ON  8

[REMARKS]
