000
CXUS53 KLBF 241410
CF6LBF
PRELIMINARY LOCAL CLIMATOLOGICAL DATA (WS FORM: F-6)
STATION: NORTH PLATTE
MONTH: APRIL
YEAR: 2024
LATITUDE: 41 7 N
LONGITUDE: 100 41 W
TEMPERATURE IN F: :PCPN: SNOW: WIND :SUNSHINE: SKY :PK WND
================================================================================
1 2 3 4 5 6A 6B 7 8 9 10 11 12 13 14 15 16 17 18
12Z AVG MX 2MIN
DY MAX MIN AVG DEP HDD CDD WTR SNW DPTH SPD SPD DIR MIN PSBL S-S WX SPD DR
================================================================================
1 45 34 40 -5 25 0 0.03 0.0 0 13.8 23 350 M M 10 1 33 360
2 61 25 43 -2 22 0 0.00 0.0 0 15.7 35 350 M M 2 55 320
3 64 23 44 -1 21 0 0.00 0.0 0 9.6 21 340 M M 0 32 310
4 70 24 47 1 18 0 0.00 0.0 0 7.3 15 110 M M 0 20 100
5 70 34 52 6 13 0 0.00 0.0 0 16.1 28 120 M M 0 8 42 110
6 71 41 56 10 9 0 0.03 0.0 0 20.9 43 110 M M 4 38 62 120
7 54 34 44 -2 21 0 0.04 0.0 0 24.2 39 300 M M 8 1 55 290
8 59 28 44 -2 21 0 0.00 0.0 0 13.7 32 280 M M 3 42 290
9 68 23 46 -1 19 0 0.00 0.0 0 8.0 23 260 M M 1 31 230
10 68 31 50 3 15 0 T 0.0 0 12.5 36 320 M M 2 48 310
11 61 26 44 -3 21 0 0.00 0.0 0 12.2 28 330 M M 0 43 320
12 77 23 50 3 15 0 0.00 0.0 0 9.4 23 170 M M 0 31 150
13 89 44 67 19 0 2 0.00 0.0 0 5.6 20 180 M M 0 29 180
14 85 38 62 14 3 0 0.00 0.0 0 11.1 22 110 M M 0 36 100
15 87 46 67 19 0 2 0.00 0.0 0 19.9 37 120 M M 1 53 130
16 67 42 55 7 10 0 0.13 0.0 0 15.6 39 310 M M 6 3 62 300
17 69 35 52 4 13 0 0.07 T 0 11.5 30 10 M M 2 34 45 20
18 53 30 42 -7 23 0 0.25 T 0 12.1 30 20 M M 6 134 43 20
19 47 25 36 -13 29 0 0.00 0.0 0 6.4 16 20 M M 8 24 10
20 45 24 35 -14 30 0 T T 0 4.9 13 270 M M 7 16 250
21 61 21 41 -8 24 0 0.00 0.0 0 7.4 17 190 M M 0 25 190
22 73 39 56 6 9 0 0.00 0.0 0 9.0 23 340 M M 0 30 360
23 68 40 54 4 11 0 0.00 0.0 0 11.6 23 10 M M 0 39 350
================================================================================
SM 1512 730 372 4 0.55 T 278.5 M 60
================================================================================
AV 65.7 31.7 12.1 FASTST M M 3 MAX(MPH)
MISC ----> 43 110 # 62 120
================================================================================
NOTES:
# LAST OF SEVERAL OCCURRENCES
COLUMN 17 PEAK WIND IN M.P.H.
PRELIMINARY LOCAL CLIMATOLOGICAL DATA (WS FORM: F-6) , PAGE 2
STATION: NORTH PLATTE
MONTH: APRIL
YEAR: 2024
LATITUDE: 41 7 N
LONGITUDE: 100 41 W
[TEMPERATURE DATA] [PRECIPITATION DATA] SYMBOLS USED IN COLUMN 16
AVERAGE MONTHLY: 48.7 TOTAL FOR MONTH: 0.55 1 = FOG OR MIST
DPTR FM NORMAL: 1.4 DPTR FM NORMAL: -1.11 2 = FOG REDUCING VISIBILITY
HIGHEST: 89 ON 13 GRTST 24HR 0.32 ON 17-18 TO 1/4 MILE OR LESS
LOWEST: 21 ON 21 3 = THUNDER
SNOW, ICE PELLETS, HAIL 4 = ICE PELLETS
TOTAL MONTH: T 5 = HAIL
GRTST 24HR T ON 17-17 6 = FREEZING RAIN OR DRIZZLE
GRTST DEPTH: 0 7 = DUSTSTORM OR SANDSTORM:
VSBY 1/2 MILE OR LESS
8 = SMOKE OR HAZE
[NO. OF DAYS WITH] [WEATHER - DAYS WITH] 9 = BLOWING SNOW
X = TORNADO
MAX 32 OR BELOW: 0 0.01 INCH OR MORE: 6
MAX 90 OR ABOVE: 0 0.10 INCH OR MORE: 2
MIN 32 OR BELOW: 12 0.50 INCH OR MORE: 0
MIN 0 OR BELOW: 0 1.00 INCH OR MORE: 0
[HDD (BASE 65) ]
TOTAL THIS MO. 372 CLEAR (SCALE 0-3) 16
DPTR FM NORMAL -36 PTCLDY (SCALE 4-7) 6
TOTAL FM JUL 1 5496 CLOUDY (SCALE 8-10) 1
DPTR FM NORMAL -501
[CDD (BASE 65) ]
TOTAL THIS MO. 4
DPTR FM NORMAL 4 [PRESSURE DATA]
TOTAL FM JAN 1 4 HIGHEST SLP M ON M
DPTR FM NORMAL 4 LOWEST SLP 29.13 ON 7
[REMARKS]