000
CXUS52 KILM 161000
CF6LBT
PRELIMINARY LOCAL CLIMATOLOGICAL DATA (WS FORM: F-6)

                                          STATION:   LUMBERTON NORTH CAROLINA
                                          MONTH:     OCTOBER
                                          YEAR:      2018
                                          LATITUDE:   34 35 N
                                          LONGITUDE:  79  4 W

  TEMPERATURE IN F:       :PCPN:    SNOW:  WIND      :SUNSHINE: SKY     :PK WND
================================================================================
1   2   3   4   5  6A  6B    7    8   9   10  11  12  13   14  15   16   17  18
                                     12Z  AVG MX 2MIN
DY MAX MIN AVG DEP HDD CDD  WTR  SNW DPTH SPD SPD DIR MIN PSBL S-S WX    SPD DR
================================================================================

 1  85  63  74   6   0   9 0.00    M    M  2.7  9 180   M    M   0 1      14 130
 2  88  63  76   8   0  11 0.00    M    M  1.1  8 140   M    M   1 1      11 220
 3  89  65  77   9   0  12 0.00    M    M  2.6 10 280   M    M   1 1      14 260
 4  91  66  79  12   0  14 0.00    M    M  3.0 10 250   M    M   1 1      16 270
 5  94  69  82  15   0  17 0.00    M    M  2.7  9 280   M    M   1 1      13 290
 6  85  73  79  12   0  14 0.00    M    M  5.1 12  30   M    M   6 18     16  30
 7  91  70  81  15   0  16 0.00    M    M  3.6 13  30   M    M   5 18     15  40
 8  89  70  80  14   0  15    T    M    M  6.6 17 120   M    M   3 1      25 130
 9  88  71  80  14   0  15    T    M    M  8.0 18 110   M    M   3        23 130
10  81  72  77  12   0  12 0.74    M    M  7.4 17 100   M    M   7 13     25  90
11  80  69  75  10   0  10 0.55    M    M 14.8 31 280   M    M   8 1      50 250
12  75  54  65   0   0   0 0.00    M    M  4.7 17 310   M    M   0 1      23 290
13  76  51  64   0   1   0 0.00    M    M  4.5 14 360   M    M   1 1      19  40
14  80  58  69   5   0   4 0.00    M    M  4.9 13  20   M    M   4        15  20
15  86  63  75  11   0  10 0.00    M    M  2.5  8 170   M    M   5 1      10 150
================================================================================
SM 1278  977         1 159  1.29    M     74.2          M       46
================================================================================
AV 85.2 65.1                               4.9 FASTST   M    M   3    MAX(MPH)
                                 MISC ---->  # 31 280               # 50  250
================================================================================
NOTES:
# LAST OF SEVERAL OCCURRENCES

COLUMN 17 PEAK WIND IN M.P.H.

PRELIMINARY LOCAL CLIMATOLOGICAL DATA (WS FORM: F-6) , PAGE 2

                                          STATION:  LUMBERTON NORTH CAROLINA
                                          MONTH:    OCTOBER
                                          YEAR:     2018
                                          LATITUDE:   34 35 N
                                          LONGITUDE:  79  4 W

[TEMPERATURE DATA]      [PRECIPITATION DATA]       SYMBOLS USED IN COLUMN 16

AVERAGE MONTHLY: 75.2   TOTAL FOR MONTH:   1.29    1 = FOG OR MIST
DPTR FM NORMAL:   9.2   DPTR FM NORMAL:   -0.29    2 = FOG REDUCING VISIBILITY
HIGHEST:    94 ON  5    GRTST 24HR  0.74 ON 10-10      TO 1/4 MILE OR LESS
LOWEST:     51 ON 13                               3 = THUNDER
                        SNOW, ICE PELLETS, HAIL    4 = ICE PELLETS
                        TOTAL MONTH:    M          5 = HAIL
                        GRTST 24HR    M  ON   M    6 = FREEZING RAIN OR DRIZZLE
                        GRTST DEPTH:  M  ON   M    7 = DUSTSTORM OR SANDSTORM:
                                                       VSBY 1/2 MILE OR LESS
                                                   8 = SMOKE OR HAZE
[NO. OF DAYS WITH]      [WEATHER - DAYS WITH]      9 = BLOWING SNOW
                                                   X = TORNADO
MAX 32 OR BELOW:   0    0.01 INCH OR MORE:   2
MAX 90 OR ABOVE:   3    0.10 INCH OR MORE:   2
MIN 32 OR BELOW:   0    0.50 INCH OR MORE:   2
MIN  0 OR BELOW:   0    1.00 INCH OR MORE:   0

[HDD (BASE 65) ]
TOTAL THIS MO.     1    CLEAR  (SCALE 0-3)   9
DPTR FM NORMAL   -32    PTCLDY (SCALE 4-7)   6
TOTAL FM JUL 1     1    CLOUDY (SCALE 8-10)  0
DPTR FM NORMAL   -41

[CDD (BASE 65) ]
TOTAL THIS MO.   159
DPTR FM NORMAL   112    [PRESSURE DATA]
TOTAL FM JAN 1  2433    HIGHEST SLP M ON M
DPTR FM NORMAL   565    LOWEST  SLP 29.45 ON 11

[REMARKS]
