000
CXUS52 KILM 191000
CF6LBT
PRELIMINARY LOCAL CLIMATOLOGICAL DATA (WS FORM: F-6)

                                          STATION:   LUMBERTON NORTH CAROLINA
                                          MONTH:     JULY
                                          YEAR:      2018
                                          LATITUDE:   34 35 N
                                          LONGITUDE:  79  4 W

  TEMPERATURE IN F:       :PCPN:    SNOW:  WIND      :SUNSHINE: SKY     :PK WND
================================================================================
1   2   3   4   5  6A  6B    7    8   9   10  11  12  13   14  15   16   17  18
                                     12Z  AVG MX 2MIN
DY MAX MIN AVG DEP HDD CDD  WTR  SNW DPTH SPD SPD DIR MIN PSBL S-S WX    SPD DR
================================================================================

 1  94  74  84   3   0  19 0.02    M    M  2.1 14 200   M    M   1 13     17 200
 2  94  74  84   3   0  19 0.00    M    M  2.2  8 230   M    M   1 1      10 220
 3  95  75  85   4   0  20 0.00    M    M  4.0 16 130   M    M   1 1      22  70
 4  93  74  84   3   0  19 0.00    M    M  6.4 14  50   M    M   2 3      19  80
 5  91  73  82   1   0  17 0.07    M    M  4.2 18 140   M    M   1 38     27 140
 6  93  71  82   1   0  17 0.01    M    M  3.5 17 350   M    M   3 123    22 360
 7  83  71  77  -4   0  12 0.04    M    M  9.2 22  10   M    M   6 1      26  20
 8  87  68  78  -3   0  13 0.00    M    M 10.9 18  40   M    M   4        23 360
 9  90  63  77  -4   0  12 0.00    M    M  6.3 17  30   M    M   0        22  30
10  94  59  77  -4   0  12 0.00    M    M  3.0 13 310   M    M   0 8      18 300
11  98  66  82   1   0  17 0.00    M    M  3.6 12 230   M    M   0 1      16 220
12  97  73  85   4   0  20 0.17    M    M  5.0 18  20   M    M   3 13     23  20
13  90  73  82   1   0  17 0.00    M    M  5.8 13 100   M    M   6 1      16  90
14  91  70  81   0   0  16 0.00    M    M  4.8 10 100   M    M   0        17  80
15  92  65  79  -2   0  14 0.00    M    M  3.7 12 240   M    M   1        16 140
16  89  69  79  -2   0  14 0.00    M    M  4.1 10 150   M    M   1        16 150
17  95  73  84   3   0  19 0.54    M    M  6.8 22 220   M    M   3 138    28 230
18  88  74  81   0   0  16 0.02    M    M  4.9 14  30   M    M   4 1      17  20
================================================================================
SM 1654 1265         0 293  0.87    M     90.5          M       37
================================================================================
AV 91.9 70.3                               5.0 FASTST   M    M   2    MAX(MPH)
                                 MISC ---->  # 22  10               # 28  230
================================================================================
NOTES:
# LAST OF SEVERAL OCCURRENCES

COLUMN 17 PEAK WIND IN M.P.H.

PRELIMINARY LOCAL CLIMATOLOGICAL DATA (WS FORM: F-6) , PAGE 2

                                          STATION:  LUMBERTON NORTH CAROLINA
                                          MONTH:    JULY
                                          YEAR:     2018
                                          LATITUDE:   34 35 N
                                          LONGITUDE:  79  4 W

[TEMPERATURE DATA]      [PRECIPITATION DATA]       SYMBOLS USED IN COLUMN 16

AVERAGE MONTHLY: 81.1   TOTAL FOR MONTH:   0.87    1 = FOG OR MIST
DPTR FM NORMAL:   0.1   DPTR FM NORMAL:   -2.03    2 = FOG REDUCING VISIBILITY
HIGHEST:    98 ON 11    GRTST 24HR  0.54 ON 17-17      TO 1/4 MILE OR LESS
LOWEST:     59 ON 10                               3 = THUNDER
                        SNOW, ICE PELLETS, HAIL    4 = ICE PELLETS
                        TOTAL MONTH:    M          5 = HAIL
                        GRTST 24HR    M  ON   M    6 = FREEZING RAIN OR DRIZZLE
                        GRTST DEPTH:  M  ON   M    7 = DUSTSTORM OR SANDSTORM:
                                                       VSBY 1/2 MILE OR LESS
                                                   8 = SMOKE OR HAZE
[NO. OF DAYS WITH]      [WEATHER - DAYS WITH]      9 = BLOWING SNOW
                                                   X = TORNADO
MAX 32 OR BELOW:   0    0.01 INCH OR MORE:   7
MAX 90 OR ABOVE:  14    0.10 INCH OR MORE:   2
MIN 32 OR BELOW:   0    0.50 INCH OR MORE:   1
MIN  0 OR BELOW:   0    1.00 INCH OR MORE:   0

[HDD (BASE 65) ]
TOTAL THIS MO.     0    CLEAR  (SCALE 0-3)  13
DPTR FM NORMAL     0    PTCLDY (SCALE 4-7)   5
TOTAL FM JUL 1     0    CLOUDY (SCALE 8-10)  0
DPTR FM NORMAL     0

[CDD (BASE 65) ]
TOTAL THIS MO.   293
DPTR FM NORMAL     5    [PRESSURE DATA]
TOTAL FM JAN 1  1172    HIGHEST SLP M ON M
DPTR FM NORMAL   246    LOWEST  SLP 29.88 ON 18

[REMARKS]
