000
CXUS54 KHGX 171515
CF6LBX
PRELIMINARY LOCAL CLIMATOLOGICAL DATA (WS FORM: F-6)

                                          STATION:   ANGLETON/LAKE_JACKS
                                          MONTH:     NOVEMBER
                                          YEAR:      2018
                                          LATITUDE:   29  6 N
                                          LONGITUDE:  95 28 W

  TEMPERATURE IN F:       :PCPN:    SNOW:  WIND      :SUNSHINE: SKY     :PK WND
================================================================================
1   2   3   4   5  6A  6B    7    8   9   10  11  12  13   14  15   16   17  18
                                     12Z  AVG MX 2MIN
DY MAX MIN AVG DEP HDD CDD  WTR  SNW DPTH SPD SPD DIR MIN PSBL S-S WX    SPD DR
================================================================================

 1  68  53  61  -5   4   0 0.01  0.0    0  8.3 17 350   M    M   4 1      26 320
 2  71  47  59  -7   6   0 0.00  0.0    0  1.7 10 310   M    M   0 1      14 320
 3  78  50  64  -2   1   0 0.00  0.0    0 10.0 29 170   M    M   5 1      34 170
 4  75  64  70   4   0   5 0.09  0.0    0  6.0 16 340   M    M   7 1      22 330
 5  84  64  74   9   0   9 0.01  0.0    0  9.4 26 190   M    M   5 1      33 180
 6  87  73  80  15   0  15 0.00  0.0    0  5.8 15 160   M    M   7 12     18 160
 7  86  74  80  15   0  15 0.03  0.0    0  6.5 16 180   M    M   8 123    28 260
 8  80  71  76  12   0  11 0.00  0.0    0  6.3 15  50   M    M  10 128    19  70
 9  73  52  63  -1   2   0 0.70  0.0    0 16.4 28  20   M    M   7 13     34  10
10  56  47  52 -12  13   0    T  0.0    0  9.3 18  50   M    M   5        23  30
11  59  48  54 -10  11   0 0.14  0.0    0 11.5 17  50   M    M  10 1      24  60
12  59  45  52 -11  13   0 0.09  0.0    0 12.1 25 350   M    M  10 1      33  10
13  45  34  40 -23  25   0 0.02  0.0    0 14.1 28 350   M    M   8 1      36 350
14  53  30  42 -21  23   0 0.00  0.0    0  6.9 16 350   M    M   0        22 340
15  62  30  46 -16  19   0 0.00  0.0    0  2.0 15 180   M    M   0        18 180
16  70  36  53  -9  12   0 0.00  0.0    0  2.2 14 180   M    M   0        16 170
================================================================================
SM 1106  818       129  55  1.09     0.0 128.5          M       86
================================================================================
AV 69.1 51.1                               8.0 FASTST   M    M   5    MAX(MPH)
                                 MISC ---->  # 29 170               # 36  350
================================================================================
NOTES:
# LAST OF SEVERAL OCCURRENCES

COLUMN 17 PEAK WIND IN M.P.H.

PRELIMINARY LOCAL CLIMATOLOGICAL DATA (WS FORM: F-6) , PAGE 2

                                          STATION:  ANGLETON/LAKE_JACKS
                                          MONTH:    NOVEMBER
                                          YEAR:     2018
                                          LATITUDE:   29  6 N
                                          LONGITUDE:  95 28 W

[TEMPERATURE DATA]      [PRECIPITATION DATA]       SYMBOLS USED IN COLUMN 16

AVERAGE MONTHLY: 60.1   TOTAL FOR MONTH:   1.09    1 = FOG OR MIST
DPTR FM NORMAL:  -4.1   DPTR FM NORMAL:   -1.35    2 = FOG REDUCING VISIBILITY
HIGHEST:    87 ON  6    GRTST 24HR  2.28 ON 31- 1      TO 1/4 MILE OR LESS
LOWEST:     30 ON 15,14                            3 = THUNDER
                        SNOW, ICE PELLETS, HAIL    4 = ICE PELLETS
                        TOTAL MONTH:   0.0 INCH    5 = HAIL
                        GRTST 24HR     0.0         6 = FREEZING RAIN OR DRIZZLE
                        GRTST DEPTH:   0           7 = DUSTSTORM OR SANDSTORM:
                                                       VSBY 1/2 MILE OR LESS
                                                   8 = SMOKE OR HAZE
[NO. OF DAYS WITH]      [WEATHER - DAYS WITH]      9 = BLOWING SNOW
                                                   X = TORNADO
MAX 32 OR BELOW:   0    0.01 INCH OR MORE:   8
MAX 90 OR ABOVE:   0    0.10 INCH OR MORE:   2
MIN 32 OR BELOW:   2    0.50 INCH OR MORE:   1
MIN  0 OR BELOW:   0    1.00 INCH OR MORE:   0

[HDD (BASE 65) ]
TOTAL THIS MO.   129    CLEAR  (SCALE 0-3)   4
DPTR FM NORMAL    75    PTCLDY (SCALE 4-7)   9
TOTAL FM JUL 1   144    CLOUDY (SCALE 8-10)  3
DPTR FM NORMAL    60

[CDD (BASE 65) ]
TOTAL THIS MO.    55
DPTR FM NORMAL    13    [PRESSURE DATA]
TOTAL FM JAN 1  3327    HIGHEST SLP M ON M
DPTR FM NORMAL   535    LOWEST  SLP 29.72 ON  5

[REMARKS]
