000
CXUS54 KLCH 160906
CF6LCH
PRELIMINARY LOCAL CLIMATOLOGICAL DATA (WS FORM: F-6)

                                          STATION:   LAKE CHARLES
                                          MONTH:     OCTOBER
                                          YEAR:      2018
                                          LATITUDE:   30  7 N
                                          LONGITUDE:  93 13 W

  TEMPERATURE IN F:       :PCPN:    SNOW:  WIND      :SUNSHINE: SKY     :PK WND
================================================================================
1   2   3   4   5  6A  6B    7    8   9   10  11  12  13   14  15   16   17  18
                                     12Z  AVG MX 2MIN
DY MAX MIN AVG DEP HDD CDD  WTR  SNW DPTH SPD SPD DIR MIN PSBL S-S WX    SPD DR
================================================================================

 1  84  72  78   4   0  13 0.27  0.0    0   M   M   M   M    M   1 38      M  M
 2  91  72  82   8   0  17 0.00  0.0    0  4.0 10  80   M    M   2 1      13 130
 3  91  74  83   9   0  18 0.27  0.0    0  3.8 13 180   M    M   1 18     18 150
 4  91  76  84  10   0  19 0.00  0.0    0  4.4 14 150   M    M   2 1      16 150
 5  90  74  82   9   0  17    T  0.0    0  5.4 16 140   M    M   2 3      21 150
 6  89  74  82   9   0  17 0.00  0.0    0  6.9 18 120   M    M   2 13     23 120
 7  91  75  83  10   0  18    T  0.0    0  8.7 25 110   M    M   2 123    32 110
 8  91  74  83  11   0  18 0.23  0.0    0  9.7 22 130   M    M   2 1      26 140
 9  88  72  80   8   0  15 0.54  0.0    0 10.3 23 120   M    M   7 18     29 120
10  88  69  79   7   0  14 0.01  0.0    0  8.1 18 340   M    M   4 1      24  10
11  82  63  73   1   0   8 0.00  0.0    0  8.4 15  10   M    M   0        21 360
12  80  60  70  -1   0   5 0.00  0.0    0  5.1 13 110   M    M   0        17  90
13  86  66  76   5   0  11 0.00  0.0    0  8.1 21 140   M    M   1 1      28 140
14  88  74  81  10   0  16 0.00  0.0    0  7.5 14 150   M    M   2        20 190
15  84  70  77   7   0  12 0.61  0.0    0  8.7 21  40   M    M   6 13     24  50
================================================================================
SM 1314 1065         0 218  1.93     0.0  99.1          M       34
================================================================================
AV 87.6 71.0                               7.1 FASTST   M    M   2    MAX(MPH)
                                 MISC ---->  # 25 110               # 32  110
================================================================================
NOTES:
# LAST OF SEVERAL OCCURRENCES

COLUMN 17 PEAK WIND IN M.P.H.

PRELIMINARY LOCAL CLIMATOLOGICAL DATA (WS FORM: F-6) , PAGE 2

                                          STATION:  LAKE CHARLES
                                          MONTH:    OCTOBER
                                          YEAR:     2018
                                          LATITUDE:   30  7 N
                                          LONGITUDE:  93 13 W

[TEMPERATURE DATA]      [PRECIPITATION DATA]       SYMBOLS USED IN COLUMN 16

AVERAGE MONTHLY: 79.3   TOTAL FOR MONTH:   1.93    1 = FOG OR MIST
DPTR FM NORMAL:   6.9   DPTR FM NORMAL:   -0.17    2 = FOG REDUCING VISIBILITY
HIGHEST:    91 ON  8, 7 GRTST 24HR  1.18 ON 30- 1      TO 1/4 MILE OR LESS
LOWEST:     60 ON 12                               3 = THUNDER
                        SNOW, ICE PELLETS, HAIL    4 = ICE PELLETS
                        TOTAL MONTH:   0.0 INCH    5 = HAIL
                        GRTST 24HR     0.0         6 = FREEZING RAIN OR DRIZZLE
                        GRTST DEPTH:   0           7 = DUSTSTORM OR SANDSTORM:
                                                       VSBY 1/2 MILE OR LESS
                                                   8 = SMOKE OR HAZE
[NO. OF DAYS WITH]      [WEATHER - DAYS WITH]      9 = BLOWING SNOW
                                                   X = TORNADO
MAX 32 OR BELOW:   0    0.01 INCH OR MORE:   6
MAX 90 OR ABOVE:   6    0.10 INCH OR MORE:   5
MIN 32 OR BELOW:   0    0.50 INCH OR MORE:   2
MIN  0 OR BELOW:   0    1.00 INCH OR MORE:   0

[HDD (BASE 65) ]
TOTAL THIS MO.     0    CLEAR  (SCALE 0-3)  12
DPTR FM NORMAL    -6    PTCLDY (SCALE 4-7)   3
TOTAL FM JUL 1     0    CLOUDY (SCALE 8-10)  0
DPTR FM NORMAL    -7

[CDD (BASE 65) ]
TOTAL THIS MO.   218
DPTR FM NORMAL   100    [PRESSURE DATA]
TOTAL FM JAN 1  3268    HIGHEST SLP M ON M
DPTR FM NORMAL   610    LOWEST  SLP 29.71 ON  9

[REMARKS]
