000
CXUS53 KLMK 180800
CF6LEX
PRELIMINARY LOCAL CLIMATOLOGICAL DATA (WS FORM: F-6)

                                          STATION:   LEXINGTON KY
                                          MONTH:     JULY
                                          YEAR:      2018
                                          LATITUDE:   38  1 N
                                          LONGITUDE:  84 36 W

  TEMPERATURE IN F:       :PCPN:    SNOW:  WIND      :SUNSHINE: SKY     :PK WND
================================================================================
1   2   3   4   5  6A  6B    7    8   9   10  11  12  13   14  15   16   17  18
                                     12Z  AVG MX 2MIN
DY MAX MIN AVG DEP HDD CDD  WTR  SNW DPTH SPD SPD DIR MIN PSBL S-S WX    SPD DR
================================================================================

 1  90  73  82   6   0  17 0.02  0.0    0  6.6 23 180   M    M   0 3      31 190
 2  90  73  82   6   0  17 0.00  0.0    0  5.9 16 110   M    M   1 3      21 100
 3  91  71  81   5   0  16    T  0.0    0  7.0 16 260   M    M   3 38     20 260
 4  97  71  84   8   0  19    T  0.0    0  4.4 21  60   M    M   1 3      26  50
 5  96  73  85   9   0  20 0.00  0.0    0  3.6 16  40   M    M   0 13     21  30
 6  87  68  78   2   0  13 0.14  0.0    0  7.6 24 360   M    M   3 13     33  10
 7  84  60  72  -4   0   7 0.00  0.0    0 10.3 17  50   M    M   1        24  30
 8  91  66  79   3   0  14 0.00  0.0    0  5.3 12  30   M    M   2        15  40
 9  92  66  79   3   0  14 0.03  0.0    0  3.5 13 350   M    M   2        16 340
10  93  71  82   6   0  17 0.00  0.0    0  3.7 12 270   M    M   1 1      18 270
11  90  68  79   3   0  14 0.00  0.0    0  8.0 16  20   M    M   2 1      23 360
12  88  64  76   0   0  11 0.00  0.0    0  7.0 15  40   M    M   0        20  30
13  91  63  77   1   0  12 0.00  0.0    0  3.4 10  20   M    M   0        16 320
14  92  66  79   3   0  14 0.00  0.0    0  2.9  9 200   M    M   0        15 210
15  84  69  77   1   0  12 0.21  0.0    0  5.2 13 190   M    M   3 138    18 170
16  86  71  79   3   0  14 0.57  0.0    0  5.9 21 190   M    M   5 138    27 190
17  89  70  80   4   0  15 0.00  0.0    0  6.3 16 340   M    M   2 18     22 330
================================================================================
SM 1531 1163         0 246  0.97     0.0  96.6          M       26
================================================================================
AV 90.1 68.4                               5.7 FASTST   M    M   2    MAX(MPH)
                                 MISC ---->  # 24 360               # 33   10
================================================================================
NOTES:
# LAST OF SEVERAL OCCURRENCES

COLUMN 17 PEAK WIND IN M.P.H.

PRELIMINARY LOCAL CLIMATOLOGICAL DATA (WS FORM: F-6) , PAGE 2

                                          STATION:  LEXINGTON KY
                                          MONTH:    JULY
                                          YEAR:     2018
                                          LATITUDE:   38  1 N
                                          LONGITUDE:  84 36 W

[TEMPERATURE DATA]      [PRECIPITATION DATA]       SYMBOLS USED IN COLUMN 16

AVERAGE MONTHLY: 79.2   TOTAL FOR MONTH:   0.97    1 = FOG OR MIST
DPTR FM NORMAL:   3.2   DPTR FM NORMAL:   -1.56    2 = FOG REDUCING VISIBILITY
HIGHEST:    97 ON  4    GRTST 24HR  0.57 ON 16-16      TO 1/4 MILE OR LESS
LOWEST:     60 ON  7                               3 = THUNDER
                        SNOW, ICE PELLETS, HAIL    4 = ICE PELLETS
                        TOTAL MONTH:   0.0 INCH    5 = HAIL
                        GRTST 24HR     0.0         6 = FREEZING RAIN OR DRIZZLE
                        GRTST DEPTH:   0           7 = DUSTSTORM OR SANDSTORM:
                                                       VSBY 1/2 MILE OR LESS
                                                   8 = SMOKE OR HAZE
[NO. OF DAYS WITH]      [WEATHER - DAYS WITH]      9 = BLOWING SNOW
                                                   X = TORNADO
MAX 32 OR BELOW:   0    0.01 INCH OR MORE:   5
MAX 90 OR ABOVE:  11    0.10 INCH OR MORE:   3
MIN 32 OR BELOW:   0    0.50 INCH OR MORE:   1
MIN  0 OR BELOW:   0    1.00 INCH OR MORE:   0

[HDD (BASE 65) ]
TOTAL THIS MO.     0    CLEAR  (SCALE 0-3)  14
DPTR FM NORMAL     0    PTCLDY (SCALE 4-7)   3
TOTAL FM JUL 1     0    CLOUDY (SCALE 8-10)  0
DPTR FM NORMAL     0

[CDD (BASE 65) ]
TOTAL THIS MO.   246
DPTR FM NORMAL    59    [PRESSURE DATA]
TOTAL FM JAN 1   852    HIGHEST SLP M ON M
DPTR FM NORMAL   316    LOWEST  SLP 29.89 ON 16

[REMARKS]
