585
CXUS54 KLCH 220827
CF6LFT
PRELIMINARY LOCAL CLIMATOLOGICAL DATA (WS FORM: F-6)

                                          STATION:   LAFAYETTE
                                          MONTH:     JUNE
                                          YEAR:      2018
                                          LATITUDE:   30 12 N
                                          LONGITUDE:  92  0 W

  TEMPERATURE IN F:       :PCPN:    SNOW:  WIND      :SUNSHINE: SKY     :PK WND
================================================================================
1   2   3   4   5  6A  6B    7    8   9   10  11  12  13   14  15   16   17  18
                                     12Z  AVG MX 2MIN
DY MAX MIN AVG DEP HDD CDD  WTR  SNW DPTH SPD SPD DIR MIN PSBL S-S WX    SPD DR
================================================================================

 1  94  74  84   4   0  19 0.00  0.0    0  7.2 18 210   M    M   3 1      23 210
 2  95  76  86   6   0  21 0.00  0.0    0  8.6 20 240   M    M   3 1      25 240
 3  93  76  85   5   0  20    T  0.0    0  4.9 16 260   M    M   3 3      21 310
 4  93  74  84   4   0  19 0.05  0.0    0  3.0 15 270   M    M   6 13     19 270
 5  91  71  81   1   0  16 0.51  0.0    0  5.0 24 250   M    M   4 138    34 220
 6  91  69  80  -1   0  15 0.00  0.0    0  2.9 13  10   M    M   2 1      16  10
 7  93  69  81   0   0  16 0.00  0.0    0  2.5  8 200   M    M   1 1      12 200
 8  93  72  83   2   0  18 0.00  0.0    0  3.1 14 160   M    M   2 1      20 150
 9  92  70  81   0   0  16    T  0.0    0  3.7 26 240   M    M   1 13     35 250
10  86  73  80  -1   0  15 0.04  0.0    0  4.2 18 200   M    M   2 13     24 190
11  93  75  84   3   0  19 0.00  0.0    0  7.3 16 210   M    M   2        18 200
12  94  73  84   3   0  19 0.58  0.0    0  5.1 26 350   M    M   3 138    33 350
13  90  72  81  -1   0  16 0.06  0.0    0  2.9 17 230   M    M   3 3      22 240
14  91  73  82   0   0  17 0.39  0.0    0  2.5 20  20   M    M   3 138    23  20
15  90  73  82   0   0  17    T  0.0    0  1.5 10 330   M    M   2 13     14 330
16  91  75  83   1   0  18 0.16  0.0    0  3.6 18 170   M    M   2 13     26 170
17  88  74  81  -1   0  16 0.12  0.0    0  5.8 29 180   M    M   3 1      39 170
18  78  73  76  -6   0  11 0.16  0.0    0  3.6 16 190   M    M   4 1      23 120
19  87  74  81  -1   0  16 0.00  0.0    0  3.5 13  70   M    M   7 13     18  80
20  90  75  83   1   0  18 0.00  0.0    0  4.6 17 190   M    M   5 1      21 180
21  86  76  81  -1   0  16 0.08  0.0    0  3.0 15 310   M    M   3 13     19 310
================================================================================
SM 1899 1537         0 358  2.15     0.0  88.5          M       64
================================================================================
AV 90.4 73.2                               4.2 FASTST   M    M   3    MAX(MPH)
                                 MISC ---->  # 29 180               # 39  170
================================================================================
NOTES:
# LAST OF SEVERAL OCCURRENCES

COLUMN 17 PEAK WIND IN M.P.H.

PRELIMINARY LOCAL CLIMATOLOGICAL DATA (WS FORM: F-6) , PAGE 2

                                          STATION:  LAFAYETTE
                                          MONTH:    JUNE
                                          YEAR:     2018
                                          LATITUDE:   30 12 N
                                          LONGITUDE:  92  0 W

[TEMPERATURE DATA]      [PRECIPITATION DATA]       SYMBOLS USED IN COLUMN 16

AVERAGE MONTHLY: 81.8   TOTAL FOR MONTH:   2.15    1 = FOG OR MIST
DPTR FM NORMAL:   0.6   DPTR FM NORMAL:   -2.62    2 = FOG REDUCING VISIBILITY
HIGHEST:    95 ON  2    GRTST 24HR  0.58 ON 12-12      TO 1/4 MILE OR LESS
LOWEST:     69 ON  7, 6                            3 = THUNDER
                        SNOW, ICE PELLETS, HAIL    4 = ICE PELLETS
                        TOTAL MONTH:   0.0 INCH    5 = HAIL
                        GRTST 24HR     0.0         6 = FREEZING RAIN OR DRIZZLE
                        GRTST DEPTH:   0           7 = DUSTSTORM OR SANDSTORM:
                                                       VSBY 1/2 MILE OR LESS
                                                   8 = SMOKE OR HAZE
[NO. OF DAYS WITH]      [WEATHER - DAYS WITH]      9 = BLOWING SNOW
                                                   X = TORNADO
MAX 32 OR BELOW:   0    0.01 INCH OR MORE:  10
MAX 90 OR ABOVE:  16    0.10 INCH OR MORE:   6
MIN 32 OR BELOW:   0    0.50 INCH OR MORE:   2
MIN  0 OR BELOW:   0    1.00 INCH OR MORE:   0

[HDD (BASE 65) ]
TOTAL THIS MO.     0    CLEAR  (SCALE 0-3)  15
DPTR FM NORMAL     0    PTCLDY (SCALE 4-7)   6
TOTAL FM JUL 1  1370    CLOUDY (SCALE 8-10)  0
DPTR FM NORMAL   -50

[CDD (BASE 65) ]
TOTAL THIS MO.   358
DPTR FM NORMAL    19    [PRESSURE DATA]
TOTAL FM JAN 1  1111    HIGHEST SLP M ON M
DPTR FM NORMAL   158    LOWEST  SLP 29.87 ON M

[REMARKS]
