000
CXUS54 KLCH 260934
CF6LFT
PRELIMINARY LOCAL CLIMATOLOGICAL DATA (WS FORM: F-6)

                                          STATION:   LAFAYETTE
                                          MONTH:     SEPTEMBER
                                          YEAR:      2018
                                          LATITUDE:   30 12 N
                                          LONGITUDE:  92  0 W

  TEMPERATURE IN F:       :PCPN:    SNOW:  WIND      :SUNSHINE: SKY     :PK WND
================================================================================
1   2   3   4   5  6A  6B    7    8   9   10  11  12  13   14  15   16   17  18
                                     12Z  AVG MX 2MIN
DY MAX MIN AVG DEP HDD CDD  WTR  SNW DPTH SPD SPD DIR MIN PSBL S-S WX    SPD DR
================================================================================

 1  88  75  82   0   0  17 1.47  0.0    0  3.7 14 110   M    M   6 13     23 110
 2  78  75  77  -5   0  12 0.70  0.0    0  4.5  9 150   M    M   8 1      15 110
 3  89  76  83   1   0  18 0.53  0.0    0  3.4 18 180   M    M   8 13     24 170
 4  90   M   M   M   M   M 0.00  0.0    0  5.3 10  70   M    M   3         M  M
 5  91  71  81  -1   0  16 0.00  0.0    0  3.6 10 330   M    M   2        13 310
 6  91  75  83   1   0  18 0.01  0.0    0  2.5 16  50   M    M   3 13     21  50
 7  89  75  82   0   0  17 1.05  0.0    0  1.6  7  30   M    M   3 13      M  M
 8  91  74  83   2   0  18 1.08  0.0    0  1.9 24 190   M    M   3 128    29 190
 9  91  75  83   2   0  18 0.02  0.0    0  3.5 18 240   M    M   3 13     22 280
10  90  73  82   1   0  17 0.28  0.0    0  2.5 14 340   M    M   5 13     18 240
11  80  73  77  -4   0  12 0.70  0.0    0  1.9 15 180   M    M   5 13     21 180
12  90  74  82   2   0  17 0.00  0.0    0  3.9 12  60   M    M   3 1      16  60
13  89  75  82   2   0  17    T  0.0    0  3.9 14 180   M    M   2 13     19 180
14  94  74  84   4   0  19 0.00  0.0    0  3.5 10 200   M    M   2 1      13 210
15  96  77  87   7   0  22 0.00  0.0    0  3.9 12 270   M    M   2 3      15 210
16  96  75  86   7   0  21    T    M    0  2.6  7 310   M    M   1 3       M  M
17  96  77  87   8   0  22 0.14  0.0    0  1.9 13 170   M    M   2 38     23 160
18  97  78  88   9   0  23 0.01  0.0    0  2.6 21 270   M    M   1 138    26 280
19  95  77  86   8   0  21 0.00  0.0    0  3.3 12 280   M    M   2 13     20 130
20  91  71  81   3   0  16 0.00  0.0    0  3.5  7 360   M    M   3         M  M
21  92  77  85   7   0  20 0.21  0.0    0  2.5 14  80   M    M   3 13     21  80
22  89  76  83   5   0  18 0.06  0.0    0  3.4 17 280   M    M   3 13     24 290
23  88  75  82   5   0  17 0.02  0.0    0  3.1 20 260   M    M   3 1      24 270
24  88  76  82   5   0  17 0.03  0.0    0  3.9 16 230   M    M   2 1      20 240
25  89  76  83   6   0  18 1.76  0.0    0  1.8 23 260   M    M   3 13     28 220
================================================================================
SM 2258 1800         0 431  8.07     0.0  78.2          M       81
================================================================================
AV 90.3 75.0                               3.1 FASTST   M    M   3    MAX(MPH)
                                 MISC ---->  # 24 190               # 29  190
================================================================================
NOTES:
# LAST OF SEVERAL OCCURRENCES

COLUMN 17 PEAK WIND IN M.P.H.

PRELIMINARY LOCAL CLIMATOLOGICAL DATA (WS FORM: F-6) , PAGE 2

                                          STATION:  LAFAYETTE
                                          MONTH:    SEPTEMBER
                                          YEAR:     2018
                                          LATITUDE:   30 12 N
                                          LONGITUDE:  92  0 W

[TEMPERATURE DATA]      [PRECIPITATION DATA]       SYMBOLS USED IN COLUMN 16

AVERAGE MONTHLY: 82.7   TOTAL FOR MONTH:   8.07    1 = FOG OR MIST
DPTR FM NORMAL:   2.7   DPTR FM NORMAL:    4.10    2 = FOG REDUCING VISIBILITY
HIGHEST:    97 ON 18    GRTST 24HR  1.76 ON 25-25      TO 1/4 MILE OR LESS
LOWEST:     71 ON 20, 5                            3 = THUNDER
                        SNOW, ICE PELLETS, HAIL    4 = ICE PELLETS
                        TOTAL MONTH:   0.0 INCH    5 = HAIL
                        GRTST 24HR     0.0         6 = FREEZING RAIN OR DRIZZLE
                        GRTST DEPTH:   0           7 = DUSTSTORM OR SANDSTORM:
                                                       VSBY 1/2 MILE OR LESS
                                                   8 = SMOKE OR HAZE
[NO. OF DAYS WITH]      [WEATHER - DAYS WITH]      9 = BLOWING SNOW
                                                   X = TORNADO
MAX 32 OR BELOW:   0    0.01 INCH OR MORE:  16
MAX 90 OR ABOVE:  15    0.10 INCH OR MORE:  10
MIN 32 OR BELOW:   0    0.50 INCH OR MORE:   7
MIN  0 OR BELOW:   0    1.00 INCH OR MORE:   4

[HDD (BASE 65) ]
TOTAL THIS MO.     0    CLEAR  (SCALE 0-3)  16
DPTR FM NORMAL     0    PTCLDY (SCALE 4-7)   9
TOTAL FM JUL 1     0    CLOUDY (SCALE 8-10)  0
DPTR FM NORMAL     0

[CDD (BASE 65) ]
TOTAL THIS MO.   431
DPTR FM NORMAL    58    [PRESSURE DATA]
TOTAL FM JAN 1  2923    HIGHEST SLP M ON M
DPTR FM NORMAL   289    LOWEST  SLP 29.83 ON  9

[REMARKS]
