058
CXUS54 KFWD 190730
CF6LHB
PRELIMINARY LOCAL CLIMATOLOGICAL DATA (WS FORM: F-6)

                                          STATION:   HEARNE
                                          MONTH:     JULY
                                          YEAR:      2018
                                          LATITUDE:   30 52 N
                                          LONGITUDE:  96 36 W

  TEMPERATURE IN F:       :PCPN:    SNOW:  WIND      :SUNSHINE: SKY     :PK WND
================================================================================
1   2   3   4   5  6A  6B    7    8   9   10  11  12  13   14  15   16   17  18
                                     12Z  AVG MX 2MIN
DY MAX MIN AVG DEP HDD CDD  WTR  SNW DPTH SPD SPD DIR MIN PSBL S-S WX    SPD DR
================================================================================

 1  95  75  85   M   0  20 0.00  0.0    0  7.8 12 140   M    M   3        16 160
 2  94  73  84   M   0  19 0.00  0.0    0  4.7  8 130   M    M   2         M  M
 3  95  73  84   M   0  19 0.00  0.0    0  5.0 12  80   M    M   2        23  80
 4  88  72  80   M   0  15    T  0.0    0  4.3 12  70   M    M   6 3      18  70
 5  94  68  81   M   0  16    M  0.0    0  2.4  8  50   M    M   1         M  M
 6  96  73  85   M   0  20 0.00  0.0    0  4.5  9  20   M    M   2         M  M
 7  86  72  79   M   0  14 0.48  0.0    0  2.4 10 140   M    M   5 3       M  M
 8  87  70  79   M   0  14 0.00  0.0    0  1.6  9 140   M    M   3 3       M  M
 9  80  73  77   M   0  12 0.02  0.0    0  2.7  8 140   M    M   5 1       M  M
10  91  73  82   M   0  17 0.00  0.0    0  3.6  8 140   M    M   4 1       M  M
11  92  74  83   M   0  18 0.00  0.0    0  3.7  8 130   M    M   1         M  M
12  94  74  84   M   0  19 0.00  0.0    0  4.4 10  60   M    M   1         M  M
13  93  74  84   M   0  19 0.00  0.0    0  5.6 13 180   M    M   1        16 180
14  95  74  85   M   0  20 0.00  0.0    0  5.8 10 180   M    M   1        10 140
15  96  74  85   M   0  20 0.00  0.0    0  6.3 16 200   M    M   4        20 200
16  98  74  86   M   0  21 0.00  0.0    0  7.4 13 170   M    M   2        20 170
17  98  73  86   M   0  21 0.00  0.0    0  6.7 10 200   M    M   1         M  M
18  99  74  87   M   0  22 0.00  0.0    0  6.4 13 190   M    M   1        18 190
================================================================================
SM 1671 1313         0 326  0.50     0.0  85.3          M       45
================================================================================
AV 92.8 72.9                               4.7 FASTST   M    M   3    MAX(MPH)
                                 MISC ---->  # 16 200               # 23   80
================================================================================
NOTES:
# LAST OF SEVERAL OCCURRENCES

COLUMN 17 PEAK WIND IN M.P.H.

PRELIMINARY LOCAL CLIMATOLOGICAL DATA (WS FORM: F-6) , PAGE 2

                                          STATION:  HEARNE
                                          MONTH:    JULY
                                          YEAR:     2018
                                          LATITUDE:   30 52 N
                                          LONGITUDE:  96 36 W

[TEMPERATURE DATA]      [PRECIPITATION DATA]       SYMBOLS USED IN COLUMN 16

AVERAGE MONTHLY: 82.9   TOTAL FOR MONTH:   0.50    1 = FOG OR MIST
DPTR FM NORMAL:     M   DPTR FM NORMAL:       M    2 = FOG REDUCING VISIBILITY
HIGHEST:    99 ON 18    GRTST 24HR  0.48 ON  7- 7      TO 1/4 MILE OR LESS
LOWEST:     68 ON  5                               3 = THUNDER
                        SNOW, ICE PELLETS, HAIL    4 = ICE PELLETS
                        TOTAL MONTH:   0.0 INCH    5 = HAIL
                        GRTST 24HR     0.0         6 = FREEZING RAIN OR DRIZZLE
                        GRTST DEPTH:   0           7 = DUSTSTORM OR SANDSTORM:
                                                       VSBY 1/2 MILE OR LESS
                                                   8 = SMOKE OR HAZE
[NO. OF DAYS WITH]      [WEATHER - DAYS WITH]      9 = BLOWING SNOW
                                                   X = TORNADO
MAX 32 OR BELOW:   0    0.01 INCH OR MORE:   2
MAX 90 OR ABOVE:  14    0.10 INCH OR MORE:   1
MIN 32 OR BELOW:   0    0.50 INCH OR MORE:   0
MIN  0 OR BELOW:   0    1.00 INCH OR MORE:   0

[HDD (BASE 65) ]
TOTAL THIS MO.     0    CLEAR  (SCALE 0-3)  13
DPTR FM NORMAL     M    PTCLDY (SCALE 4-7)   5
TOTAL FM JUL 1     0    CLOUDY (SCALE 8-10)  0
DPTR FM NORMAL     M

[CDD (BASE 65) ]
TOTAL THIS MO.   326
DPTR FM NORMAL     M    [PRESSURE DATA]
TOTAL FM JAN 1  1482    HIGHEST SLP M ON M
DPTR FM NORMAL     M    LOWEST  SLP M ON M

[REMARKS]
