000
CXUS53 KOAX 191000
CF6LNK
PRELIMINARY LOCAL CLIMATOLOGICAL DATA (WS FORM: F-6)

                                          STATION:   LINCOLN  NE
                                          MONTH:     JULY
                                          YEAR:      2018
                                          LATITUDE:   40 50 N
                                          LONGITUDE:  96 45 W

  TEMPERATURE IN F:       :PCPN:    SNOW:  WIND      :SUNSHINE: SKY     :PK WND
================================================================================
1   2   3   4   5  6A  6B    7    8   9   10  11  12  13   14  15   16   17  18
                                     12Z  AVG MX 2MIN
DY MAX MIN AVG DEP HDD CDD  WTR  SNW DPTH SPD SPD DIR MIN PSBL S-S WX    SPD DR
================================================================================

 1  82  65  74  -3   0   9 0.22  0.0    0  8.3 33 320   M    M   4 13     45 310
 2  89  62  76  -1   0  11 0.00  0.0    0 10.5 20 140   M    M   0        29 150
 3  96  71  84   7   0  19 0.00  0.0    0 13.0 20 130   M    M   0        27 150
 4  94  70  82   5   0  17 0.11  0.0    0 10.7 38 350   M    M   1 13     49 350
 5  85  68  77   0   0  12 0.24  0.0    0  9.0 18  10   M    M   3 13     25 300
 6  87  66  77   0   0  12 0.00  0.0    0  6.9 14  60   M    M   1 1      18 110
 7  91  68  80   3   0  15 0.00  0.0    0  9.3 16 120   M    M   1        22 170
 8  90  64  77  -1   0  12 0.00  0.0    0  8.2 17 150   M    M   0        23 170
 9  94  66  80   2   0  15 0.00  0.0    0  6.8 14 260   M    M   0        21 240
10  95  64  80   2   0  15 0.00  0.0    0  5.8 14 190   M    M   0        20 190
11  96  73  85   7   0  20 0.00  0.0    0  9.3 20 170   M    M   0        25 150
12  97  73  85   7   0  20 0.00  0.0    0  9.3 18 180   M    M   0        24 180
13  88  70  79   1   0  14    T  0.0    0  8.1 22 350   M    M   4        27 330
14  89  64  77  -1   0  12 0.00  0.0    0  5.0 12 360   M    M   1 1      19  30
15  94  64  79   1   0  14 0.00  0.0    0  3.9 14 360   M    M   2        18 350
16  90  70  80   2   0  15 0.00  0.0    0  5.5 16 220   M    M   3        20 220
17  80  68  74  -4   0   9 0.16  0.0    0  6.4 15  60   M    M   5 1      16 110
18  85  66  76  -2   0  11 0.00  0.0    0  7.7 16 150   M    M   5 1      21 160
================================================================================
SM 1622 1212         0 252  0.73     0.0 143.7          M       30
================================================================================
AV 90.1 67.3                               8.0 FASTST   M    M   2    MAX(MPH)
                                 MISC ---->  # 38 350               # 49  350
================================================================================
NOTES:
# LAST OF SEVERAL OCCURRENCES

COLUMN 17 PEAK WIND IN M.P.H.

PRELIMINARY LOCAL CLIMATOLOGICAL DATA (WS FORM: F-6) , PAGE 2

                                          STATION:  LINCOLN  NE
                                          MONTH:    JULY
                                          YEAR:     2018
                                          LATITUDE:   40 50 N
                                          LONGITUDE:  96 45 W

[TEMPERATURE DATA]      [PRECIPITATION DATA]       SYMBOLS USED IN COLUMN 16

AVERAGE MONTHLY: 78.7   TOTAL FOR MONTH:   0.73    1 = FOG OR MIST
DPTR FM NORMAL:   1.1   DPTR FM NORMAL:   -1.34    2 = FOG REDUCING VISIBILITY
HIGHEST:    97 ON 12    GRTST 24HR  1.27 ON 30- 1      TO 1/4 MILE OR LESS
LOWEST:     62 ON  2                               3 = THUNDER
                        SNOW, ICE PELLETS, HAIL    4 = ICE PELLETS
                        TOTAL MONTH:   0.0 INCH    5 = HAIL
                        GRTST 24HR     0.0         6 = FREEZING RAIN OR DRIZZLE
                        GRTST DEPTH:   0           7 = DUSTSTORM OR SANDSTORM:
                                                       VSBY 1/2 MILE OR LESS
                                                   8 = SMOKE OR HAZE
[NO. OF DAYS WITH]      [WEATHER - DAYS WITH]      9 = BLOWING SNOW
                                                   X = TORNADO
MAX 32 OR BELOW:   0    0.01 INCH OR MORE:   4
MAX 90 OR ABOVE:  10    0.10 INCH OR MORE:   4
MIN 32 OR BELOW:   0    0.50 INCH OR MORE:   0
MIN  0 OR BELOW:   0    1.00 INCH OR MORE:   0

[HDD (BASE 65) ]
TOTAL THIS MO.     0    CLEAR  (SCALE 0-3)  13
DPTR FM NORMAL     0    PTCLDY (SCALE 4-7)   5
TOTAL FM JUL 1     0    CLOUDY (SCALE 8-10)  0
DPTR FM NORMAL     0

[CDD (BASE 65) ]
TOTAL THIS MO.   252
DPTR FM NORMAL    25    [PRESSURE DATA]
TOTAL FM JAN 1   832    HIGHEST SLP M ON M
DPTR FM NORMAL   284    LOWEST  SLP 29.67 ON  1

[REMARKS]
