620
CXUS53 KMKX 280642
CF6LNR
PRELIMINARY LOCAL CLIMATOLOGICAL DATA (WS FORM: F-6)

                                          STATION:   LONE ROCK WI
                                          MONTH:     OCTOBER
                                          YEAR:      2018
                                          LATITUDE:   43 12 N
                                          LONGITUDE:  90 11 W

  TEMPERATURE IN F:       :PCPN:    SNOW:  WIND      :SUNSHINE: SKY     :PK WND
================================================================================
1   2   3   4   5  6A  6B    7    8   9   10  11  12  13   14  15   16   17  18
                                     12Z  AVG MX 2MIN
DY MAX MIN AVG DEP HDD CDD  WTR  SNW DPTH SPD SPD DIR MIN PSBL S-S WX    SPD DR
================================================================================

 1  55  50  53  -2  12   0 0.17  0.0    0  8.0 21  20   M    M  10 13     30  20
 2  56  51  54   0  11   0    T  0.0    0  4.2 10 100   M    M  10 1      13  90
 3  86  55  71  17   0   6 0.06  0.0    0 11.1 26 190   M    M   6 3      43 220
 4  64  42  53   0  12   0 0.00  0.0    0  9.8 25 330   M    M   2        37 340
 5  58  47  53   0  12   0 0.23    M    0  4.0 15 310   M    M  10 13     19  90
 6  55  49  52  -1  13   0 0.69  0.0    0  5.7 14  10   M    M   9 13     18 330
 7  52  49  51  -1  14   0 0.89  0.0    0  8.5 16  80   M    M  10 1      23  70
 8  76  51  64  12   1   0 0.36  0.0    0  4.3 15 200   M    M   8 1      22 180
 9  81  66  74  22   0   9 0.45  0.0    0  4.9 20 190   M    M   7 13     26 180
10  72  45  59   8   6   0 1.09    M    M 10.6 22 260   M    M   9 1      37 250
11  45  38  42  -9  23   0    T    M    0 15.3 28 280   M    M  10        40 290
12  44  29  37 -13  28   0 0.00  0.0    0  6.5 15 300   M    M   6        19 310
13  54  27  41  -9  24   0 0.00  0.0    0  6.7 18 200   M    M   5        29 190
14  48  35  42  -8  23   0 0.01    M    0  5.6 14 330   M    M  10 1      20 330
15  45  30  38 -11  27   0 0.00  0.0    0  8.8 22 280   M    M   4        28 290
16  60  35  48  -1  17   0 0.00  0.0    0 10.0 24 280   M    M   0        33 270
17  52  28  40  -9  25   0 0.00  0.0    0  9.9 23 280   M    M   3        32 300
18  61  25  43  -5  22   0 0.00  0.0    0  5.2 16 220   M    M   0        26 220
19  58  47  53   5  12   0 0.04    M    0  8.6 18 230   M    M   4 1      29 240
20  48  24  36 -12  29   0 0.01    M    0 12.4 33 310   M    M   1        51 330
21  52  21  37 -10  28   0 0.00  0.0    0  5.2 18 200   M    M   0        26 190
22  65  26  46  -1  19   0 0.00  0.0    0  7.4 22 280   M    M   0        30 290
23  54  28  41  -6  24   0 0.00  0.0    0  5.3 15 290   M    M   0        24 340
24  56  24  40  -6  25   0 0.00  0.0    0  2.4 13 190   M    M   0 1      19 180
25  53  35  44  -2  21   0 0.00  0.0    0  4.0  9  20   M    M   2 1      11 210
26  55  41  48   2  17   0    T    M    0  0.9  8  70   M    M  10 18     10  60
27  50  41  46   1  19   0 0.02    M    0  4.7  9 100   M    M   8 18     12 110
================================================================================
SM 1555 1039       464  15  4.02     0.0 190.0          M      144
================================================================================
AV 57.6 38.5                               7.0 FASTST   M    M   5    MAX(MPH)
                                 MISC ---->  # 33 310               # 51  330
================================================================================
NOTES:
# LAST OF SEVERAL OCCURRENCES

COLUMN 17 PEAK WIND IN M.P.H.

PRELIMINARY LOCAL CLIMATOLOGICAL DATA (WS FORM: F-6) , PAGE 2

                                          STATION:  LONE ROCK WI
                                          MONTH:    OCTOBER
                                          YEAR:     2018
                                          LATITUDE:   43 12 N
                                          LONGITUDE:  90 11 W

[TEMPERATURE DATA]      [PRECIPITATION DATA]       SYMBOLS USED IN COLUMN 16

AVERAGE MONTHLY: 48.0   TOTAL FOR MONTH:   4.02    1 = FOG OR MIST
DPTR FM NORMAL:  -1.8   DPTR FM NORMAL:    1.87    2 = FOG REDUCING VISIBILITY
HIGHEST:    86 ON  3    GRTST 24HR  1.09 ON 10-10      TO 1/4 MILE OR LESS
LOWEST:     21 ON 21                               3 = THUNDER
                        SNOW, ICE PELLETS, HAIL    4 = ICE PELLETS
                        TOTAL MONTH:   0.0 INCH    5 = HAIL
                        GRTST 24HR     0.0         6 = FREEZING RAIN OR DRIZZLE
                        GRTST DEPTH:   0           7 = DUSTSTORM OR SANDSTORM:
                                                       VSBY 1/2 MILE OR LESS
                                                   8 = SMOKE OR HAZE
[NO. OF DAYS WITH]      [WEATHER - DAYS WITH]      9 = BLOWING SNOW
                                                   X = TORNADO
MAX 32 OR BELOW:   0    0.01 INCH OR MORE:  12
MAX 90 OR ABOVE:   0    0.10 INCH OR MORE:   7
MIN 32 OR BELOW:  10    0.50 INCH OR MORE:   3
MIN  0 OR BELOW:   0    1.00 INCH OR MORE:   1

[HDD (BASE 65) ]
TOTAL THIS MO.   464    CLEAR  (SCALE 0-3)  10
DPTR FM NORMAL    47    PTCLDY (SCALE 4-7)   7
TOTAL FM JUL 1   585    CLOUDY (SCALE 8-10) 10
DPTR FM NORMAL   -21

[CDD (BASE 65) ]
TOTAL THIS MO.    15
DPTR FM NORMAL    13    [PRESSURE DATA]
TOTAL FM JAN 1   821    HIGHEST SLP M ON M
DPTR FM NORMAL   254    LOWEST  SLP 29.53 ON 10

[REMARKS]
