000
CXUS53 KLMK 210800
CF6LOU
PRELIMINARY LOCAL CLIMATOLOGICAL DATA (WS FORM: F-6)

                                          STATION:   LOUISVILLE BOWMAN KY
                                          MONTH:     AUGUST
                                          YEAR:      2018
                                          LATITUDE:   38 13 N
                                          LONGITUDE:  85 40 W

  TEMPERATURE IN F:       :PCPN:    SNOW:  WIND      :SUNSHINE: SKY     :PK WND
================================================================================
1   2   3   4   5  6A  6B    7    8   9   10  11  12  13   14  15   16   17  18
                                     12Z  AVG MX 2MIN
DY MAX MIN AVG DEP HDD CDD  WTR  SNW DPTH SPD SPD DIR MIN PSBL S-S WX    SPD DR
================================================================================

 1  83  68  76  -2   0  11 0.29    M    M  2.3 10 100   M    M   4 1      14 180
 2  85  67  76  -2   0  11 0.00    M    M  2.8 10 140   M    M   1 12     13 150
 3  90  67  79   1   0  14 0.00    M    M  3.1  9 260   M    M   2 1      12 240
 4  92  72  82   4   0  17    T    M    M  3.1 10 210   M    M   2        16 140
 5  93  71  82   4   0  17 0.00    M    M  5.3 17 160   M    M   1 8      23 170
 6  92  72  82   4   0  17 0.00    M    M  6.1 16 230   M    M   1        22 240
 7  89  76  83   5   0  18    T    M    M  6.0 17 220   M    M   2 13     22 230
 8  87  74  81   3   0  16 0.24    M    M  6.7 14 230   M    M   5 13     24 220
 9  88  73  81   3   0  16 0.00    M    M  2.7 10 240   M    M   2 18     14 290
10 102  70  86   8   0  21    T    M    M  2.4 10 230   M    M   0 18     14 230
11  91  71  81   3   0  16 0.01    M    M  4.9 13 300   M    M   5 138    19 360
12  89  70  80   2   0  15 0.00    M    M  4.4 17  20   M    M   3 1      25  10
13  89  66  78   0   0  13 0.00    M    M  2.5  9 340   M    M   0 1      14  40
14  90  67  79   1   0  14 0.00    M    M  0.8  9 280   M    M   1 1      11 290
15  82  69  76  -2   0  11 0.55    M    M  6.3 24 260   M    M   5 138    40 270
16  86  70  78   0   0  13 2.95    M    M  9.1 18 170   M    M   8 13     24 170
17  87  75  81   3   0  16    T    M    M  6.8 18 230   M    M   4        23 230
18  87  72  80   2   0  15 0.04    M    M  3.8  9 190   M    M   6 1      13  10
19  90  70  80   2   0  15 0.29    M    M  2.2 14 280   M    M   3 1      16 280
20  88  74  81   3   0  16 0.26    M    M  8.3 21 190   M    M   3 13     29 190
================================================================================
SM 1780 1414         0 302  4.63    M     89.6          M       58
================================================================================
AV 89.0 70.7                               4.5 FASTST   M    M   3    MAX(MPH)
                                 MISC ---->  # 24 260               # 40  270
================================================================================
NOTES:
# LAST OF SEVERAL OCCURRENCES

COLUMN 17 PEAK WIND IN M.P.H.

PRELIMINARY LOCAL CLIMATOLOGICAL DATA (WS FORM: F-6) , PAGE 2

                                          STATION:  LOUISVILLE BOWMAN KY
                                          MONTH:    AUGUST
                                          YEAR:     2018
                                          LATITUDE:   38 13 N
                                          LONGITUDE:  85 40 W

[TEMPERATURE DATA]      [PRECIPITATION DATA]       SYMBOLS USED IN COLUMN 16

AVERAGE MONTHLY: 79.9   TOTAL FOR MONTH:   4.63    1 = FOG OR MIST
DPTR FM NORMAL:   1.8   DPTR FM NORMAL:    2.44    2 = FOG REDUCING VISIBILITY
HIGHEST:   102 ON 10    GRTST 24HR  2.95 ON 16-16      TO 1/4 MILE OR LESS
LOWEST:     66 ON 13                               3 = THUNDER
                        SNOW, ICE PELLETS, HAIL    4 = ICE PELLETS
                        TOTAL MONTH:    M          5 = HAIL
                        GRTST 24HR    M  ON   M    6 = FREEZING RAIN OR DRIZZLE
                        GRTST DEPTH:  M  ON   M    7 = DUSTSTORM OR SANDSTORM:
                                                       VSBY 1/2 MILE OR LESS
                                                   8 = SMOKE OR HAZE
[NO. OF DAYS WITH]      [WEATHER - DAYS WITH]      9 = BLOWING SNOW
                                                   X = TORNADO
MAX 32 OR BELOW:   0    0.01 INCH OR MORE:   8
MAX 90 OR ABOVE:   8    0.10 INCH OR MORE:   6
MIN 32 OR BELOW:   0    0.50 INCH OR MORE:   2
MIN  0 OR BELOW:   0    1.00 INCH OR MORE:   1

[HDD (BASE 65) ]
TOTAL THIS MO.     0    CLEAR  (SCALE 0-3)  12
DPTR FM NORMAL     0    PTCLDY (SCALE 4-7)   8
TOTAL FM JUL 1     0    CLOUDY (SCALE 8-10)  0
DPTR FM NORMAL     0

[CDD (BASE 65) ]
TOTAL THIS MO.   302
DPTR FM NORMAL    42    [PRESSURE DATA]
TOTAL FM JAN 1  1466    HIGHEST SLP M ON M
DPTR FM NORMAL   356    LOWEST  SLP 29.86 ON 20

[REMARKS]
