000
CXUS53 KLMK 190800
CF6LOU
PRELIMINARY LOCAL CLIMATOLOGICAL DATA (WS FORM: F-6)

                                          STATION:   LOUISVILLE BOWMAN KY
                                          MONTH:     NOVEMBER
                                          YEAR:      2018
                                          LATITUDE:   38 13 N
                                          LONGITUDE:  85 40 W

  TEMPERATURE IN F:       :PCPN:    SNOW:  WIND      :SUNSHINE: SKY     :PK WND
================================================================================
1   2   3   4   5  6A  6B    7    8   9   10  11  12  13   14  15   16   17  18
                                     12Z  AVG MX 2MIN
DY MAX MIN AVG DEP HDD CDD  WTR  SNW DPTH SPD SPD DIR MIN PSBL S-S WX    SPD DR
================================================================================

 1  68  50  59   6   6   0 1.26    M    M 10.2 23 230   M    M  10 1      33 250
 2  52  40  46  -7  19   0 0.04    M    M  4.9 15 250   M    M   7 1      21 240
 3  61  37  49  -4  16   0 0.00    M    M  4.7 13 160   M    M   2 1      17 160
 4  65  48  57   5   8   0 0.13    M    M  9.6 21 190   M    M   4        29 190
 5  64  54  59   7   6   0 1.29    M    M  9.2 20 130   M    M   7 1      30 120
 6  65  46  56   4   9   0 0.05    M    M  9.4 22 220   M    M   4 1      33 220
 7  59  42  51   0  14   0 0.00    M    M  2.6 12 270   M    M   1        16 280
 8  48  35  42  -9  23   0 0.00    M    M  7.0 13  40   M    M   4        18  50
 9  49  36  43  -7  22   0 0.16    M    M  9.0 21 290   M    M   9 18     28 290
10  41  24  33 -17  32   0    T    M    M  5.9 21 310   M    M   2        31 300
11  50  21  36 -13  29   0 0.00    M    M  2.1  9 120   M    M   3        13 130
12  47  34  41  -8  24   0 0.07    M    M  3.1 10 340   M    M   8 18     16 340
13  39  30  35 -14  30   0 0.04    M    M  6.5 13 330   M    M   9 18     21 340
14  35  28  32 -16  33   0 0.68    M    M  9.7 18  50   M    M   3 146    24  20
15  38  32  35 -13  30   0 0.38    M    M  8.1 15 250   M    M  10 168    21  60
16  44  32  38  -9  27   0 0.00    M    M  7.1 17 230   M    M   8 8      24 220
17  52  29  41  -6  24   0 0.00    M    M  2.8  9 150   M    M   3 128    14 140
18  61  34  48   2  17   0 0.00    M    M  2.9 13 230   M    M   4 18     19 290
================================================================================
SM  938  652       369   0  4.10    M    114.8          M       98
================================================================================
AV 52.1 36.2                               6.4 FASTST   M    M   5    MAX(MPH)
                                 MISC ---->  # 23 230               # 33  250
================================================================================
NOTES:
# LAST OF SEVERAL OCCURRENCES

COLUMN 17 PEAK WIND IN M.P.H.

PRELIMINARY LOCAL CLIMATOLOGICAL DATA (WS FORM: F-6) , PAGE 2

                                          STATION:  LOUISVILLE BOWMAN KY
                                          MONTH:    NOVEMBER
                                          YEAR:     2018
                                          LATITUDE:   38 13 N
                                          LONGITUDE:  85 40 W

[TEMPERATURE DATA]      [PRECIPITATION DATA]       SYMBOLS USED IN COLUMN 16

AVERAGE MONTHLY: 44.2   TOTAL FOR MONTH:   4.10    1 = FOG OR MIST
DPTR FM NORMAL:  -5.8   DPTR FM NORMAL:    1.97    2 = FOG REDUCING VISIBILITY
HIGHEST:    68 ON  1    GRTST 24HR  1.29 ON  5- 5      TO 1/4 MILE OR LESS
LOWEST:     21 ON 11                               3 = THUNDER
                        SNOW, ICE PELLETS, HAIL    4 = ICE PELLETS
                        TOTAL MONTH:    M          5 = HAIL
                        GRTST 24HR    M  ON   M    6 = FREEZING RAIN OR DRIZZLE
                        GRTST DEPTH:  M  ON   M    7 = DUSTSTORM OR SANDSTORM:
                                                       VSBY 1/2 MILE OR LESS
                                                   8 = SMOKE OR HAZE
[NO. OF DAYS WITH]      [WEATHER - DAYS WITH]      9 = BLOWING SNOW
                                                   X = TORNADO
MAX 32 OR BELOW:   0    0.01 INCH OR MORE:  10
MAX 90 OR ABOVE:   0    0.10 INCH OR MORE:   6
MIN 32 OR BELOW:   7    0.50 INCH OR MORE:   3
MIN  0 OR BELOW:   0    1.00 INCH OR MORE:   2

[HDD (BASE 65) ]
TOTAL THIS MO.   369    CLEAR  (SCALE 0-3)   4
DPTR FM NORMAL    97    PTCLDY (SCALE 4-7)   9
TOTAL FM JUL 1   631    CLOUDY (SCALE 8-10)  5
DPTR FM NORMAL    83

[CDD (BASE 65) ]
TOTAL THIS MO.     0
DPTR FM NORMAL     0    [PRESSURE DATA]
TOTAL FM JAN 1  2071    HIGHEST SLP M ON M
DPTR FM NORMAL   629    LOWEST  SLP 29.50 ON  1

[REMARKS]
