000
CXUS55 KJKL 250800
CF6LOZ
PRELIMINARY LOCAL CLIMATOLOGICAL DATA (WS FORM: F-6)

                                          STATION:   LONDON KY
                                          MONTH:     MAY
                                          YEAR:      2018
                                          LATITUDE:   37  4 N
                                          LONGITUDE:  84  5 W

  TEMPERATURE IN F:       :PCPN:    SNOW:  WIND      :SUNSHINE: SKY     :PK WND
================================================================================
1   2   3   4   5  6A  6B    7    8   9   10  11  12  13   14  15   16   17  18
                                     12Z  AVG MX 2MIN
DY MAX MIN AVG DEP HDD CDD  WTR  SNW DPTH SPD SPD DIR MIN PSBL S-S WX    SPD DR
================================================================================

 1  82  41  62   1   3   0 0.00    M    M  2.9 16 250   M    M   0        26 260
 2  83  51  67   6   0   2 0.00    M    M  5.1 17 250   M    M   2        24 240
 3  86  58  72  10   0   7 0.00    M    M  6.0 18 250   M    M   1        25 230
 4  77  63  70   8   0   5 0.10    M    M  5.9 17 250   M    M   3 1      24 210
 5  71  57  64   2   1   0 0.47    M    M  3.2 24 240   M    M   7 13     33 250
 6  77  56  67   5   0   2 0.14    M    M  8.1 28 340   M    M   6 13     47 340
 7  78  53  66   4   0   1 0.00    M    M  4.2 15 360   M    M   4 12     21 340
 8  80  53  67   4   0   2 0.00    M    M  2.0 10 330   M    M   M        18 300
 9  82  53  68   5   0   3    T    M    M  5.8 17 260   M    M   2        24 220
10  84  64  74  11   0   9 0.01    M    M  8.3 20 250   M    M   2        27 250
11  87  61  74  10   0   9    T    M    M  4.9 16 240   M    M   1 1      22 280
12  87  61  74  10   0   9 0.00    M    M  5.3 17 240   M    M   0 1      24 230
13  88  58  73   9   0   8 0.00    M    M  4.2 15 260   M    M   0 1      21 280
14  88  61  75  11   0  10 0.00    M    M  2.1 12 160   M    M   2 1      18 180
15  88  64  76  12   0  11    T    M    M  4.8 28 300   M    M   1 13     40 270
16  83  63  73   8   0   8 0.21    M    M  3.6 22 350   M    M   5 13     31 350
17  82  63  73   8   0   8    T    M    M  4.1 13  30   M    M   6 123    16  20
18  80  66  73   8   0   8 0.26    M    M  3.7 14 280   M    M   5 13     18 290
19  79  65  72   6   0   7 0.25    M    M  4.4 16 190   M    M   4 13     23 230
20  87  62  75   9   0  10 0.00    M    M  3.0 10 290   M    M   1 12     14 250
21  83  63  73   7   0   8 0.10    M    M  3.3 18 190   M    M   1 123    24 180
22  79  63  71   5   0   6 0.06    M    M  2.9 17 190   M    M   5 123    25 180
23  84  62  73   7   0   8 0.00    M    M  2.7 12  20   M    M   6 12     16  30
24  86  61  74   7   0   9 0.00    M    M  3.9  9  30   M    M   0        13  30
================================================================================
SM 1981 1422         4 150  1.60    M    104.4          M       64
================================================================================
AV 82.5 59.3                               4.3 FASTST   M    M   3    MAX(MPH)
                                 MISC ---->  # 28 340               # 47  340
================================================================================
NOTES:
# LAST OF SEVERAL OCCURRENCES

COLUMN 17 PEAK WIND IN M.P.H.

PRELIMINARY LOCAL CLIMATOLOGICAL DATA (WS FORM: F-6) , PAGE 2

                                          STATION:  LONDON KY
                                          MONTH:    MAY
                                          YEAR:     2018
                                          LATITUDE:   37  4 N
                                          LONGITUDE:  84  5 W

[TEMPERATURE DATA]      [PRECIPITATION DATA]       SYMBOLS USED IN COLUMN 16

AVERAGE MONTHLY: 70.9   TOTAL FOR MONTH:   1.60    1 = FOG OR MIST
DPTR FM NORMAL:   7.0   DPTR FM NORMAL:   -2.38    2 = FOG REDUCING VISIBILITY
HIGHEST:    88 ON 15,14 GRTST 24HR  0.47 ON  5- 5      TO 1/4 MILE OR LESS
LOWEST:     41 ON  1                               3 = THUNDER
                        SNOW, ICE PELLETS, HAIL    4 = ICE PELLETS
                        TOTAL MONTH:    M          5 = HAIL
                        GRTST 24HR    M  ON   M    6 = FREEZING RAIN OR DRIZZLE
                        GRTST DEPTH:  M  ON   M    7 = DUSTSTORM OR SANDSTORM:
                                                       VSBY 1/2 MILE OR LESS
                                                   8 = SMOKE OR HAZE
[NO. OF DAYS WITH]      [WEATHER - DAYS WITH]      9 = BLOWING SNOW
                                                   X = TORNADO
MAX 32 OR BELOW:   0    0.01 INCH OR MORE:   9
MAX 90 OR ABOVE:   0    0.10 INCH OR MORE:   7
MIN 32 OR BELOW:   0    0.50 INCH OR MORE:   0
MIN  0 OR BELOW:   0    1.00 INCH OR MORE:   0

[HDD (BASE 65) ]
TOTAL THIS MO.     4    CLEAR  (SCALE 0-3)  13
DPTR FM NORMAL   -80    PTCLDY (SCALE 4-7)  10
TOTAL FM JUL 1  4114    CLOUDY (SCALE 8-10)  0
DPTR FM NORMAL   -71

[CDD (BASE 65) ]
TOTAL THIS MO.   150
DPTR FM NORMAL    93    [PRESSURE DATA]
TOTAL FM JAN 1   163    HIGHEST SLP M ON M
DPTR FM NORMAL    80    LOWEST  SLP 29.85 ON 16

[REMARKS]
