000
CXUS55 KJKL 211000
CF6LOZ
PRELIMINARY LOCAL CLIMATOLOGICAL DATA (WS FORM: F-6)

                                          STATION:   LONDON KY
                                          MONTH:     AUGUST
                                          YEAR:      2018
                                          LATITUDE:   37  4 N
                                          LONGITUDE:  84  5 W

  TEMPERATURE IN F:       :PCPN:    SNOW:  WIND      :SUNSHINE: SKY     :PK WND
================================================================================
1   2   3   4   5  6A  6B    7    8   9   10  11  12  13   14  15   16   17  18
                                     12Z  AVG MX 2MIN
DY MAX MIN AVG DEP HDD CDD  WTR  SNW DPTH SPD SPD DIR MIN PSBL S-S WX    SPD DR
================================================================================

 1  74  67  71  -5   0   6 0.09    M    M  4.6 13 240   M    M   6 1      19 240
 2  77  65  71  -5   0   6 0.00    M    M  1.8  7 200   M    M   4 1      10 130
 3  87  65  76   0   0  11 0.00    M    M  1.9  8 340   M    M   4 12     13 340
 4  89  63  76   0   0  11 0.00    M    M  1.6  7 120   M    M   1 1      10 170
 5  90  66  78   2   0  13 0.18    M    M  1.9 16 180   M    M   2 13     21 180
 6  87  69  78   2   0  13 0.47    M    M  2.6 17 290   M    M   M 13     24 290
 7  88  69  79   3   0  14 0.04    M    M  4.8 14 200   M    M   M 1      20 300
 8  84  68  76   0   0  11 0.70    M    M  4.0 18 190   M    M   M 1      29 180
 9  86  67  77   1   0  12 0.00    M    M  2.9 10 280   M    M   M 12     15 310
10  77  68  73  -3   0   8 0.69    M    M  2.8  7 240   M    M   M 1      11 200
11  85  66  76   0   0  11 0.02    M    M  1.8 14 330   M    M   M 12     18 340
12  84  64  74  -2   0   9 0.00    M    M  2.5 13 340   M    M   M 12     17  20
13  85  62  74  -2   0   9 0.00    M    M  1.3  9 270   M    M   3 12     12 270
14  86  63  75  -1   0  10 0.00    M    M  3.0 12 270   M    M   3 12     16 250
15  82  65  74  -2   0   9    T    M    M  1.6 18 260   M    M   3 1      25 260
16  84  67  76   0   0  11 0.42    M    M  3.0 24 250   M    M   0 13     37 250
17  84  70  77   2   0  12 0.01    M    M  5.4 16 200   M    M   6 1      22 250
18  81  69  75   0   0  10 0.36    M    M  3.1 14  10   M    M   8 123    19  20
19  84  69  77   2   0  12 0.00    M    M  1.8  7 270   M    M   7 12     10 270
20  85  68  77   2   0  12 0.03    M    M  4.6 14 190   M    M   4 1      21 180
================================================================================
SM 1679 1330         0 210  3.01    M     57.0          M       51
================================================================================
AV 84.0 66.5                               2.8 FASTST   M    M   4    MAX(MPH)
                                 MISC ---->  # 24 250               # 37  250
================================================================================
NOTES:
# LAST OF SEVERAL OCCURRENCES

COLUMN 17 PEAK WIND IN M.P.H.

PRELIMINARY LOCAL CLIMATOLOGICAL DATA (WS FORM: F-6) , PAGE 2

                                          STATION:  LONDON KY
                                          MONTH:    AUGUST
                                          YEAR:     2018
                                          LATITUDE:   37  4 N
                                          LONGITUDE:  84  5 W

[TEMPERATURE DATA]      [PRECIPITATION DATA]       SYMBOLS USED IN COLUMN 16

AVERAGE MONTHLY: 75.2   TOTAL FOR MONTH:   3.01    1 = FOG OR MIST
DPTR FM NORMAL:  -0.6   DPTR FM NORMAL:    0.49    2 = FOG REDUCING VISIBILITY
HIGHEST:    90 ON  5    GRTST 24HR  0.70 ON  8- 8      TO 1/4 MILE OR LESS
LOWEST:     62 ON 13                               3 = THUNDER
                        SNOW, ICE PELLETS, HAIL    4 = ICE PELLETS
                        TOTAL MONTH:    M          5 = HAIL
                        GRTST 24HR    M  ON   M    6 = FREEZING RAIN OR DRIZZLE
                        GRTST DEPTH:  M  ON   M    7 = DUSTSTORM OR SANDSTORM:
                                                       VSBY 1/2 MILE OR LESS
                                                   8 = SMOKE OR HAZE
[NO. OF DAYS WITH]      [WEATHER - DAYS WITH]      9 = BLOWING SNOW
                                                   X = TORNADO
MAX 32 OR BELOW:   0    0.01 INCH OR MORE:  11
MAX 90 OR ABOVE:   1    0.10 INCH OR MORE:   6
MIN 32 OR BELOW:   0    0.50 INCH OR MORE:   2
MIN  0 OR BELOW:   0    1.00 INCH OR MORE:   0

[HDD (BASE 65) ]
TOTAL THIS MO.     0    CLEAR  (SCALE 0-3)   5
DPTR FM NORMAL     0    PTCLDY (SCALE 4-7)   8
TOTAL FM JUL 1     0    CLOUDY (SCALE 8-10)  0
DPTR FM NORMAL     0

[CDD (BASE 65) ]
TOTAL THIS MO.   210
DPTR FM NORMAL    -5    [PRESSURE DATA]
TOTAL FM JAN 1  1102    HIGHEST SLP M ON M
DPTR FM NORMAL   180    LOWEST  SLP 29.89 ON 18

[REMARKS]
