000
CXUS54 KEPZ 181200
CF6LRU
PRELIMINARY LOCAL CLIMATOLOGICAL DATA (WS FORM: F-6)

                                          STATION:   LAS CRUCES
                                          MONTH:     OCTOBER
                                          YEAR:      2018
                                          LATITUDE:   32 17 N
                                          LONGITUDE: 106 46 W

  TEMPERATURE IN F:       :PCPN:    SNOW:  WIND      :SUNSHINE: SKY     :PK WND
================================================================================
1   2   3   4   5  6A  6B    7    8   9   10  11  12  13   14  15   16   17  18
                                     12Z  AVG MX 2MIN
DY MAX MIN AVG DEP HDD CDD  WTR  SNW DPTH SPD SPD DIR MIN PSBL S-S WX    SPD DR
================================================================================

 1  88  68  78   M   0  13 0.05  0.0    0  7.9 18 160   M    M   3 3      23 160
 2  88  66  77   M   0  12    T  0.0    0  6.5 10 270   M    M   4        17 180
 3  87  61  74   M   0   9 0.00  0.0    0  8.4 16 260   M    M   0        21 250
 4  89  58  74   M   0   9 0.00  0.0    0  5.6 10 250   M    M   0         M  M
 5  88  58  73   M   0   8 0.00  0.0    0  8.8 17 250   M    M   1        24 250
 6  86  57  72   M   0   7 0.00  0.0    0 10.8 22 220   M    M   3 3      30 240
 7  82  58  70   M   0   5 0.02  0.0    0 15.0 25 200   M    M   3        33 200
 8  65  46  56   M   9   0 0.02    M    0  5.8 13 150   M    M   6 1       M  M
 9  70  44  57   M   8   0 0.00  0.0    0 10.8 27 250   M    M   3 12     32 250
10  74  39  57   M   8   0 0.00  0.0    0  6.2 15 230   M    M   1        22 230
11  77  51  64   M   1   0 0.00  0.0    0  5.9 13 230   M    M   6        20 230
12  65  56  61   M   4   0 0.47  0.0    0  3.4  9  20   M    M  10         M  M
13  68  56  62   M   3   0 0.01  0.0    0  6.6 15 240   M    M   8        21 240
14  72  52  62   M   3   0 0.00  0.0    0  8.5 18 260   M    M   4        27 260
15  59  43  51   M  14   0 0.00  0.0    0 10.8 18 130   M    M  10        23 130
16  49  42  46   M  19   0 0.00  0.0    0  7.7 17 130   M    M  10        23 120
17  56  46  51   M  14   0 0.00  0.0    0  7.4 20 140   M    M  10        28 140
================================================================================
SM 1263  901        83  63  0.57     0.0 136.1          M       82
================================================================================
AV 74.3 53.0                               8.0 FASTST   M    M   5    MAX(MPH)
                                 MISC ---->  # 27 250               # 33  200
================================================================================
NOTES:
# LAST OF SEVERAL OCCURRENCES

COLUMN 17 PEAK WIND IN M.P.H.

PRELIMINARY LOCAL CLIMATOLOGICAL DATA (WS FORM: F-6) , PAGE 2

                                          STATION:  LAS CRUCES
                                          MONTH:    OCTOBER
                                          YEAR:     2018
                                          LATITUDE:   32 17 N
                                          LONGITUDE: 106 46 W

[TEMPERATURE DATA]      [PRECIPITATION DATA]       SYMBOLS USED IN COLUMN 16

AVERAGE MONTHLY: 63.7   TOTAL FOR MONTH:   0.57    1 = FOG OR MIST
DPTR FM NORMAL:     M   DPTR FM NORMAL:       M    2 = FOG REDUCING VISIBILITY
HIGHEST:    89 ON  4    GRTST 24HR  0.47 ON 12-12      TO 1/4 MILE OR LESS
LOWEST:     39 ON 10                               3 = THUNDER
                        SNOW, ICE PELLETS, HAIL    4 = ICE PELLETS
                        TOTAL MONTH:   0.0 INCH    5 = HAIL
                        GRTST 24HR     0.0         6 = FREEZING RAIN OR DRIZZLE
                        GRTST DEPTH:   0           7 = DUSTSTORM OR SANDSTORM:
                                                       VSBY 1/2 MILE OR LESS
                                                   8 = SMOKE OR HAZE
[NO. OF DAYS WITH]      [WEATHER - DAYS WITH]      9 = BLOWING SNOW
                                                   X = TORNADO
MAX 32 OR BELOW:   0    0.01 INCH OR MORE:   5
MAX 90 OR ABOVE:   0    0.10 INCH OR MORE:   1
MIN 32 OR BELOW:   0    0.50 INCH OR MORE:   0
MIN  0 OR BELOW:   0    1.00 INCH OR MORE:   0

[HDD (BASE 65) ]
TOTAL THIS MO.    83    CLEAR  (SCALE 0-3)   7
DPTR FM NORMAL     M    PTCLDY (SCALE 4-7)   6
TOTAL FM JUL 1    83    CLOUDY (SCALE 8-10)  4
DPTR FM NORMAL     M

[CDD (BASE 65) ]
TOTAL THIS MO.    63
DPTR FM NORMAL     M    [PRESSURE DATA]
TOTAL FM JAN 1  2262    HIGHEST SLP M ON M
DPTR FM NORMAL     M    LOWEST  SLP M ON M

[REMARKS]
