000
CXUS54 KFWD 170730
CF6LUD
PRELIMINARY LOCAL CLIMATOLOGICAL DATA (WS FORM: F-6)

                                          STATION:   DECATUR
                                          MONTH:     OCTOBER
                                          YEAR:      2018
                                          LATITUDE:   33 15 N
                                          LONGITUDE:  97 30 W

  TEMPERATURE IN F:       :PCPN:    SNOW:  WIND      :SUNSHINE: SKY     :PK WND
================================================================================
1   2   3   4   5  6A  6B    7    8   9   10  11  12  13   14  15   16   17  18
                                     12Z  AVG MX 2MIN
DY MAX MIN AVG DEP HDD CDD  WTR  SNW DPTH SPD SPD DIR MIN PSBL S-S WX    SPD DR
================================================================================

 1  84  69  77   8   0  12 0.00  0.0    0  2.5  9 160   M    M   4 1       M  M
 2  86  70  78  10   0  13 0.00  0.0    0  5.1 13 160   M    M   3 1      16 160
 3  89  71  80  12   0  15 0.00  0.0    0  9.3 15 170   M    M   2        23 170
 4  90  72  81  13   0  16 0.00  0.0    0  6.5 12 150   M    M   0        16 160
 5  86  72  79  12   0  14 0.00  0.0    0  7.9 17 150   M    M   2        22 160
 6  89  69  79  12   0  14 0.44  0.0    0  7.1 14 170   M    M   4        20 170
 7  86  68  77  10   0  12 0.01  0.0    0  7.3 17 150   M    M   5 1      23 150
 8  82  69  76  10   0  11 0.02  0.0    0  9.0 16 160   M    M   4        23 160
 9  73  62  68   2   0   3 1.06  0.0    0  4.4 21  90   M    M   9 12     27  90
10  68  52  60  -6   5   0 0.00  0.0    0  3.2 10 310   M    M   3 1      17 290
11  69  50  60  -6   5   0 0.00  0.0    0  2.1  8  50   M    M   3 18     16  50
12  63  57  60  -5   5   0 0.57  0.0    0  1.8  9  80   M    M   9 1       M  M
13  61  57  59  -6   6   0 1.11  0.0    0  5.2 15  70   M    M  10 1      23  70
14  75  43  59  -6   6   0 0.12  0.0    0  2.4 16 330   M    M  10 1      23 330
15  47  38  43 -21  22   0 0.70    M    0  9.8 17 350   M    M  10 8      25 350
16  50  42  46 -18  19   0 0.12    M    0  3.8 12  10   M    M   8        21 360
================================================================================
SM 1198  961        68 110  4.15     0.0  87.4          M       86
================================================================================
AV 74.9 60.1                               5.5 FASTST   M    M   5    MAX(MPH)
                                 MISC ---->  # 21  90               # 27   90
================================================================================
NOTES:
# LAST OF SEVERAL OCCURRENCES

COLUMN 17 PEAK WIND IN M.P.H.

PRELIMINARY LOCAL CLIMATOLOGICAL DATA (WS FORM: F-6) , PAGE 2

                                          STATION:  DECATUR
                                          MONTH:    OCTOBER
                                          YEAR:     2018
                                          LATITUDE:   33 15 N
                                          LONGITUDE:  97 30 W

[TEMPERATURE DATA]      [PRECIPITATION DATA]       SYMBOLS USED IN COLUMN 16

AVERAGE MONTHLY: 67.5   TOTAL FOR MONTH:   4.15    1 = FOG OR MIST
DPTR FM NORMAL:   1.2   DPTR FM NORMAL:    2.05    2 = FOG REDUCING VISIBILITY
HIGHEST:    90 ON  4    GRTST 24HR  1.11 ON 13-13      TO 1/4 MILE OR LESS
LOWEST:     38 ON 15                               3 = THUNDER
                        SNOW, ICE PELLETS, HAIL    4 = ICE PELLETS
                        TOTAL MONTH:   0.0 INCH    5 = HAIL
                        GRTST 24HR     0.0         6 = FREEZING RAIN OR DRIZZLE
                        GRTST DEPTH:   0           7 = DUSTSTORM OR SANDSTORM:
                                                       VSBY 1/2 MILE OR LESS
                                                   8 = SMOKE OR HAZE
[NO. OF DAYS WITH]      [WEATHER - DAYS WITH]      9 = BLOWING SNOW
                                                   X = TORNADO
MAX 32 OR BELOW:   0    0.01 INCH OR MORE:   9
MAX 90 OR ABOVE:   1    0.10 INCH OR MORE:   7
MIN 32 OR BELOW:   0    0.50 INCH OR MORE:   4
MIN  0 OR BELOW:   0    1.00 INCH OR MORE:   2

[HDD (BASE 65) ]
TOTAL THIS MO.    68    CLEAR  (SCALE 0-3)   6
DPTR FM NORMAL    31    PTCLDY (SCALE 4-7)   5
TOTAL FM JUL 1    69    CLOUDY (SCALE 8-10)  5
DPTR FM NORMAL    20

[CDD (BASE 65) ]
TOTAL THIS MO.   110
DPTR FM NORMAL    54    [PRESSURE DATA]
TOTAL FM JAN 1  2866    HIGHEST SLP M ON M
DPTR FM NORMAL   804    LOWEST  SLP M ON M

[REMARKS]
