000
CXUS55 KBYZ 211108
CF6LVM
PRELIMINARY LOCAL CLIMATOLOGICAL DATA (WS FORM: F-6)

                                          STATION:   LIVINGSTON MT
                                          MONTH:     OCTOBER
                                          YEAR:      2018
                                          LATITUDE:   45 41 N
                                          LONGITUDE: 110 26 W

  TEMPERATURE IN F:       :PCPN:    SNOW:  WIND      :SUNSHINE: SKY     :PK WND
================================================================================
1   2   3   4   5  6A  6B    7    8   9   10  11  12  13   14  15   16   17  18
                                     12Z  AVG MX 2MIN
DY MAX MIN AVG DEP HDD CDD  WTR  SNW DPTH SPD SPD DIR MIN PSBL S-S WX    SPD DR
================================================================================

 1  70  30  50   0  15   0 0.00    M    M 18.9 26 230   M    M   2        35 230
 2  70  46  58   8   7   0    T    M    M 13.3 40 220   M    M   9        51 210
 3  63  34  49   0  16   0 0.06    M    M 15.6 37 260   M    M   5 1      46 260
 4  46  29  38 -11  27   0 0.57    M    M  5.7 16 230   M    M   9 1      21 230
 5  52  32  42  -7  23   0 0.01    M    M 11.4 25 260   M    M   5 1      32 270
 6  53  30  42  -6  23   0 0.01    M    M  4.5 14  60   M    M   9        17  60
 7  54  35  45  -3  20   0    T    M    M  8.2 16  90   M    M   9        20  90
 8  54  35  45  -3  20   0    T    M    M  8.6 21  80   M    M   8        27  80
 9  38  33  36 -11  29   0 0.02    M    M 22.0 32  80   M    M  10 18     41  80
10  39  31  35 -12  30   0    T    M    M 18.1 28  80   M    M  10 1      34  80
11  44  25  35 -12  30   0    T    M    M  9.4 23 250   M    M   8 1      29 240
12  62  34  48   2  17   0 0.00    M    M 24.6 39 210   M    M   1        48 220
13  50  25  38  -8  27   0 0.41    M    M 12.5 25 320   M    M   9 12     32 320
14  36  21  29 -17  36   0    T    M    M 15.9 24 240   M    M   6        33 230
15  49  30  40  -5  25   0 0.00    M    M 18.5 31 230   M    M   2        38 220
16  61  30  46   1  19   0 0.00    M    M 11.6 21 300   M    M   2        26 300
17  65  27  46   1  19   0 0.00    M    M  6.3 13 310   M    M   0        17 310
18  68  30  49   5  16   0 0.00    M    M 16.4 29 250   M    M   0        34 240
19  69  30  50   6  15   0 0.00    M    M 11.9 24 260   M    M   2        30 250
20  75  30  53   9  12   0 0.00    M    M 13.9 26 250   M    M   0        32 260
================================================================================
SM 1118  617       426   0  1.08    M    267.3          M      106
================================================================================
AV 55.9 30.9                              13.4 FASTST   M    M   5    MAX(MPH)
                                 MISC ---->  # 40 220               # 51  210
================================================================================
NOTES:
# LAST OF SEVERAL OCCURRENCES

COLUMN 17 PEAK WIND IN M.P.H.

PRELIMINARY LOCAL CLIMATOLOGICAL DATA (WS FORM: F-6) , PAGE 2

                                          STATION:  LIVINGSTON MT
                                          MONTH:    OCTOBER
                                          YEAR:     2018
                                          LATITUDE:   45 41 N
                                          LONGITUDE: 110 26 W

[TEMPERATURE DATA]      [PRECIPITATION DATA]       SYMBOLS USED IN COLUMN 16

AVERAGE MONTHLY: 43.4   TOTAL FOR MONTH:   1.08    1 = FOG OR MIST
DPTR FM NORMAL:  -3.5   DPTR FM NORMAL:    0.17    2 = FOG REDUCING VISIBILITY
HIGHEST:    75 ON 20    GRTST 24HR  0.57 ON  4- 4      TO 1/4 MILE OR LESS
LOWEST:     21 ON 14                               3 = THUNDER
                        SNOW, ICE PELLETS, HAIL    4 = ICE PELLETS
                        TOTAL MONTH:    M          5 = HAIL
                        GRTST 24HR    M  ON   M    6 = FREEZING RAIN OR DRIZZLE
                        GRTST DEPTH:  M  ON   M    7 = DUSTSTORM OR SANDSTORM:
                                                       VSBY 1/2 MILE OR LESS
                                                   8 = SMOKE OR HAZE
[NO. OF DAYS WITH]      [WEATHER - DAYS WITH]      9 = BLOWING SNOW
                                                   X = TORNADO
MAX 32 OR BELOW:   0    0.01 INCH OR MORE:   6
MAX 90 OR ABOVE:   0    0.10 INCH OR MORE:   2
MIN 32 OR BELOW:  14    0.50 INCH OR MORE:   1
MIN  0 OR BELOW:   0    1.00 INCH OR MORE:   0

[HDD (BASE 65) ]
TOTAL THIS MO.   426    CLEAR  (SCALE 0-3)   8
DPTR FM NORMAL    63    PTCLDY (SCALE 4-7)   5
TOTAL FM JUL 1   844    CLOUDY (SCALE 8-10)  7
DPTR FM NORMAL    72

[CDD (BASE 65) ]
TOTAL THIS MO.     0
DPTR FM NORMAL     0    [PRESSURE DATA]
TOTAL FM JAN 1   212    HIGHEST SLP M ON M
DPTR FM NORMAL   -17    LOWEST  SLP 29.45 ON M

[REMARKS]
THIS IS AN AUTOMATED...UNATTENDED WEATHER STATION AND MAY
UNDERESTIMATE WINTER PRECIPITATION.
