000
CXUS53 KTOP 190800
CF6LWC
PRELIMINARY LOCAL CLIMATOLOGICAL DATA (WS FORM: F-6)

                                          STATION:   Lawrence KS
                                          MONTH:     NOVEMBER
                                          YEAR:      2018
                                          LATITUDE:   39  0 N
                                          LONGITUDE:  95 13 W

  TEMPERATURE IN F:       :PCPN:    SNOW:  WIND      :SUNSHINE: SKY     :PK WND
================================================================================
1   2   3   4   5  6A  6B    7    8   9   10  11  12  13   14  15   16   17  18
                                     12Z  AVG MX 2MIN
DY MAX MIN AVG DEP HDD CDD  WTR  SNW DPTH SPD SPD DIR MIN PSBL S-S WX    SPD DR
================================================================================

 1  62  39  51   1  14   0 0.00    M    M  5.0 10 240   M    M   2 8      15 230
 2  57  37  47  -3  18   0    T    M    M  5.8 18 320   M    M   6 18     23 350
 3  62  41  52   3  13   0 0.13    M    M  8.3 22 150   M    M   6 1      29 140
 4  50  33  42  -7  23   0 0.03    M    M 10.2 22 300   M    M   7 1      30 320
 5  56  36  46  -2  19   0 0.25    M    M  8.7 16 290   M    M   6 1      22 300
 6  53  33  43  -5  22   0 0.10    M    M  6.3 15 350   M    M   4 12     21 340
 7  48  33  41  -7  24   0 0.00    M    M  6.7 13 350   M    M   2 12     18  20
 8  37  29  33 -14  32   0 0.13    M    M  5.8 12  40   M    M   8 1      15  30
 9  38  14  26 -21  39   0 0.00    M    M 12.2 30 320   M    M   7 1      39 310
10  40  10  25 -21  40   0 0.00    M    M  8.7 21 150   M    M   1        29 170
11  51  20  36 -10  29   0    T    M    M  7.0 20  10   M    M   3 8      27  10
12  32  15  24 -21  41   0 0.01    M    M 13.8 23  10   M    M   9 1      30 360
13  35   8  22 -23  43   0 0.00    M    M  4.5 12 330   M    M   0        16 330
14  41  13  27 -17  38   0 0.00    M    M  3.5 10 140   M    M   0 1      14 140
15  52  18  35  -9  30   0 0.00    M    M  5.9 14 170   M    M   0 8      20 180
16  58  22  40  -3  25   0 0.00    M    M  4.6 12 160   M    M   0 1      15 150
17  46  28  37  -6  28   0 0.00    M    M 10.3 22  10   M    M   6 8      33  20
18  35  19  27 -15  38   0 0.00    M    M  5.9 16  10   M    M   7 18     22  20
================================================================================
SM  853  448       516   0  0.65    M    133.2          M       74
================================================================================
AV 47.4 24.9                               7.4 FASTST   M    M   4    MAX(MPH)
                                 MISC ---->  # 30 320               # 39  310
================================================================================
NOTES:
# LAST OF SEVERAL OCCURRENCES

COLUMN 17 PEAK WIND IN M.P.H.

PRELIMINARY LOCAL CLIMATOLOGICAL DATA (WS FORM: F-6) , PAGE 2

                                          STATION:  Lawrence KS
                                          MONTH:    NOVEMBER
                                          YEAR:     2018
                                          LATITUDE:   39  0 N
                                          LONGITUDE:  95 13 W

[TEMPERATURE DATA]      [PRECIPITATION DATA]       SYMBOLS USED IN COLUMN 16

AVERAGE MONTHLY: 36.1   TOTAL FOR MONTH:   0.65    1 = FOG OR MIST
DPTR FM NORMAL: -10.2   DPTR FM NORMAL:   -0.75    2 = FOG REDUCING VISIBILITY
HIGHEST:    62 ON  3, 1 GRTST 24HR  0.25 ON  5- 5      TO 1/4 MILE OR LESS
LOWEST:      8 ON 13                               3 = THUNDER
                        SNOW, ICE PELLETS, HAIL    4 = ICE PELLETS
                        TOTAL MONTH:    M          5 = HAIL
                        GRTST 24HR    M  ON   M    6 = FREEZING RAIN OR DRIZZLE
                        GRTST DEPTH:  M  ON   M    7 = DUSTSTORM OR SANDSTORM:
                                                       VSBY 1/2 MILE OR LESS
                                                   8 = SMOKE OR HAZE
[NO. OF DAYS WITH]      [WEATHER - DAYS WITH]      9 = BLOWING SNOW
                                                   X = TORNADO
MAX 32 OR BELOW:   1    0.01 INCH OR MORE:   6
MAX 90 OR ABOVE:   0    0.10 INCH OR MORE:   4
MIN 32 OR BELOW:  11    0.50 INCH OR MORE:   0
MIN  0 OR BELOW:   0    1.00 INCH OR MORE:   0

[HDD (BASE 65) ]
TOTAL THIS MO.   516    CLEAR  (SCALE 0-3)   7
DPTR FM NORMAL   180    PTCLDY (SCALE 4-7)  10
TOTAL FM JUL 1   887    CLOUDY (SCALE 8-10)  1
DPTR FM NORMAL   187

[CDD (BASE 65) ]
TOTAL THIS MO.     0
DPTR FM NORMAL     0    [PRESSURE DATA]
TOTAL FM JAN 1  1841    HIGHEST SLP M ON M
DPTR FM NORMAL   471    LOWEST  SLP 29.57 ON  5

[REMARKS]
