000
CXUS53 KTOP 210800
CF6LWC
PRELIMINARY LOCAL CLIMATOLOGICAL DATA (WS FORM: F-6)

                                          STATION:   Lawrence KS
                                          MONTH:     AUGUST
                                          YEAR:      2018
                                          LATITUDE:   39  0 N
                                          LONGITUDE:  95 13 W

  TEMPERATURE IN F:       :PCPN:    SNOW:  WIND      :SUNSHINE: SKY     :PK WND
================================================================================
1   2   3   4   5  6A  6B    7    8   9   10  11  12  13   14  15   16   17  18
                                     12Z  AVG MX 2MIN
DY MAX MIN AVG DEP HDD CDD  WTR  SNW DPTH SPD SPD DIR MIN PSBL S-S WX    SPD DR
================================================================================

 1  92  55  74  -5   0   9 0.00    M    M  3.1 10 300   M    M   0 18     16 320
 2  97  59  78  -1   0  13 0.00    M    M  5.3 14 190   M    M   0        19 190
 3  97  60  79   0   0  14 0.00    M    M  8.6 20 160   M    M   0        30 170
 4  95  63  79   0   0  14    T    M    M 10.8 23 180   M    M   3        34 180
 5 101  70  86   7   0  21 0.00    M    M 10.7 25 160   M    M   1        33 160
 6  99  71  85   6   0  20    T    M    M  6.6 22 200   M    M   1 3      32 210
 7  91  69  80   1   0  15 0.57    M    M  5.9 21 340   M    M   3 13     30 360
 8  93  65  79   0   0  14 0.01    M    M  3.0 12  20   M    M   2 12     16  10
 9  97  66  82   4   0  17 0.76    M    M  2.8 35 250   M    M   0 13     59 230
10  92  64  78   0   0  13 0.00    M    M  5.1 14 330   M    M   2 12     19 330
11  93  64  79   1   0  14 0.00    M    M  2.7  8  30   M    M   0 1      12  20
12  94  63  79   1   0  14 0.00    M    M  4.5 13 110   M    M   1 1      17 100
13  92  66  79   1   0  14 0.11    M    M  5.6 16 170   M    M   3 138    22 190
14  87  72  80   2   0  15 0.15    M    M  6.5 23 230   M    M   6 13     34 220
15  87  71  79   1   0  14 0.09    M    M  4.0 12 330   M    M   7 1      16 330
16  91  66  79   1   0  14    T    M    M  4.4 16 190   M    M   4 123    22 180
17  89  69  79   1   0  14 0.00    M    M  6.6 14  20   M    M   3 18     19 360
18  93  65  79   2   0  14 0.00    M    M  4.4 12 100   M    M   1 1      17 100
19  77  67  72  -5   0   7 1.59    M    M  5.6 15 290   M    M   6 12     22 110
20  73  67  70  -7   0   5 0.07    M    M 14.0 22 290   0    0   0        36 300
================================================================================
SM 1830 1312         0 275  3.35    M    120.2            0     43
================================================================================
AV 91.5 65.6                               6.0 FASTST    0   0   2    MAX(MPH)
                                 MISC ---->  # 35 250               # 59  230
================================================================================
NOTES:
# LAST OF SEVERAL OCCURRENCES

COLUMN 17 PEAK WIND IN M.P.H.

PRELIMINARY LOCAL CLIMATOLOGICAL DATA (WS FORM: F-6) , PAGE 2

                                          STATION:  Lawrence KS
                                          MONTH:    AUGUST
                                          YEAR:     2018
                                          LATITUDE:   39  0 N
                                          LONGITUDE:  95 13 W

[TEMPERATURE DATA]      [PRECIPITATION DATA]       SYMBOLS USED IN COLUMN 16

AVERAGE MONTHLY: 78.6   TOTAL FOR MONTH:   3.35    1 = FOG OR MIST
DPTR FM NORMAL:   0.3   DPTR FM NORMAL:    0.72    2 = FOG REDUCING VISIBILITY
HIGHEST:   101 ON  5    GRTST 24HR  1.59 ON 19-19      TO 1/4 MILE OR LESS
LOWEST:     55 ON  1                               3 = THUNDER
                        SNOW, ICE PELLETS, HAIL    4 = ICE PELLETS
                        TOTAL MONTH:    M          5 = HAIL
                        GRTST 24HR    M  ON   M    6 = FREEZING RAIN OR DRIZZLE
                        GRTST DEPTH:  M  ON   M    7 = DUSTSTORM OR SANDSTORM:
                                                       VSBY 1/2 MILE OR LESS
                                                   8 = SMOKE OR HAZE
[NO. OF DAYS WITH]      [WEATHER - DAYS WITH]      9 = BLOWING SNOW
                                                   X = TORNADO
MAX 32 OR BELOW:   0    0.01 INCH OR MORE:   8
MAX 90 OR ABOVE:  15    0.10 INCH OR MORE:   5
MIN 32 OR BELOW:   0    0.50 INCH OR MORE:   3
MIN  0 OR BELOW:   0    1.00 INCH OR MORE:   1

[HDD (BASE 65) ]
TOTAL THIS MO.     0    CLEAR  (SCALE 0-3)  14
DPTR FM NORMAL     0    PTCLDY (SCALE 4-7)   6
TOTAL FM JUL 1     0    CLOUDY (SCALE 8-10)  0
DPTR FM NORMAL    -1

[CDD (BASE 65) ]
TOTAL THIS MO.   275
DPTR FM NORMAL     9    [PRESSURE DATA]
TOTAL FM JAN 1  1442    HIGHEST SLP  0.00 ON 20
DPTR FM NORMAL   368    LOWEST  SLP  0.00 ON 20

[REMARKS]
