000
CXUS53 KDMX 200920
CF6LWD
PRELIMINARY LOCAL CLIMATOLOGICAL DATA (WS FORM: F-6)

                                          STATION:   LAMONI IA
                                          MONTH:     NOVEMBER
                                          YEAR:      2018
                                          LATITUDE:   40 37 N
                                          LONGITUDE:  93 56 W

  TEMPERATURE IN F:       :PCPN:    SNOW:  WIND      :SUNSHINE: SKY     :PK WND
================================================================================
1   2   3   4   5  6A  6B    7    8   9   10  11  12  13   14  15   16   17  18
                                     12Z  AVG MX 2MIN
DY MAX MIN AVG DEP HDD CDD  WTR  SNW DPTH SPD SPD DIR MIN PSBL S-S WX    SPD DR
================================================================================

 1  60  41  51   4  14   0 0.00  0.0    0  4.9 10 350   M    M   1 8      15 350
 2  53  41  47   1  18   0    T  0.0    0  6.8 14 210   M    M   6        19 220
 3  48  40  44  -2  21   0 0.23  0.0    0  6.7 16  70   M    M   8 1      26  60
 4  47  36  42  -3  23   0 0.39  0.0    0 11.5 21 290   M    M   9 1      27 270
 5  48  36  42  -3  23   0 0.14  0.0    0 11.5 26 290   M    M   8 1      34 290
 6  47  29  38  -6  27   0 0.00  0.0    0 14.9 29 300   M    M   3        40 290
 7  41  27  34 -10  31   0 0.00  0.0    0  9.8 18 320   M    M   1        25 320
 8  34  27  31 -13  34   0 0.08    M    0  4.6 10  50   M    M  10 1      14  40
 9  30  13  22 -21  43   0 0.05    M    M 12.4 26 320   M    M   8 1      36 320
10  29   9  19 -23  46   0 0.00  0.0    M  8.1 18 150   M    M   3        27 170
11  44  25  35  -7  30   0 0.00  0.0    M  7.2 17 350   M    M   3        25  10
12  30  15  23 -19  42   0 0.00  0.0    0 13.3 24  10   M    M   8        34 360
13  31  11  21 -20  44   0 0.00  0.0    0  6.4 14 340   M    M   0        19  20
14  40  18  29 -11  36   0 0.00  0.0    0  7.3 14 180   M    M   0        18 160
15  48  19  34  -6  31   0 0.00  0.0    0 10.8 24 300   M    M   0        32 300
16  52  29  41   2  24   0 0.00  0.0    0  7.9 25 300   M    M   2        37 300
17  40  22  31  -8  34   0 0.53    M    0 15.6 24  20   M    M   9 1      33  20
18  27  12  20 -18  45   0 0.01    M    M  6.1 15 360   M    M   2 1      19 360
19  35  16  26 -12  39   0 0.00  0.0    0 10.4 18 340   M    M   5        25 350
================================================================================
SM  784  466       605   0  1.43     0.0 176.2          M       86
================================================================================
AV 41.3 24.5                               9.3 FASTST   M    M   5    MAX(MPH)
                                 MISC ---->  # 29 300               # 40  290
================================================================================
NOTES:
# LAST OF SEVERAL OCCURRENCES

COLUMN 17 PEAK WIND IN M.P.H.

PRELIMINARY LOCAL CLIMATOLOGICAL DATA (WS FORM: F-6) , PAGE 2

                                          STATION:  LAMONI IA
                                          MONTH:    NOVEMBER
                                          YEAR:     2018
                                          LATITUDE:   40 37 N
                                          LONGITUDE:  93 56 W

[TEMPERATURE DATA]      [PRECIPITATION DATA]       SYMBOLS USED IN COLUMN 16

AVERAGE MONTHLY: 32.9   TOTAL FOR MONTH:   1.43    1 = FOG OR MIST
DPTR FM NORMAL:  -9.5   DPTR FM NORMAL:   -0.18    2 = FOG REDUCING VISIBILITY
HIGHEST:    60 ON  1    GRTST 24HR  0.53 ON 17-17      TO 1/4 MILE OR LESS
LOWEST:      9 ON 10                               3 = THUNDER
                        SNOW, ICE PELLETS, HAIL    4 = ICE PELLETS
                        TOTAL MONTH:   0.0 INCH    5 = HAIL
                        GRTST 24HR     0.0         6 = FREEZING RAIN OR DRIZZLE
                        GRTST DEPTH:   0           7 = DUSTSTORM OR SANDSTORM:
                                                       VSBY 1/2 MILE OR LESS
                                                   8 = SMOKE OR HAZE
[NO. OF DAYS WITH]      [WEATHER - DAYS WITH]      9 = BLOWING SNOW
                                                   X = TORNADO
MAX 32 OR BELOW:   5    0.01 INCH OR MORE:   7
MAX 90 OR ABOVE:   0    0.10 INCH OR MORE:   4
MIN 32 OR BELOW:  14    0.50 INCH OR MORE:   1
MIN  0 OR BELOW:   0    1.00 INCH OR MORE:   0

[HDD (BASE 65) ]
TOTAL THIS MO.   605    CLEAR  (SCALE 0-3)  10
DPTR FM NORMAL   175    PTCLDY (SCALE 4-7)   5
TOTAL FM JUL 1  1097    CLOUDY (SCALE 8-10)  4
DPTR FM NORMAL   183

[CDD (BASE 65) ]
TOTAL THIS MO.     0
DPTR FM NORMAL     0    [PRESSURE DATA]
TOTAL FM JAN 1  1408    HIGHEST SLP M ON M
DPTR FM NORMAL   462    LOWEST  SLP 29.55 ON  5

[REMARKS]
