000
CXUS56 KOTX 160900
CF6LWS
PRELIMINARY LOCAL CLIMATOLOGICAL DATA (WS FORM: F-6)

                                          STATION:   LEWISTON ID AIRPORT
                                          MONTH:     OCTOBER
                                          YEAR:      2018
                                          LATITUDE:   46 22 N
                                          LONGITUDE: 117  1 W

  TEMPERATURE IN F:       :PCPN:    SNOW:  WIND      :SUNSHINE: SKY     :PK WND
================================================================================
1   2   3   4   5  6A  6B    7    8   9   10  11  12  13   14  15   16   17  18
                                     12Z  AVG MX 2MIN
DY MAX MIN AVG DEP HDD CDD  WTR  SNW DPTH SPD SPD DIR MIN PSBL S-S WX    SPD DR
================================================================================

 1  73  45  59   1   6   0 0.00  0.0    0  2.8  8 270   M    M   4        12 350
 2  66  54  60   2   5   0 0.11  0.0    0  6.6 30 280   M    M   9 1      41 280
 3  64  37  51  -6  14   0 0.00  0.0    0  3.4 15 300   M    M   1        20 310
 4  60  44  52  -5  13   0 0.00  0.0    0  2.4 10 310   M    M   4        13 310
 5  61  35  48  -8  17   0    T    M    0  4.7 15 290   M    M   4        19 290
 6  53  47  50  -6  15   0 0.05    M    0  4.7 12 300   M    M  10        15 290
 7  64  44  54  -2  11   0 0.00  0.0    0  2.8  8  60   M    M   5        10  60
 8  63  45  54  -1  11   0 0.01  0.0    0  3.0 12  70   M    M   9        15  60
 9  53  49  51  -4  14   0 0.10  0.0    0  6.1 14 270   M    M   9 1      17 250
10  59  42  51  -3  14   0 0.00  0.0    0  2.6  9 290   M    M   8        13 330
11  63  35  49  -5  16   0 0.00  0.0    0  2.3  9 310   M    M   1        11 320
12  69  40  55   2  10   0 0.00  0.0    0  3.8 12  70   M    M   1        14  70
13  61  37  49  -4  16   0 0.00  0.0    0  5.0 20  50   M    M   4        24  70
14  60  31  46  -6  19   0 0.00  0.0    0  2.5  8 190   M    M   0        10 180
15  62  33  48  -4  17   0 0.00  0.0    0  2.7  9 190   M    M   0 8      17  80
================================================================================
SM  931  618       198   0  0.27     0.0  55.4          M       69
================================================================================
AV 62.1 41.2                               3.7 FASTST   M    M   5    MAX(MPH)
                                 MISC ---->  # 30 280               # 41  280
================================================================================
NOTES:
# LAST OF SEVERAL OCCURRENCES

COLUMN 17 PEAK WIND IN M.P.H.

PRELIMINARY LOCAL CLIMATOLOGICAL DATA (WS FORM: F-6) , PAGE 2

                                          STATION:  LEWISTON ID AIRPORT
                                          MONTH:    OCTOBER
                                          YEAR:     2018
                                          LATITUDE:   46 22 N
                                          LONGITUDE: 117  1 W

[TEMPERATURE DATA]      [PRECIPITATION DATA]       SYMBOLS USED IN COLUMN 16

AVERAGE MONTHLY: 51.6   TOTAL FOR MONTH:   0.27    1 = FOG OR MIST
DPTR FM NORMAL:  -3.4   DPTR FM NORMAL:   -0.14    2 = FOG REDUCING VISIBILITY
HIGHEST:    73 ON  1    GRTST 24HR  0.11 ON  2- 2      TO 1/4 MILE OR LESS
LOWEST:     31 ON 14                               3 = THUNDER
                        SNOW, ICE PELLETS, HAIL    4 = ICE PELLETS
                        TOTAL MONTH:   0.0 INCH    5 = HAIL
                        GRTST 24HR     0.0         6 = FREEZING RAIN OR DRIZZLE
                        GRTST DEPTH:   0           7 = DUSTSTORM OR SANDSTORM:
                                                       VSBY 1/2 MILE OR LESS
                                                   8 = SMOKE OR HAZE
[NO. OF DAYS WITH]      [WEATHER - DAYS WITH]      9 = BLOWING SNOW
                                                   X = TORNADO
MAX 32 OR BELOW:   0    0.01 INCH OR MORE:   4
MAX 90 OR ABOVE:   0    0.10 INCH OR MORE:   2
MIN 32 OR BELOW:   1    0.50 INCH OR MORE:   0
MIN  0 OR BELOW:   0    1.00 INCH OR MORE:   0

[HDD (BASE 65) ]
TOTAL THIS MO.   198    CLEAR  (SCALE 0-3)   5
DPTR FM NORMAL    46    PTCLDY (SCALE 4-7)   5
TOTAL FM JUL 1   289    CLOUDY (SCALE 8-10)  5
DPTR FM NORMAL    23

[CDD (BASE 65) ]
TOTAL THIS MO.     0
DPTR FM NORMAL    -1    [PRESSURE DATA]
TOTAL FM JAN 1   934    HIGHEST SLP M ON M
DPTR FM NORMAL   129    LOWEST  SLP 29.57 ON  2

[REMARKS]
