000
CXUS53 KILX 172300
CF6LWV
PRELIMINARY LOCAL CLIMATOLOGICAL DATA (WS FORM: F-6)

                                          STATION:   LAWRENCEVILLE IL AIRPORT
                                          MONTH:     NOVEMBER
                                          YEAR:      2018
                                          LATITUDE:   38 45 N
                                          LONGITUDE:  87 36 W

  TEMPERATURE IN F:       :PCPN:    SNOW:  WIND      :SUNSHINE: SKY     :PK WND
================================================================================
1   2   3   4   5  6A  6B    7    8   9   10  11  12  13   14  15   16   17  18
                                     12Z  AVG MX 2MIN
DY MAX MIN AVG DEP HDD CDD  WTR  SNW DPTH SPD SPD DIR MIN PSBL S-S WX    SPD DR
================================================================================

 1  50  43  47  -5  18   0 1.33    M    M 19.0 32  40   M    M  10 1      45  50
 2  55  41  48  -4  17   0 0.00    M    M  4.4 10 290   M    M   7        14 330
 3  59  35  47  -5  18   0    T    M    M  7.0 16 180   M    M   4 12     20 180
 4  60  50  55   4  10   0 0.26    M    M 15.0 24 170   M    M   8 1      36 170
 5  59  44  52   1  13   0 0.54    M    M  8.1 22 260   M    M   7 1      31 260
 6  60  47  54   4  11   0 0.00    M    M 11.6 24 260   M    M   4        32 270
 7  54  36  45  -5  20   0 0.00    M    M  6.7 14 320   M    M   0        19 330
 8  45  33  39 -11  26   0    T    M    M  7.4 13  20   M    M   6        17  20
 9  43  28  36 -13  29   0    T    M    M 13.1 28 310   M    M  10 1      39 310
10  37  21  29 -20  36   0 0.00    M    M  6.5 25 320   M    M   1        35 310
11  44  22  33 -15  32   0 0.00    M    M  4.7 12 180   M    M   6        15 190
12  44  33  39  -9  26   0    T    M    M  8.5 20 340   M    M   9 18     24 330
13  34  24  29 -19  36   0    T    M    M 12.5 21 330   M    M   6 1      29 330
14  34  18  26 -21  39   0 0.19    M    M  9.5 20  50   M    M   4 16     28  40
15  34  27  31 -16  34   0 0.10    M    M  6.6 20  40   M    M   9 1      25  40
16  44  27  36 -10  29   0 0.00    M    M  7.1 15 290   M    M   3 12     19 290
================================================================================
SM  756  529       394   0  2.42    M    147.7          M       94
================================================================================
AV 47.3 33.1                               9.2 FASTST   M    M   6    MAX(MPH)
                                 MISC ---->  # 32  40               # 45   50
================================================================================
NOTES:
# LAST OF SEVERAL OCCURRENCES

COLUMN 17 PEAK WIND IN M.P.H.

PRELIMINARY LOCAL CLIMATOLOGICAL DATA (WS FORM: F-6) , PAGE 2

                                          STATION:  LAWRENCEVILLE IL AIRPORT
                                          MONTH:    NOVEMBER
                                          YEAR:     2018
                                          LATITUDE:   38 45 N
                                          LONGITUDE:  87 36 W

[TEMPERATURE DATA]      [PRECIPITATION DATA]       SYMBOLS USED IN COLUMN 16

AVERAGE MONTHLY: 40.2   TOTAL FOR MONTH:   2.42    1 = FOG OR MIST
DPTR FM NORMAL:  -9.2   DPTR FM NORMAL:    0.42    2 = FOG REDUCING VISIBILITY
HIGHEST:    60 ON  6, 4 GRTST 24HR  1.33 ON  1- 1      TO 1/4 MILE OR LESS
LOWEST:     18 ON 14                               3 = THUNDER
                        SNOW, ICE PELLETS, HAIL    4 = ICE PELLETS
                        TOTAL MONTH:    M          5 = HAIL
                        GRTST 24HR    M  ON   M    6 = FREEZING RAIN OR DRIZZLE
                        GRTST DEPTH:  M  ON   M    7 = DUSTSTORM OR SANDSTORM:
                                                       VSBY 1/2 MILE OR LESS
                                                   8 = SMOKE OR HAZE
[NO. OF DAYS WITH]      [WEATHER - DAYS WITH]      9 = BLOWING SNOW
                                                   X = TORNADO
MAX 32 OR BELOW:   0    0.01 INCH OR MORE:   5
MAX 90 OR ABOVE:   0    0.10 INCH OR MORE:   5
MIN 32 OR BELOW:   7    0.50 INCH OR MORE:   2
MIN  0 OR BELOW:   0    1.00 INCH OR MORE:   1

[HDD (BASE 65) ]
TOTAL THIS MO.   394    CLEAR  (SCALE 0-3)   2
DPTR FM NORMAL   143    PTCLDY (SCALE 4-7)   9
TOTAL FM JUL 1   721    CLOUDY (SCALE 8-10)  5
DPTR FM NORMAL   173

[CDD (BASE 65) ]
TOTAL THIS MO.     0
DPTR FM NORMAL     0    [PRESSURE DATA]
TOTAL FM JAN 1  1952    HIGHEST SLP M ON M
DPTR FM NORMAL   566    LOWEST  SLP 29.54 ON  1

[REMARKS]
