000
CXUS55 KEAX 180736
CF6LXT
PRELIMINARY LOCAL CLIMATOLOGICAL DATA (WS FORM: F-6)

                                          STATION:   Lee`s Summit MO
                                          MONTH:     NOVEMBER
                                          YEAR:      2018
                                          LATITUDE:   38 57 N
                                          LONGITUDE:  94 22 W

  TEMPERATURE IN F:       :PCPN:    SNOW:  WIND      :SUNSHINE: SKY     :PK WND
================================================================================
1   2   3   4   5  6A  6B    7    8   9   10  11  12  13   14  15   16   17  18
                                     12Z  AVG MX 2MIN
DY MAX MIN AVG DEP HDD CDD  WTR  SNW DPTH SPD SPD DIR MIN PSBL S-S WX    SPD DR
================================================================================

 1  57  44  51   0  14   0 0.00    M    M  5.2 14 220   M    M   3        20 220
 2  53  42  48  -2  17   0    T    M    M  5.2 16 320   M    M   8        21 310
 3  61  43  52   2  13   0 0.18    M    M  9.3 21 160   M    M   6 1      30 160
 4  52  40  46  -4  19   0 0.06    M    M 10.6 17 280   M    M   8 1      25 300
 5  51  40  46  -3  19   0 0.24    M    M 11.0 18 150   M    M   6 1      25 160
 6  51  37  44  -5  21   0 0.07    M    M  6.5 16 330   M    M   3 12     24 290
 7  46  35  41  -7  24   0    T    M    M  7.3 15  10   M    M   0 1      19  10
 8  35  29  32 -16  33   0 0.12    M    M  7.5 13  80   M    M   6 1      19  60
 9  36  16  26 -21  39   0    T    M    M 11.4 28 310   M    M   7 1      37 280
10  38  13  26 -21  39   0 0.00    M    M  8.5 20 160   M    M   0        26 160
11  49  27  38  -8  27   0    T    M    M  8.1 20  20   M    M   3        24 360
12  34  20  27 -19  38   0 0.02    M    M 15.6 23 360   M    M   9 1      33  10
13  32  13  23 -22  42   0 0.00    M    M  5.4 14 360   M    M   0        20 360
14  38  19  29 -16  36   0 0.00    M    M  4.0  9 150   M    M   0        12 120
15  48  20  34 -10  31   0 0.00    M    M  8.1 16 200   M    M   0        20 200
16  57  33  45   1  20   0 0.00    M    M  6.3 14 330   M    M   0        19 330
17  48  29  39  -4  26   0 0.00    M    M 13.0 22  30   M    M   5 1      29  30
================================================================================
SM  786  500       458   0  0.69    M    143.0          M       64
================================================================================
AV 46.2 29.4                               8.4 FASTST   M    M   4    MAX(MPH)
                                 MISC ---->  # 28 310               # 37  280
================================================================================
NOTES:
# LAST OF SEVERAL OCCURRENCES

COLUMN 17 PEAK WIND IN M.P.H.

PRELIMINARY LOCAL CLIMATOLOGICAL DATA (WS FORM: F-6) , PAGE 2

                                          STATION:  Lee`s Summit MO
                                          MONTH:    NOVEMBER
                                          YEAR:     2018
                                          LATITUDE:   38 57 N
                                          LONGITUDE:  94 22 W

[TEMPERATURE DATA]      [PRECIPITATION DATA]       SYMBOLS USED IN COLUMN 16

AVERAGE MONTHLY: 37.8   TOTAL FOR MONTH:   0.69    1 = FOG OR MIST
DPTR FM NORMAL:  -9.4   DPTR FM NORMAL:   -0.89    2 = FOG REDUCING VISIBILITY
HIGHEST:    61 ON  3    GRTST 24HR  0.24 ON  5- 5      TO 1/4 MILE OR LESS
LOWEST:     13 ON 13,10                            3 = THUNDER
                        SNOW, ICE PELLETS, HAIL    4 = ICE PELLETS
                        TOTAL MONTH:    M          5 = HAIL
                        GRTST 24HR    M  ON   M    6 = FREEZING RAIN OR DRIZZLE
                        GRTST DEPTH:  M  ON   M    7 = DUSTSTORM OR SANDSTORM:
                                                       VSBY 1/2 MILE OR LESS
                                                   8 = SMOKE OR HAZE
[NO. OF DAYS WITH]      [WEATHER - DAYS WITH]      9 = BLOWING SNOW
                                                   X = TORNADO
MAX 32 OR BELOW:   1    0.01 INCH OR MORE:   6
MAX 90 OR ABOVE:   0    0.10 INCH OR MORE:   3
MIN 32 OR BELOW:   9    0.50 INCH OR MORE:   0
MIN  0 OR BELOW:   0    1.00 INCH OR MORE:   0

[HDD (BASE 65) ]
TOTAL THIS MO.   458    CLEAR  (SCALE 0-3)   8
DPTR FM NORMAL   155    PTCLDY (SCALE 4-7)   7
TOTAL FM JUL 1   777    CLOUDY (SCALE 8-10)  2
DPTR FM NORMAL   139

[CDD (BASE 65) ]
TOTAL THIS MO.     0
DPTR FM NORMAL     0    [PRESSURE DATA]
TOTAL FM JAN 1  1780    HIGHEST SLP  0.00 ON M
DPTR FM NORMAL   466    LOWEST  SLP  0.00 ON M

[REMARKS]
