000
CXUS51 KRNK 190747
CF6LYH
PRELIMINARY LOCAL CLIMATOLOGICAL DATA (WS FORM: F-6)

                                          STATION:   LYNCHBURG VA
                                          MONTH:     JULY
                                          YEAR:      2018
                                          LATITUDE:   37 19 N
                                          LONGITUDE:  79 12 W

  TEMPERATURE IN F:       :PCPN:    SNOW:  WIND      :SUNSHINE: SKY     :PK WND
================================================================================
1   2   3   4   5  6A  6B    7    8   9   10  11  12  13   14  15   16   17  18
                                     12Z  AVG MX 2MIN
DY MAX MIN AVG DEP HDD CDD  WTR  SNW DPTH SPD SPD DIR MIN PSBL S-S WX    SPD DR
================================================================================

 1  94  66  80   5   0  15 0.00  0.0    0  3.4 13 140   M    M   1 1      14 140
 2  94  73  84   9   0  19 0.00  0.0    0  2.8 10 190   M    M   1        13 210
 3  94  72  83   8   0  18 0.00  0.0    0  3.1 10  90   M    M   1        15  80
 4  91  72  82   7   0  17 0.00  0.0    0  3.8 12  90   M    M   3 1      16  70
 5  92  69  81   6   0  16 0.00  0.0    0  1.3  7 140   M    M   4 1      11 360
 6  90  71  81   6   0  16 1.65  0.0    0  3.6 22  10   M    M   3 123    31  20
 7  78  62  70  -5   0   5 0.17  0.0    0 10.0 26  40   M    M   3 1      33  30
 8  80  57  69  -6   0   4 0.00  0.0    0  6.9 16  40   M    M   0        23  40
 9  87  53  70  -5   0   5 0.00  0.0    0  1.4  9 100   M    M   0        13 100
10  91  61  76   1   0  11 0.00  0.0    0  2.3  8 360   M    M   0        13  20
11  91  66  79   4   0  14 0.00  0.0    0  3.8 15  20   M    M   2        19  20
12  87  69  78   3   0  13 0.00  0.0    0  7.7 18  40   M    M   2        22  40
13  85  66  76   1   0  11 0.00  0.0    0  3.3 10  40   M    M   4 1      15  50
14  87  61  74  -1   0   9 0.00  0.0    0  3.0  9 170   M    M   1        13 190
15  93  63  78   3   0  13 0.00  0.0    0  2.8  9 220   M    M   1        12 210
16  92  71  82   7   0  17 0.03  0.0    0  2.2 22 180   M    M   2 3      29 190
17  92  71  82   7   0  17    T  0.0    0  5.2 13 190   M    M   2 3      17 280
18  85  62  74  -1   0   9 0.00  0.0    0  4.5 12  10   M    M   2        16  60
================================================================================
SM 1603 1185         0 229  1.85     0.0  71.1          M       32
================================================================================
AV 89.1 65.8                               3.9 FASTST   M    M   2    MAX(MPH)
                                 MISC ---->  # 26  40               # 33   30
================================================================================
NOTES:
# LAST OF SEVERAL OCCURRENCES

COLUMN 17 PEAK WIND IN M.P.H.

PRELIMINARY LOCAL CLIMATOLOGICAL DATA (WS FORM: F-6) , PAGE 2

                                          STATION:  LYNCHBURG VA
                                          MONTH:    JULY
                                          YEAR:     2018
                                          LATITUDE:   37 19 N
                                          LONGITUDE:  79 12 W

[TEMPERATURE DATA]      [PRECIPITATION DATA]       SYMBOLS USED IN COLUMN 16

AVERAGE MONTHLY: 77.4   TOTAL FOR MONTH:   1.85    1 = FOG OR MIST
DPTR FM NORMAL:   2.4   DPTR FM NORMAL:   -0.65    2 = FOG REDUCING VISIBILITY
HIGHEST:    94 ON  3, 2 GRTST 24HR  1.65 ON  6- 6      TO 1/4 MILE OR LESS
LOWEST:     53 ON  9                               3 = THUNDER
                        SNOW, ICE PELLETS, HAIL    4 = ICE PELLETS
                        TOTAL MONTH:   0.0 INCH    5 = HAIL
                        GRTST 24HR     0.0         6 = FREEZING RAIN OR DRIZZLE
                        GRTST DEPTH:   0           7 = DUSTSTORM OR SANDSTORM:
                                                       VSBY 1/2 MILE OR LESS
                                                   8 = SMOKE OR HAZE
[NO. OF DAYS WITH]      [WEATHER - DAYS WITH]      9 = BLOWING SNOW
                                                   X = TORNADO
MAX 32 OR BELOW:   0    0.01 INCH OR MORE:   3
MAX 90 OR ABOVE:  11    0.10 INCH OR MORE:   2
MIN 32 OR BELOW:   0    0.50 INCH OR MORE:   1
MIN  0 OR BELOW:   0    1.00 INCH OR MORE:   1

[HDD (BASE 65) ]
TOTAL THIS MO.     0    CLEAR  (SCALE 0-3)  15
DPTR FM NORMAL     0    PTCLDY (SCALE 4-7)   3
TOTAL FM JUL 1     0    CLOUDY (SCALE 8-10)  0
DPTR FM NORMAL     0

[CDD (BASE 65) ]
TOTAL THIS MO.   229
DPTR FM NORMAL    49    [PRESSURE DATA]
TOTAL FM JAN 1   723    HIGHEST SLP M ON M
DPTR FM NORMAL   247    LOWEST  SLP 29.85 ON 17

[REMARKS]
