000
CXUS51 KRNK 200634
CF6LYH
PRELIMINARY LOCAL CLIMATOLOGICAL DATA (WS FORM: F-6)

                                          STATION:   LYNCHBURG VA
                                          MONTH:     OCTOBER
                                          YEAR:      2018
                                          LATITUDE:   37 19 N
                                          LONGITUDE:  79 12 W

  TEMPERATURE IN F:       :PCPN:    SNOW:  WIND      :SUNSHINE: SKY     :PK WND
================================================================================
1   2   3   4   5  6A  6B    7    8   9   10  11  12  13   14  15   16   17  18
                                     12Z  AVG MX 2MIN
DY MAX MIN AVG DEP HDD CDD  WTR  SNW DPTH SPD SPD DIR MIN PSBL S-S WX    SPD DR
================================================================================

 1  81  62  72  11   0   7 0.00  0.0    0  4.2 12 190   M    M   3 12     15 190
 2  83  62  73  12   0   8    T  0.0    0  4.0 14 190   M    M   1 1      19 180
 3  87  61  74  14   0   9 0.00  0.0    0  1.2  8  20   M    M   1 1      12 240
 4  88  63  76  16   0  11 0.00  0.0    0  2.7 10 280   M    M   2 12     17 280
 5  82  66  74  14   0   9 0.00  0.0    0  4.3 10  50   M    M   6        14  50
 6  77  66  72  13   0   7 0.00  0.0    0  2.1  9 200   M    M   8 1      11 190
 7  87  66  77  18   0  12 0.00  0.0    0  1.9  8 120   M    M   5 12     11 140
 8  83  64  74  15   0   9 0.00  0.0    0  3.5 13 160   M    M   4 12     18 170
 9  80  67  74  16   0   9 0.44  0.0    0  3.8 13  50   M    M   8 1      17  50
10  74  68  71  13   0   6 0.12  0.0    0  5.4 12 130   M    M   9 1      14 120
11  74  57  66   8   0   1 2.58  0.0    0  8.0 22  10   M    M   9 1      39 360
12  69  47  58   1   7   0 0.00  0.0    0  3.5 14  10   M    M   0        22 340
13  63  44  54  -3  11   0 0.01  0.0    0  3.1 14 310   M    M   2        22 300
14  54  46  50  -7  15   0 0.03  0.0    0  2.4 10  40   M    M   8        12  40
15  77  53  65   9   0   0 0.11  0.0    0  6.3 17 200   M    M   7 1      22 200
16  67  57  62   6   3   0 0.08  0.0    0  2.4  8  40   M    M   8        12  70
17  70  50  60   4   5   0    T  0.0    0  4.7 14 270   M    M   2 18     23 240
18  61  39  50  -6  15   0 0.00  0.0    0  2.3 10  20   M    M   0        17 360
19  65  34  50  -5  15   0 0.01  0.0    0  5.6 16 200   M    M   0        20 200
================================================================================
SM 1422 1072        71  88  3.38     0.0  71.4          M       83
================================================================================
AV 74.8 56.4                               3.8 FASTST   M    M   4    MAX(MPH)
                                 MISC ---->  # 22  10               # 39  360
================================================================================
NOTES:
# LAST OF SEVERAL OCCURRENCES

COLUMN 17 PEAK WIND IN M.P.H.

PRELIMINARY LOCAL CLIMATOLOGICAL DATA (WS FORM: F-6) , PAGE 2

                                          STATION:  LYNCHBURG VA
                                          MONTH:    OCTOBER
                                          YEAR:     2018
                                          LATITUDE:   37 19 N
                                          LONGITUDE:  79 12 W

[TEMPERATURE DATA]      [PRECIPITATION DATA]       SYMBOLS USED IN COLUMN 16

AVERAGE MONTHLY: 65.6   TOTAL FOR MONTH:   3.38    1 = FOG OR MIST
DPTR FM NORMAL:   7.6   DPTR FM NORMAL:    1.51    2 = FOG REDUCING VISIBILITY
HIGHEST:    88 ON  4    GRTST 24HR  2.58 ON 11-11      TO 1/4 MILE OR LESS
LOWEST:     34 ON 19                               3 = THUNDER
                        SNOW, ICE PELLETS, HAIL    4 = ICE PELLETS
                        TOTAL MONTH:   0.0 INCH    5 = HAIL
                        GRTST 24HR     0.0         6 = FREEZING RAIN OR DRIZZLE
                        GRTST DEPTH:   0           7 = DUSTSTORM OR SANDSTORM:
                                                       VSBY 1/2 MILE OR LESS
                                                   8 = SMOKE OR HAZE
[NO. OF DAYS WITH]      [WEATHER - DAYS WITH]      9 = BLOWING SNOW
                                                   X = TORNADO
MAX 32 OR BELOW:   0    0.01 INCH OR MORE:   8
MAX 90 OR ABOVE:   0    0.10 INCH OR MORE:   4
MIN 32 OR BELOW:   0    0.50 INCH OR MORE:   1
MIN  0 OR BELOW:   0    1.00 INCH OR MORE:   1

[HDD (BASE 65) ]
TOTAL THIS MO.    71    CLEAR  (SCALE 0-3)   8
DPTR FM NORMAL   -73    PTCLDY (SCALE 4-7)   7
TOTAL FM JUL 1    79    CLOUDY (SCALE 8-10)  4
DPTR FM NORMAL  -126

[CDD (BASE 65) ]
TOTAL THIS MO.    88
DPTR FM NORMAL    77    [PRESSURE DATA]
TOTAL FM JAN 1  1515    HIGHEST SLP M ON M
DPTR FM NORMAL   488    LOWEST  SLP 29.76 ON 12

[REMARKS]
