000
CXUS54 KLZK 241130
CF6M19
PRELIMINARY LOCAL CLIMATOLOGICAL DATA (WS FORM: F-6)

                                          STATION:   Newport Airport
                                          MONTH:     JUNE
                                          YEAR:      2018
                                          LATITUDE:   35 35 N
                                          LONGITUDE:  91 16 W

  TEMPERATURE IN F:       :PCPN:    SNOW:  WIND      :SUNSHINE: SKY     :PK WND
================================================================================
1   2   3   4   5  6A  6B    7    8   9   10  11  12  13   14  15   16   17  18
                                     12Z  AVG MX 2MIN
DY MAX MIN AVG DEP HDD CDD  WTR  SNW DPTH SPD SPD DIR MIN PSBL S-S WX    SPD DR
================================================================================

 1  88  70  79   5   0  14 0.24    M    M  5.4 10  80   M    M   2 13      M  M
 2  94  72  83   9   0  18 1.34    M    M  6.1 10 210   M    M   1 13      M  M
 3  84  60  72  -3   0   7 0.44    M    M 10.9 16 360   M    M   0         M  M
 4  84  62  73  -2   0   8 0.00    M    M  5.8  9  30   M    M   0         M  M
 5  86  63  75   0   0  10 0.00    M    M  3.0  7  30   M    M   0         M  M
 6  90  67  79   3   0  14    T    M    M  1.6  6  99   M    M   0         M  M
 7  92  68  80   4   0  15 0.00    M    M  4.9 12 190   M    M   0         M  M
 8  93  70  82   6   0  17 0.00    M    M  6.2 10 190   M    M   0        16 210
 9  93  71  82   6   0  17    T    M    M  6.3 13 240   M    M   1 3       M  M
10  94  71  83   6   0  18    T    M    M  9.6 16 200   M    M   0 1      20 240
11  92  71  82   5   0  17 0.00    M    M 10.5 16 200   M    M   1        21 200
12  94  74  84   7   0  19 0.00    M    M 10.7 18 210   M    M   2 3      22 210
13  94  74  84   7   0  19    T  0.0    0  4.7  8 190   M    M   1         M  M
14  95  73  84   6   0  19 0.00  0.0    0  4.4  8 180   M    M   1         M  M
15  96  74  85   7   0  20    T  0.0    0  5.1 10 210   M    M   1 3       M  M
16  95  74  85   7   0  20 0.00  0.0    0  7.3 13 170   M    M   0         M  M
17  94  74  84   6   0  19 0.00  0.0    0  8.2 15 180   M    M   0         M  M
18  94  74  84   5   0  19 0.00  0.0    0  9.8 16 170   M    M   1        20 230
19  92  71  82   3   0  17 0.00  0.0    0 10.2 18 200   M    M   1        23 210
20  87  71  79   0   0  14 0.40  0.0    0  8.4 14 180   M    M   6 13      M  M
21  90  70  80   1   0  15 0.01  0.0    0  9.7 15 280   M    M   5 3       M  M
22  87  70  79   0   0  14    T  0.0    0  9.2 14 300   M    M   2        21 280
23  90  70  80   0   0  15 0.07  0.0    0  8.3 20 200   M    M   2        23 210
================================================================================
SM 2098 1614         0 365  2.50     0.0 166.3          M       27
================================================================================
AV 91.2 70.2                               7.2 FASTST   M    M   1    MAX(MPH)
                                 MISC ---->  # 20 200               # 23  210
================================================================================
NOTES:
# LAST OF SEVERAL OCCURRENCES

COLUMN 17 PEAK WIND IN M.P.H.

PRELIMINARY LOCAL CLIMATOLOGICAL DATA (WS FORM: F-6) , PAGE 2

                                          STATION:  Newport Airport
                                          MONTH:    JUNE
                                          YEAR:     2018
                                          LATITUDE:   35 35 N
                                          LONGITUDE:  91 16 W

[TEMPERATURE DATA]      [PRECIPITATION DATA]       SYMBOLS USED IN COLUMN 16

AVERAGE MONTHLY: 80.7   TOTAL FOR MONTH:   2.50    1 = FOG OR MIST
DPTR FM NORMAL:   3.7   DPTR FM NORMAL:   -0.23    2 = FOG REDUCING VISIBILITY
HIGHEST:    96 ON 15    GRTST 24HR  1.34 ON  2- 2      TO 1/4 MILE OR LESS
LOWEST:     60 ON  3                               3 = THUNDER
                        SNOW, ICE PELLETS, HAIL    4 = ICE PELLETS
                        TOTAL MONTH:   0.0 INCH    5 = HAIL
                        GRTST 24HR     0.0         6 = FREEZING RAIN OR DRIZZLE
                        GRTST DEPTH:   0           7 = DUSTSTORM OR SANDSTORM:
                                                       VSBY 1/2 MILE OR LESS
                                                   8 = SMOKE OR HAZE
[NO. OF DAYS WITH]      [WEATHER - DAYS WITH]      9 = BLOWING SNOW
                                                   X = TORNADO
MAX 32 OR BELOW:   0    0.01 INCH OR MORE:   6
MAX 90 OR ABOVE:  17    0.10 INCH OR MORE:   4
MIN 32 OR BELOW:   0    0.50 INCH OR MORE:   1
MIN  0 OR BELOW:   0    1.00 INCH OR MORE:   1

[HDD (BASE 65) ]
TOTAL THIS MO.     0    CLEAR  (SCALE 0-3)  21
DPTR FM NORMAL     0    PTCLDY (SCALE 4-7)   2
TOTAL FM JUL 1  3535    CLOUDY (SCALE 8-10)  0
DPTR FM NORMAL   -84

[CDD (BASE 65) ]
TOTAL THIS MO.   365
DPTR FM NORMAL    87    [PRESSURE DATA]
TOTAL FM JAN 1   715    HIGHEST SLP M ON M
DPTR FM NORMAL   212    LOWEST  SLP M ON M

[REMARKS]
