271
CXUS54 KLZK 221130
CF6M19
PRELIMINARY LOCAL CLIMATOLOGICAL DATA (WS FORM: F-6)

                                          STATION:   Newport Airport
                                          MONTH:     SEPTEMBER
                                          YEAR:      2018
                                          LATITUDE:   35 35 N
                                          LONGITUDE:  91 16 W

  TEMPERATURE IN F:       :PCPN:    SNOW:  WIND      :SUNSHINE: SKY     :PK WND
================================================================================
1   2   3   4   5  6A  6B    7    8   9   10  11  12  13   14  15   16   17  18
                                     12Z  AVG MX 2MIN
DY MAX MIN AVG DEP HDD CDD  WTR  SNW DPTH SPD SPD DIR MIN PSBL S-S WX    SPD DR
================================================================================

 1  89  70  80   2   0  15 0.03    M    M  6.8 12 150   M    M   2 1      20 150
 2  91  70  81   4   0  16 0.06    M    M  7.9 16 160   M    M   2        18 150
 3  91  70  81   4   0  16 0.01    M    M  7.6 14 160   M    M   2 18      M  M
 4  91  70  81   4   0  16    T    M    M  7.0 12 150   M    M   1 8       M  M
 5  91  69  80   4   0  15 0.26    M    M  6.5 14 100   M    M   3 1      20 100
 6  86  72  79   3   0  14 0.54    M    M 10.7 17 110   M    M   8 1      22 110
 7  83  73  78   2   0  13 0.02    M    M 10.4 18 170   M    M   8 3      22 170
 8  86  68  77   2   0  12 2.28    M    M  8.4 12 190   M    M  10 13      M  M
 9  72  64  68  -7   0   3 0.02    M    M  8.0 10 340   M    M  10 1       M  M
10  77  61  69  -6   0   4 0.00    M    M  6.1 12  40   M    M   4        18  20
11  79  59  69  -5   0   4 0.00    M    M  5.8 14  70   M    M   2 1      17  90
12  77  65  71  -3   0   6 0.04    M    M  4.8  7  40   M    M   3 1       M  M
13  89  64  77   3   0  12 0.00    M    M  4.2  6 120   M    M   2 1       M  M
14  91  66  79   6   0  14 0.00    M    M  5.9 10  30   M    M   1         M  M
15  91  68  80   7   0  15 0.00    M    M  7.1 13  40   M    M   0        16  50
16  92  67  80   8   0  15 0.00    M    M  6.7 13  50   M    M   1 8      18  40
17  93  68  81   9   0  16    T    M    M  2.9  6  99   M    M   1 128     M  M
18  94  68  81   9   0  16 0.00    M    M  4.1  9 230   M    M   1 128     M  M
19  95  69  82  11   0  17 0.00    M    M  4.2  9 230   M    M   1 18     16 230
20  96  67  82  11   0  17 0.00    M    M  6.8 14 190   M    M   0 1      18 180
21  90  70  80  10   0  15 0.08    M    M  7.4 15 360   M    M   3 3      31 300
================================================================================
SM 1844 1418         0 271  3.34    M    139.3          M       65
================================================================================
AV 87.8 67.5                               6.6 FASTST   M    M   3    MAX(MPH)
                                 MISC ---->  # 18 170               # 31  300
================================================================================
NOTES:
# LAST OF SEVERAL OCCURRENCES

COLUMN 17 PEAK WIND IN M.P.H.

PRELIMINARY LOCAL CLIMATOLOGICAL DATA (WS FORM: F-6) , PAGE 2

                                          STATION:  Newport Airport
                                          MONTH:    SEPTEMBER
                                          YEAR:     2018
                                          LATITUDE:   35 35 N
                                          LONGITUDE:  91 16 W

[TEMPERATURE DATA]      [PRECIPITATION DATA]       SYMBOLS USED IN COLUMN 16

AVERAGE MONTHLY: 77.7   TOTAL FOR MONTH:   3.34    1 = FOG OR MIST
DPTR FM NORMAL:   3.5   DPTR FM NORMAL:    1.23    2 = FOG REDUCING VISIBILITY
HIGHEST:    96 ON 20    GRTST 24HR  2.28 ON  8- 8      TO 1/4 MILE OR LESS
LOWEST:     59 ON 11                               3 = THUNDER
                        SNOW, ICE PELLETS, HAIL    4 = ICE PELLETS
                        TOTAL MONTH:    M          5 = HAIL
                        GRTST 24HR    M  ON   M    6 = FREEZING RAIN OR DRIZZLE
                        GRTST DEPTH:  M  ON   M    7 = DUSTSTORM OR SANDSTORM:
                                                       VSBY 1/2 MILE OR LESS
                                                   8 = SMOKE OR HAZE
[NO. OF DAYS WITH]      [WEATHER - DAYS WITH]      9 = BLOWING SNOW
                                                   X = TORNADO
MAX 32 OR BELOW:   0    0.01 INCH OR MORE:  10
MAX 90 OR ABOVE:  12    0.10 INCH OR MORE:   3
MIN 32 OR BELOW:   0    0.50 INCH OR MORE:   2
MIN  0 OR BELOW:   0    1.00 INCH OR MORE:   1

[HDD (BASE 65) ]
TOTAL THIS MO.     0    CLEAR  (SCALE 0-3)  13
DPTR FM NORMAL    -5    PTCLDY (SCALE 4-7)   6
TOTAL FM JUL 1     0    CLOUDY (SCALE 8-10)  2
DPTR FM NORMAL    -5

[CDD (BASE 65) ]
TOTAL THIS MO.   271
DPTR FM NORMAL    71    [PRESSURE DATA]
TOTAL FM JAN 1  2022    HIGHEST SLP M ON M
DPTR FM NORMAL   242    LOWEST  SLP M ON M

[REMARKS]
