481
CXUS54 KMAF 191100
CF6MAF
PRELIMINARY LOCAL CLIMATOLOGICAL DATA (WS FORM: F-6)

                                          STATION:   Midland International Airport
                                          MONTH:     JULY
                                          YEAR:      2018
                                          LATITUDE:   31 57 N
                                          LONGITUDE: 102 11 W

  TEMPERATURE IN F:       :PCPN:    SNOW:  WIND      :SUNSHINE: SKY     :PK WND
================================================================================
1   2   3   4   5  6A  6B    7    8   9   10  11  12  13   14  15   16   17  18
                                     12Z  AVG MX 2MIN
DY MAX MIN AVG DEP HDD CDD  WTR  SNW DPTH SPD SPD DIR MIN PSBL S-S WX    SPD DR
================================================================================

 1 100  72  86   4   0  21 0.00  0.0    0 10.7 26 160   M    M   1 8      32 160
 2  99  74  87   5   0  22 0.00  0.0    0 12.1 22 150   M    M   1        32 130
 3  99  74  87   5   0  22 0.00  0.0    0 10.2 20 160   M    M   1        25 160
 4 101  79  90   8   0  25 0.00  0.0    0 12.5 23 110   M    M   0 8      29  70
 5  88  74  81  -1   0  16 0.00  0.0    0 13.5 23 110   M    M   5        31 110
 6  95  70  83   1   0  18 0.31  0.0    0  7.0 28  20   M    M   2 38     33  20
 7  91  70  81  -1   0  16 0.88  0.0    0  7.6 24 130   M    M   3 13     33 140
 8  90  71  81  -1   0  16    T  0.0    0  7.9 26  80   M    M   1 3      32  90
 9  88  73  81  -1   0  16 0.00  0.0    0  8.5 26 140   M    M   3        30 130
10  91  72  82   0   0  17    T  0.0    0  8.0 21 170   M    M   4        26 180
11  95  72  84   2   0  19 0.00  0.0    0 12.1 22 170   M    M   1        32 150
12  96  73  85   3   0  20 0.00  0.0    0 11.9 20 170   M    M   0        26 160
13  97  76  87   5   0  22 0.00  0.0    0 12.2 22 160   M    M   0        30 180
14  98  74  86   4   0  21 0.00  0.0    0 12.1 20 180   M    M   0        24 160
15  96  77  87   5   0  22    T  0.0    0 11.3 21 140   M    M   3 3      26 140
16  96  74  85   3   0  20 0.14  0.0    0  8.7 20 150   M    M   0 3      31 100
17  99  73  86   4   0  21 0.00  0.0    0  7.3 17 190   M    M   0        21 140
18 103  77  90   8   0  25 0.00  0.0    0  8.7 16 180   M    M   0        19 190
================================================================================
SM 1722 1325         0 359  1.33     0.0 182.3          M       25
================================================================================
AV 95.7 73.6                              10.1 FASTST   M    M   1    MAX(MPH)
                                 MISC ---->  # 28  20               # 33   20
================================================================================
NOTES:
# LAST OF SEVERAL OCCURRENCES

COLUMN 17 PEAK WIND IN M.P.H.

PRELIMINARY LOCAL CLIMATOLOGICAL DATA (WS FORM: F-6) , PAGE 2

                                          STATION:  Midland International Airport
                                          MONTH:    JULY
                                          YEAR:     2018
                                          LATITUDE:   31 57 N
                                          LONGITUDE: 102 11 W

[TEMPERATURE DATA]      [PRECIPITATION DATA]       SYMBOLS USED IN COLUMN 16

AVERAGE MONTHLY: 84.6   TOTAL FOR MONTH:   1.33    1 = FOG OR MIST
DPTR FM NORMAL:   2.6   DPTR FM NORMAL:    0.27    2 = FOG REDUCING VISIBILITY
HIGHEST:   103 ON 18    GRTST 24HR  0.88 ON  7- 7      TO 1/4 MILE OR LESS
LOWEST:     70 ON  7, 6                            3 = THUNDER
                        SNOW, ICE PELLETS, HAIL    4 = ICE PELLETS
                        TOTAL MONTH:   0.0 INCH    5 = HAIL
                        GRTST 24HR     0.0         6 = FREEZING RAIN OR DRIZZLE
                        GRTST DEPTH:   0           7 = DUSTSTORM OR SANDSTORM:
                                                       VSBY 1/2 MILE OR LESS
                                                   8 = SMOKE OR HAZE
[NO. OF DAYS WITH]      [WEATHER - DAYS WITH]      9 = BLOWING SNOW
                                                   X = TORNADO
MAX 32 OR BELOW:   0    0.01 INCH OR MORE:   3
MAX 90 OR ABOVE:  16    0.10 INCH OR MORE:   3
MIN 32 OR BELOW:   0    0.50 INCH OR MORE:   1
MIN  0 OR BELOW:   0    1.00 INCH OR MORE:   0

[HDD (BASE 65) ]
TOTAL THIS MO.     0    CLEAR  (SCALE 0-3)  16
DPTR FM NORMAL     0    PTCLDY (SCALE 4-7)   2
TOTAL FM JUL 1     0    CLOUDY (SCALE 8-10)  0
DPTR FM NORMAL     0

[CDD (BASE 65) ]
TOTAL THIS MO.   359
DPTR FM NORMAL    53    [PRESSURE DATA]
TOTAL FM JAN 1  1697    HIGHEST SLP M ON M
DPTR FM NORMAL   541    LOWEST  SLP 29.72 ON  1

[REMARKS]
