000
CXUS54 KMAF 161100
CF6MAF
PRELIMINARY LOCAL CLIMATOLOGICAL DATA (WS FORM: F-6)

                                          STATION:   Midland International Airport
                                          MONTH:     OCTOBER
                                          YEAR:      2018
                                          LATITUDE:   31 57 N
                                          LONGITUDE: 102 11 W

  TEMPERATURE IN F:       :PCPN:    SNOW:  WIND      :SUNSHINE: SKY     :PK WND
================================================================================
1   2   3   4   5  6A  6B    7    8   9   10  11  12  13   14  15   16   17  18
                                     12Z  AVG MX 2MIN
DY MAX MIN AVG DEP HDD CDD  WTR  SNW DPTH SPD SPD DIR MIN PSBL S-S WX    SPD DR
================================================================================

 1  86  69  78   8   0  13 0.00  0.0    0 12.8 20 170   M    M   5        25 160
 2  89  71  80  11   0  15 0.00  0.0    0 15.2 23 160   M    M   5        28 170
 3  93  72  83  14   0  18 0.00  0.0    0 14.7 22 180   M    M   1 3      26 190
 4  92  72  82  13   0  17 0.00  0.0    0 13.3 23 150   M    M   0        27 150
 5  92  64  78  10   0  13 0.68  0.0    0 14.2 32 260   M    M   2 13     42 260
 6  80  66  73   5   0   8 0.89  0.0    0 11.9 26 230   M    M   4 13     30 220
 7  80  67  74   6   0   9 0.01  0.0    0 19.9 30 150   M    M   5        38 170
 8  78  60  69   1   0   4 0.39  0.0    0 15.4 32 130   M    M   7 13     44 200
 9  76  55  66  -1   0   1 0.42  0.0    0 12.3 26 360   M    M   1 13     34 360
10  73  49  61  -6   4   0 0.00  0.0    0  6.2 13 180   M    M   0        16 170
11  70  57  64  -3   1   0    T  0.0    0 12.0  0   0   M    M   7 1       0   0
12  80  65  73   7   0   8 0.15  0.0    0  9.3 24 180   M    M   7 1      31 180
13  72  57  65  -1   0   0 0.76  0.0    0  8.2 31 320   M    M   6 13     37 310
14  83  40  62  -4   3   0 0.00  0.0    0 13.8 31  20   M    M   3 1      38  20
15  42  37  40 -25  25   0    T    M    0 18.5 28  20   M    M  10        33  20
================================================================================
SM 1186  901        33 106  3.30     0.0 197.7          M       63
================================================================================
AV 79.1 60.1                              13.2 FASTST   M    M   4    MAX(MPH)
                                 MISC ---->  # 32 260               # 44  200
================================================================================
NOTES:
# LAST OF SEVERAL OCCURRENCES

COLUMN 17 PEAK WIND IN M.P.H.

PRELIMINARY LOCAL CLIMATOLOGICAL DATA (WS FORM: F-6) , PAGE 2

                                          STATION:  Midland International Airport
                                          MONTH:    OCTOBER
                                          YEAR:     2018
                                          LATITUDE:   31 57 N
                                          LONGITUDE: 102 11 W

[TEMPERATURE DATA]      [PRECIPITATION DATA]       SYMBOLS USED IN COLUMN 16

AVERAGE MONTHLY: 69.6   TOTAL FOR MONTH:   3.30    1 = FOG OR MIST
DPTR FM NORMAL:   2.0   DPTR FM NORMAL:    2.32    2 = FOG REDUCING VISIBILITY
HIGHEST:    93 ON  3    GRTST 24HR  0.89 ON  6- 6      TO 1/4 MILE OR LESS
LOWEST:     37 ON 15                               3 = THUNDER
                        SNOW, ICE PELLETS, HAIL    4 = ICE PELLETS
                        TOTAL MONTH:   0.0 INCH    5 = HAIL
                        GRTST 24HR     0.0         6 = FREEZING RAIN OR DRIZZLE
                        GRTST DEPTH:   0           7 = DUSTSTORM OR SANDSTORM:
                                                       VSBY 1/2 MILE OR LESS
                                                   8 = SMOKE OR HAZE
[NO. OF DAYS WITH]      [WEATHER - DAYS WITH]      9 = BLOWING SNOW
                                                   X = TORNADO
MAX 32 OR BELOW:   0    0.01 INCH OR MORE:   7
MAX 90 OR ABOVE:   3    0.10 INCH OR MORE:   6
MIN 32 OR BELOW:   0    0.50 INCH OR MORE:   3
MIN  0 OR BELOW:   0    1.00 INCH OR MORE:   0

[HDD (BASE 65) ]
TOTAL THIS MO.    33    CLEAR  (SCALE 0-3)   5
DPTR FM NORMAL     5    PTCLDY (SCALE 4-7)   9
TOTAL FM JUL 1    33    CLOUDY (SCALE 8-10)  1
DPTR FM NORMAL    -6

[CDD (BASE 65) ]
TOTAL THIS MO.   106
DPTR FM NORMAL    40    [PRESSURE DATA]
TOTAL FM JAN 1  3017    HIGHEST SLP M ON M
DPTR FM NORMAL   772    LOWEST  SLP 29.56 ON  8

[REMARKS]
